{"version":"1.0","provider_name":"12 pulgadas","provider_url":"https:\/\/blogs.diariovasco.com\/12-pulgadas","author_name":"Ivan Castillo Otero","author_url":"https:\/\/blogs.diariovasco.com\/12-pulgadas\/author\/ivancastillo\/","title":"Muse y la televisi\u00f3n - 12 pulgadas","type":"rich","width":600,"height":338,"html":"<blockquote class=\"wp-embedded-content\" data-secret=\"KK1q5T44xF\"><a href=\"https:\/\/blogs.diariovasco.com\/12-pulgadas\/2013\/01\/17\/muse-y-la-television\/\">Muse y la televisi\u00f3n<\/a><\/blockquote><iframe sandbox=\"allow-scripts\" security=\"restricted\" src=\"https:\/\/blogs.diariovasco.com\/12-pulgadas\/2013\/01\/17\/muse-y-la-television\/embed\/#?secret=KK1q5T44xF\" width=\"600\" height=\"338\" title=\"&#8220;Muse y la televisi\u00f3n&#8221; &#8212; 12 pulgadas\" data-secret=\"KK1q5T44xF\" frameborder=\"0\" marginwidth=\"0\" marginheight=\"0\" scrolling=\"no\" class=\"wp-embedded-content\"><\/iframe><script>\n\/*! This file is auto-generated *\/\n!function(d,l){\"use strict\";l.querySelector&&d.addEventListener&&\"undefined\"!=typeof URL&&(d.wp=d.wp||{},d.wp.receiveEmbedMessage||(d.wp.receiveEmbedMessage=function(e){var t=e.data;if((t||t.secret||t.message||t.value)&&!\/[^a-zA-Z0-9]\/.test(t.secret)){for(var s,r,n,a=l.querySelectorAll('iframe[data-secret=\"'+t.secret+'\"]'),o=l.querySelectorAll('blockquote[data-secret=\"'+t.secret+'\"]'),c=new RegExp(\"^https?:$\",\"i\"),i=0;i<o.length;i++)o[i].style.display=\"none\";for(i=0;i<a.length;i++)s=a[i],e.source===s.contentWindow&&(s.removeAttribute(\"style\"),\"height\"===t.message?(1e3<(r=parseInt(t.value,10))?r=1e3:~~r<200&&(r=200),s.height=r):\"link\"===t.message&&(r=new URL(s.getAttribute(\"src\")),n=new URL(t.value),c.test(n.protocol))&&n.host===r.host&&l.activeElement===s&&(d.top.location.href=t.value))}},d.addEventListener(\"message\",d.wp.receiveEmbedMessage,!1),l.addEventListener(\"DOMContentLoaded\",function(){for(var e,t,s=l.querySelectorAll(\"iframe.wp-embedded-content\"),r=0;r<s.length;r++)(t=(e=s[r]).getAttribute(\"data-secret\"))||(t=Math.random().toString(36).substring(2,12),e.src+=\"#?secret=\"+t,e.setAttribute(\"data-secret\",t)),e.contentWindow.postMessage({message:\"ready\",secret:t},\"*\")},!1)))}(window,document);\n\/\/# sourceURL=https:\/\/blogs.diariovasco.com\/12-pulgadas\/wp-includes\/js\/wp-embed.min.js\n<\/script>\n","description":"Perm\u00edtanme este art\u00edculo, caer en la frivolidad al hablar de una de las grandes bandas de los \u00faltimos tiempos. Investigando sobre un tema paralelo, llegu\u00e9 al hist\u00f3rico directo de la banda brit\u00e1nica Muse en Radio 3. A\u00fan les quedaban muchos temas por parir, pero ya apuntaban m\u00e1s que maneras. Era el a\u00f1o 2001 y persentaban [&hellip;]"}

Muse y la televisión - 12 pulgadas

<blockquote class="wp-embedded-content" data-secret="KK1q5T44xF"><a href="https://blogs.diariovasco.com/12-pulgadas/2013/01/17/muse-y-la-television/">Muse y la televisión</a></blockquote><iframe sandbox="allow-scripts" security="restricted" src="https://blogs.diariovasco.com/12-pulgadas/2013/01/17/muse-y-la-television/embed/#?secret=KK1q5T44xF" width="600" height="338" title="&#8220;Muse y la televisión&#8221; &#8212; 12 pulgadas" data-secret="KK1q5T44xF" frameborder="0" marginwidth="0" marginheight="0" scrolling="no" class="wp-embedded-content"></iframe><script>
/*! This file is auto-generated */
!function(d,l){"use strict";l.querySelector&&d.addEventListener&&"undefined"!=typeof URL&&(d.wp=d.wp||{},d.wp.receiveEmbedMessage||(d.wp.receiveEmbedMessage=function(e){var t=e.data;if((t||t.secret||t.message||t.value)&&!/[^a-zA-Z0-9]/.test(t.secret)){for(var s,r,n,a=l.querySelectorAll('iframe[data-secret="'+t.secret+'"]'),o=l.querySelectorAll('blockquote[data-secret="'+t.secret+'"]'),c=new RegExp("^https?:$","i"),i=0;i<o.length;i++)o[i].style.display="none";for(i=0;i<a.length;i++)s=a[i],e.source===s.contentWindow&&(s.removeAttribute("style"),"height"===t.message?(1e3<(r=parseInt(t.value,10))?r=1e3:~~r<200&&(r=200),s.height=r):"link"===t.message&&(r=new URL(s.getAttribute("src")),n=new URL(t.value),c.test(n.protocol))&&n.host===r.host&&l.activeElement===s&&(d.top.location.href=t.value))}},d.addEventListener("message",d.wp.receiveEmbedMessage,!1),l.addEventListener("DOMContentLoaded",function(){for(var e,t,s=l.querySelectorAll("iframe.wp-embedded-content"),r=0;r<s.length;r++)(t=(e=s[r]).getAttribute("data-secret"))||(t=Math.random().toString(36).substring(2,12),e.src+="#?secret="+t,e.setAttribute("data-secret",t)),e.contentWindow.postMessage({message:"ready",secret:t},"*")},!1)))}(window,document);
//# sourceURL=https://blogs.diariovasco.com/12-pulgadas/wp-includes/js/wp-embed.min.js
</script>

Permítanme este artículo, caer en la frivolidad al hablar de una de las grandes bandas de los últimos tiempos. Investigando sobre un tema paralelo, llegué al histórico directo de la banda británica Muse en Radio 3. Aún les quedaban muchos temas por parir, pero ya apuntaban más que maneras. Era el año 2001 y persentaban [&hellip;]
