{"version":"1.0","provider_name":"12 pulgadas","provider_url":"https:\/\/blogs.diariovasco.com\/12-pulgadas","author_name":"Ivan Castillo Otero","author_url":"https:\/\/blogs.diariovasco.com\/12-pulgadas\/author\/ivancastillo\/","title":"Hasta siempre, Lou Reed - 12 pulgadas","type":"rich","width":600,"height":338,"html":"<blockquote class=\"wp-embedded-content\" data-secret=\"FVgHQpbF7v\"><a href=\"https:\/\/blogs.diariovasco.com\/12-pulgadas\/2013\/10\/28\/hasta-siempre-lou-reed\/\">Hasta siempre, Lou Reed<\/a><\/blockquote><iframe sandbox=\"allow-scripts\" security=\"restricted\" src=\"https:\/\/blogs.diariovasco.com\/12-pulgadas\/2013\/10\/28\/hasta-siempre-lou-reed\/embed\/#?secret=FVgHQpbF7v\" width=\"600\" height=\"338\" title=\"&#8220;Hasta siempre, Lou Reed&#8221; &#8212; 12 pulgadas\" data-secret=\"FVgHQpbF7v\" frameborder=\"0\" marginwidth=\"0\" marginheight=\"0\" scrolling=\"no\" class=\"wp-embedded-content\"><\/iframe><script>\n\/*! This file is auto-generated *\/\n!function(d,l){\"use strict\";l.querySelector&&d.addEventListener&&\"undefined\"!=typeof URL&&(d.wp=d.wp||{},d.wp.receiveEmbedMessage||(d.wp.receiveEmbedMessage=function(e){var t=e.data;if((t||t.secret||t.message||t.value)&&!\/[^a-zA-Z0-9]\/.test(t.secret)){for(var s,r,n,a=l.querySelectorAll('iframe[data-secret=\"'+t.secret+'\"]'),o=l.querySelectorAll('blockquote[data-secret=\"'+t.secret+'\"]'),c=new RegExp(\"^https?:$\",\"i\"),i=0;i<o.length;i++)o[i].style.display=\"none\";for(i=0;i<a.length;i++)s=a[i],e.source===s.contentWindow&&(s.removeAttribute(\"style\"),\"height\"===t.message?(1e3<(r=parseInt(t.value,10))?r=1e3:~~r<200&&(r=200),s.height=r):\"link\"===t.message&&(r=new URL(s.getAttribute(\"src\")),n=new URL(t.value),c.test(n.protocol))&&n.host===r.host&&l.activeElement===s&&(d.top.location.href=t.value))}},d.addEventListener(\"message\",d.wp.receiveEmbedMessage,!1),l.addEventListener(\"DOMContentLoaded\",function(){for(var e,t,s=l.querySelectorAll(\"iframe.wp-embedded-content\"),r=0;r<s.length;r++)(t=(e=s[r]).getAttribute(\"data-secret\"))||(t=Math.random().toString(36).substring(2,12),e.src+=\"#?secret=\"+t,e.setAttribute(\"data-secret\",t)),e.contentWindow.postMessage({message:\"ready\",secret:t},\"*\")},!1)))}(window,document);\n\/\/# sourceURL=https:\/\/blogs.diariovasco.com\/12-pulgadas\/wp-includes\/js\/wp-embed.min.js\n<\/script>\n","description":"En una charla grupal de hace unos a\u00f1os con C\u00e9sar Coca, adjunto a la direcci\u00f3n de El Correo y profesor de la Universidad del Pa\u00eds Vasco, recuerdo que coment\u00f3 que una de las noticias que menos gracia hac\u00edan en la secci\u00f3n de cultura del diario al que pertenece eran las muertes. La actualidad cultural casi [&hellip;]"}

En una charla grupal de hace unos años con César Coca, adjunto a la dirección de El Correo y profesor de la Universidad del País Vasco, recuerdo que comentó que una de las noticias que menos gracia hacían en la sección de cultura del diario al que pertenece eran las muertes. La actualidad cultural casi [&hellip;]
