{"version":"1.0","provider_name":"12 pulgadas","provider_url":"https:\/\/blogs.diariovasco.com\/12-pulgadas","author_name":"Ivan Castillo Otero","author_url":"https:\/\/blogs.diariovasco.com\/12-pulgadas\/author\/ivancastillo\/","title":"Extremoduro en Rivas, Madrid: la contracr\u00f3nica - 12 pulgadas","type":"rich","width":600,"height":338,"html":"<blockquote class=\"wp-embedded-content\" data-secret=\"GDEmmUhd7V\"><a href=\"https:\/\/blogs.diariovasco.com\/12-pulgadas\/2014\/06\/23\/extremoduro-en-rivas-madrid-la-contracronica\/\">Extremoduro en Rivas, Madrid: la contracr\u00f3nica<\/a><\/blockquote><iframe sandbox=\"allow-scripts\" security=\"restricted\" src=\"https:\/\/blogs.diariovasco.com\/12-pulgadas\/2014\/06\/23\/extremoduro-en-rivas-madrid-la-contracronica\/embed\/#?secret=GDEmmUhd7V\" width=\"600\" height=\"338\" title=\"&#8220;Extremoduro en Rivas, Madrid: la contracr\u00f3nica&#8221; &#8212; 12 pulgadas\" data-secret=\"GDEmmUhd7V\" frameborder=\"0\" marginwidth=\"0\" marginheight=\"0\" scrolling=\"no\" class=\"wp-embedded-content\"><\/iframe><script>\n\/*! This file is auto-generated *\/\n!function(d,l){\"use strict\";l.querySelector&&d.addEventListener&&\"undefined\"!=typeof URL&&(d.wp=d.wp||{},d.wp.receiveEmbedMessage||(d.wp.receiveEmbedMessage=function(e){var t=e.data;if((t||t.secret||t.message||t.value)&&!\/[^a-zA-Z0-9]\/.test(t.secret)){for(var s,r,n,a=l.querySelectorAll('iframe[data-secret=\"'+t.secret+'\"]'),o=l.querySelectorAll('blockquote[data-secret=\"'+t.secret+'\"]'),c=new RegExp(\"^https?:$\",\"i\"),i=0;i<o.length;i++)o[i].style.display=\"none\";for(i=0;i<a.length;i++)s=a[i],e.source===s.contentWindow&&(s.removeAttribute(\"style\"),\"height\"===t.message?(1e3<(r=parseInt(t.value,10))?r=1e3:~~r<200&&(r=200),s.height=r):\"link\"===t.message&&(r=new URL(s.getAttribute(\"src\")),n=new URL(t.value),c.test(n.protocol))&&n.host===r.host&&l.activeElement===s&&(d.top.location.href=t.value))}},d.addEventListener(\"message\",d.wp.receiveEmbedMessage,!1),l.addEventListener(\"DOMContentLoaded\",function(){for(var e,t,s=l.querySelectorAll(\"iframe.wp-embedded-content\"),r=0;r<s.length;r++)(t=(e=s[r]).getAttribute(\"data-secret\"))||(t=Math.random().toString(36).substring(2,12),e.src+=\"#?secret=\"+t,e.setAttribute(\"data-secret\",t)),e.contentWindow.postMessage({message:\"ready\",secret:t},\"*\")},!1)))}(window,document);\n\/\/# sourceURL=https:\/\/blogs.diariovasco.com\/12-pulgadas\/wp-includes\/js\/wp-embed.min.js\n<\/script>\n","description":"Si est\u00e1n buscando una cr\u00f3nica objetiva de lo que sucedi\u00f3 el pasado 21 de junio en el concierto que Extremoduro ofreci\u00f3 en Rivas Vaciamadrid, este no es el lugar al que deben acudir. Esta es la contracr\u00f3nica, el relato algo fr\u00edvolo del ambiente y dem\u00e1s. En la web de la revista 12 pulgadas tienen un [&hellip;]"}

Extremoduro en Rivas, Madrid: la contracrónica - 12 pulgadas

<blockquote class="wp-embedded-content" data-secret="GDEmmUhd7V"><a href="https://blogs.diariovasco.com/12-pulgadas/2014/06/23/extremoduro-en-rivas-madrid-la-contracronica/">Extremoduro en Rivas, Madrid: la contracrónica</a></blockquote><iframe sandbox="allow-scripts" security="restricted" src="https://blogs.diariovasco.com/12-pulgadas/2014/06/23/extremoduro-en-rivas-madrid-la-contracronica/embed/#?secret=GDEmmUhd7V" width="600" height="338" title="&#8220;Extremoduro en Rivas, Madrid: la contracrónica&#8221; &#8212; 12 pulgadas" data-secret="GDEmmUhd7V" frameborder="0" marginwidth="0" marginheight="0" scrolling="no" class="wp-embedded-content"></iframe><script>
/*! This file is auto-generated */
!function(d,l){"use strict";l.querySelector&&d.addEventListener&&"undefined"!=typeof URL&&(d.wp=d.wp||{},d.wp.receiveEmbedMessage||(d.wp.receiveEmbedMessage=function(e){var t=e.data;if((t||t.secret||t.message||t.value)&&!/[^a-zA-Z0-9]/.test(t.secret)){for(var s,r,n,a=l.querySelectorAll('iframe[data-secret="'+t.secret+'"]'),o=l.querySelectorAll('blockquote[data-secret="'+t.secret+'"]'),c=new RegExp("^https?:$","i"),i=0;i<o.length;i++)o[i].style.display="none";for(i=0;i<a.length;i++)s=a[i],e.source===s.contentWindow&&(s.removeAttribute("style"),"height"===t.message?(1e3<(r=parseInt(t.value,10))?r=1e3:~~r<200&&(r=200),s.height=r):"link"===t.message&&(r=new URL(s.getAttribute("src")),n=new URL(t.value),c.test(n.protocol))&&n.host===r.host&&l.activeElement===s&&(d.top.location.href=t.value))}},d.addEventListener("message",d.wp.receiveEmbedMessage,!1),l.addEventListener("DOMContentLoaded",function(){for(var e,t,s=l.querySelectorAll("iframe.wp-embedded-content"),r=0;r<s.length;r++)(t=(e=s[r]).getAttribute("data-secret"))||(t=Math.random().toString(36).substring(2,12),e.src+="#?secret="+t,e.setAttribute("data-secret",t)),e.contentWindow.postMessage({message:"ready",secret:t},"*")},!1)))}(window,document);
//# sourceURL=https://blogs.diariovasco.com/12-pulgadas/wp-includes/js/wp-embed.min.js
</script>

Si están buscando una crónica objetiva de lo que sucedió el pasado 21 de junio en el concierto que Extremoduro ofreció en Rivas Vaciamadrid, este no es el lugar al que deben acudir. Esta es la contracrónica, el relato algo frívolo del ambiente y demás. En la web de la revista 12 pulgadas tienen un [&hellip;]
