{"version":"1.0","provider_name":"12 pulgadas","provider_url":"https:\/\/blogs.diariovasco.com\/12-pulgadas","author_name":"Ivan Castillo Otero","author_url":"https:\/\/blogs.diariovasco.com\/12-pulgadas\/author\/ivancastillo\/","title":"Frenetik a escena - 12 pulgadas","type":"rich","width":600,"height":338,"html":"<blockquote class=\"wp-embedded-content\" data-secret=\"POPkgt5zsH\"><a href=\"https:\/\/blogs.diariovasco.com\/12-pulgadas\/2015\/01\/13\/frenetik-a-escena\/\">Frenetik a escena<\/a><\/blockquote><iframe sandbox=\"allow-scripts\" security=\"restricted\" src=\"https:\/\/blogs.diariovasco.com\/12-pulgadas\/2015\/01\/13\/frenetik-a-escena\/embed\/#?secret=POPkgt5zsH\" width=\"600\" height=\"338\" title=\"&#8220;Frenetik a escena&#8221; &#8212; 12 pulgadas\" data-secret=\"POPkgt5zsH\" frameborder=\"0\" marginwidth=\"0\" marginheight=\"0\" scrolling=\"no\" class=\"wp-embedded-content\"><\/iframe><script>\n\/*! This file is auto-generated *\/\n!function(d,l){\"use strict\";l.querySelector&&d.addEventListener&&\"undefined\"!=typeof URL&&(d.wp=d.wp||{},d.wp.receiveEmbedMessage||(d.wp.receiveEmbedMessage=function(e){var t=e.data;if((t||t.secret||t.message||t.value)&&!\/[^a-zA-Z0-9]\/.test(t.secret)){for(var s,r,n,a=l.querySelectorAll('iframe[data-secret=\"'+t.secret+'\"]'),o=l.querySelectorAll('blockquote[data-secret=\"'+t.secret+'\"]'),c=new RegExp(\"^https?:$\",\"i\"),i=0;i<o.length;i++)o[i].style.display=\"none\";for(i=0;i<a.length;i++)s=a[i],e.source===s.contentWindow&&(s.removeAttribute(\"style\"),\"height\"===t.message?(1e3<(r=parseInt(t.value,10))?r=1e3:~~r<200&&(r=200),s.height=r):\"link\"===t.message&&(r=new URL(s.getAttribute(\"src\")),n=new URL(t.value),c.test(n.protocol))&&n.host===r.host&&l.activeElement===s&&(d.top.location.href=t.value))}},d.addEventListener(\"message\",d.wp.receiveEmbedMessage,!1),l.addEventListener(\"DOMContentLoaded\",function(){for(var e,t,s=l.querySelectorAll(\"iframe.wp-embedded-content\"),r=0;r<s.length;r++)(t=(e=s[r]).getAttribute(\"data-secret\"))||(t=Math.random().toString(36).substring(2,12),e.src+=\"#?secret=\"+t,e.setAttribute(\"data-secret\",t)),e.contentWindow.postMessage({message:\"ready\",secret:t},\"*\")},!1)))}(window,document);\n\/\/# sourceURL=https:\/\/blogs.diariovasco.com\/12-pulgadas\/wp-includes\/js\/wp-embed.min.js\n<\/script>\n","description":"Fonta, exbajista de Kaotiko y Kaos Etiliko, se lo ha montado por su cuenta. Los que hemos seguido la escena punk nacional, lo recordamos tambi\u00e9n de algunos conciertos de La Polla Records en los que hac\u00eda los coros a la banda de Evaristo. Su nuevo grupo se llama Frenetik y se ha rodeado de m\u00fasicos [&hellip;]"}

Fonta, exbajista de Kaotiko y Kaos Etiliko, se lo ha montado por su cuenta. Los que hemos seguido la escena punk nacional, lo recordamos también de algunos conciertos de La Polla Records en los que hacía los coros a la banda de Evaristo. Su nuevo grupo se llama Frenetik y se ha rodeado de músicos [&hellip;]
