{"version":"1.0","provider_name":"12 pulgadas","provider_url":"https:\/\/blogs.diariovasco.com\/12-pulgadas","author_name":"Ivan Castillo Otero","author_url":"https:\/\/blogs.diariovasco.com\/12-pulgadas\/author\/ivancastillo\/","title":"Agosto - 12 pulgadas","type":"rich","width":600,"height":338,"html":"<blockquote class=\"wp-embedded-content\" data-secret=\"ATT3aHk4jN\"><a href=\"https:\/\/blogs.diariovasco.com\/12-pulgadas\/2017\/08\/07\/agosto\/\">Agosto<\/a><\/blockquote><iframe sandbox=\"allow-scripts\" security=\"restricted\" src=\"https:\/\/blogs.diariovasco.com\/12-pulgadas\/2017\/08\/07\/agosto\/embed\/#?secret=ATT3aHk4jN\" width=\"600\" height=\"338\" title=\"&#8220;Agosto&#8221; &#8212; 12 pulgadas\" data-secret=\"ATT3aHk4jN\" frameborder=\"0\" marginwidth=\"0\" marginheight=\"0\" scrolling=\"no\" class=\"wp-embedded-content\"><\/iframe><script>\n\/*! This file is auto-generated *\/\n!function(d,l){\"use strict\";l.querySelector&&d.addEventListener&&\"undefined\"!=typeof URL&&(d.wp=d.wp||{},d.wp.receiveEmbedMessage||(d.wp.receiveEmbedMessage=function(e){var t=e.data;if((t||t.secret||t.message||t.value)&&!\/[^a-zA-Z0-9]\/.test(t.secret)){for(var s,r,n,a=l.querySelectorAll('iframe[data-secret=\"'+t.secret+'\"]'),o=l.querySelectorAll('blockquote[data-secret=\"'+t.secret+'\"]'),c=new RegExp(\"^https?:$\",\"i\"),i=0;i<o.length;i++)o[i].style.display=\"none\";for(i=0;i<a.length;i++)s=a[i],e.source===s.contentWindow&&(s.removeAttribute(\"style\"),\"height\"===t.message?(1e3<(r=parseInt(t.value,10))?r=1e3:~~r<200&&(r=200),s.height=r):\"link\"===t.message&&(r=new URL(s.getAttribute(\"src\")),n=new URL(t.value),c.test(n.protocol))&&n.host===r.host&&l.activeElement===s&&(d.top.location.href=t.value))}},d.addEventListener(\"message\",d.wp.receiveEmbedMessage,!1),l.addEventListener(\"DOMContentLoaded\",function(){for(var e,t,s=l.querySelectorAll(\"iframe.wp-embedded-content\"),r=0;r<s.length;r++)(t=(e=s[r]).getAttribute(\"data-secret\"))||(t=Math.random().toString(36).substring(2,12),e.src+=\"#?secret=\"+t,e.setAttribute(\"data-secret\",t)),e.contentWindow.postMessage({message:\"ready\",secret:t},\"*\")},!1)))}(window,document);\n\/\/# sourceURL=https:\/\/blogs.diariovasco.com\/12-pulgadas\/wp-includes\/js\/wp-embed.min.js\n<\/script>\n","description":"Verano no es un mal momento para escuchar m\u00fasica. En realidad, no creo que exista ninguna \u00e9poca del a\u00f1o mala para hacerlo.\u00a0En julio, tuve la suerte de poder pinchar para unos pocos amigos en nuestra guarida unas listas de reproducci\u00f3n que prepar\u00e9 previamente. Las composiciones que seleccion\u00e9 iban de menos a m\u00e1s. Situ\u00e9 los temas [&hellip;]"}

Verano no es un mal momento para escuchar música. En realidad, no creo que exista ninguna época del año mala para hacerlo. En julio, tuve la suerte de poder pinchar para unos pocos amigos en nuestra guarida unas listas de reproducción que preparé previamente. Las composiciones que seleccioné iban de menos a más. Situé los temas [&hellip;]
