{"version":"1.0","provider_name":"12 pulgadas","provider_url":"https:\/\/blogs.diariovasco.com\/12-pulgadas","author_name":"Ivan Castillo Otero","author_url":"https:\/\/blogs.diariovasco.com\/12-pulgadas\/author\/ivancastillo\/","title":"El himno y las letras - 12 pulgadas","type":"rich","width":600,"height":338,"html":"<blockquote class=\"wp-embedded-content\" data-secret=\"hqOeeohJMX\"><a href=\"https:\/\/blogs.diariovasco.com\/12-pulgadas\/2018\/11\/02\/el-himno-y-las-letras\/\">El himno y las letras<\/a><\/blockquote><iframe sandbox=\"allow-scripts\" security=\"restricted\" src=\"https:\/\/blogs.diariovasco.com\/12-pulgadas\/2018\/11\/02\/el-himno-y-las-letras\/embed\/#?secret=hqOeeohJMX\" width=\"600\" height=\"338\" title=\"&#8220;El himno y las letras&#8221; &#8212; 12 pulgadas\" data-secret=\"hqOeeohJMX\" frameborder=\"0\" marginwidth=\"0\" marginheight=\"0\" scrolling=\"no\" class=\"wp-embedded-content\"><\/iframe><script>\n\/*! This file is auto-generated *\/\n!function(d,l){\"use strict\";l.querySelector&&d.addEventListener&&\"undefined\"!=typeof URL&&(d.wp=d.wp||{},d.wp.receiveEmbedMessage||(d.wp.receiveEmbedMessage=function(e){var t=e.data;if((t||t.secret||t.message||t.value)&&!\/[^a-zA-Z0-9]\/.test(t.secret)){for(var s,r,n,a=l.querySelectorAll('iframe[data-secret=\"'+t.secret+'\"]'),o=l.querySelectorAll('blockquote[data-secret=\"'+t.secret+'\"]'),c=new RegExp(\"^https?:$\",\"i\"),i=0;i<o.length;i++)o[i].style.display=\"none\";for(i=0;i<a.length;i++)s=a[i],e.source===s.contentWindow&&(s.removeAttribute(\"style\"),\"height\"===t.message?(1e3<(r=parseInt(t.value,10))?r=1e3:~~r<200&&(r=200),s.height=r):\"link\"===t.message&&(r=new URL(s.getAttribute(\"src\")),n=new URL(t.value),c.test(n.protocol))&&n.host===r.host&&l.activeElement===s&&(d.top.location.href=t.value))}},d.addEventListener(\"message\",d.wp.receiveEmbedMessage,!1),l.addEventListener(\"DOMContentLoaded\",function(){for(var e,t,s=l.querySelectorAll(\"iframe.wp-embedded-content\"),r=0;r<s.length;r++)(t=(e=s[r]).getAttribute(\"data-secret\"))||(t=Math.random().toString(36).substring(2,12),e.src+=\"#?secret=\"+t,e.setAttribute(\"data-secret\",t)),e.contentWindow.postMessage({message:\"ready\",secret:t},\"*\")},!1)))}(window,document);\n\/\/# sourceURL=https:\/\/blogs.diariovasco.com\/12-pulgadas\/wp-includes\/js\/wp-embed.min.js\n<\/script>\n","description":"Ha pasado algo m\u00e1s de una semana desde que estall\u00f3 la pol\u00e9mica por el famoso \u00abmariconez\u00bb. Esta palabra es parte de\u00a0la canci\u00f3n \u00abQu\u00e9date en Madrid\u00bb de Mecano. Los muchachos de Operaci\u00f3n Triunfo la vieron algo desfasada y, en un principio, no la quer\u00edan cantar. Pidieron cambiarla y, tras una gesti\u00f3n regulera por parte de la [&hellip;]"}

Ha pasado algo más de una semana desde que estalló la polémica por el famoso «mariconez». Esta palabra es parte de la canción «Quédate en Madrid» de Mecano. Los muchachos de Operación Triunfo la vieron algo desfasada y, en un principio, no la querían cantar. Pidieron cambiarla y, tras una gestión regulera por parte de la [&hellip;]
