{"version":"1.0","provider_name":"12 pulgadas","provider_url":"https:\/\/blogs.diariovasco.com\/12-pulgadas","author_name":"Ivan Castillo Otero","author_url":"https:\/\/blogs.diariovasco.com\/12-pulgadas\/author\/ivancastillo\/","title":"De ninguna parte - 12 pulgadas","type":"rich","width":600,"height":338,"html":"<blockquote class=\"wp-embedded-content\" data-secret=\"RMPGt8qSeH\"><a href=\"https:\/\/blogs.diariovasco.com\/12-pulgadas\/2020\/12\/26\/de-ninguna-parte\/\">De ninguna parte<\/a><\/blockquote><iframe sandbox=\"allow-scripts\" security=\"restricted\" src=\"https:\/\/blogs.diariovasco.com\/12-pulgadas\/2020\/12\/26\/de-ninguna-parte\/embed\/#?secret=RMPGt8qSeH\" width=\"600\" height=\"338\" title=\"&#8220;De ninguna parte&#8221; &#8212; 12 pulgadas\" data-secret=\"RMPGt8qSeH\" frameborder=\"0\" marginwidth=\"0\" marginheight=\"0\" scrolling=\"no\" class=\"wp-embedded-content\"><\/iframe><script>\n\/*! This file is auto-generated *\/\n!function(d,l){\"use strict\";l.querySelector&&d.addEventListener&&\"undefined\"!=typeof URL&&(d.wp=d.wp||{},d.wp.receiveEmbedMessage||(d.wp.receiveEmbedMessage=function(e){var t=e.data;if((t||t.secret||t.message||t.value)&&!\/[^a-zA-Z0-9]\/.test(t.secret)){for(var s,r,n,a=l.querySelectorAll('iframe[data-secret=\"'+t.secret+'\"]'),o=l.querySelectorAll('blockquote[data-secret=\"'+t.secret+'\"]'),c=new RegExp(\"^https?:$\",\"i\"),i=0;i<o.length;i++)o[i].style.display=\"none\";for(i=0;i<a.length;i++)s=a[i],e.source===s.contentWindow&&(s.removeAttribute(\"style\"),\"height\"===t.message?(1e3<(r=parseInt(t.value,10))?r=1e3:~~r<200&&(r=200),s.height=r):\"link\"===t.message&&(r=new URL(s.getAttribute(\"src\")),n=new URL(t.value),c.test(n.protocol))&&n.host===r.host&&l.activeElement===s&&(d.top.location.href=t.value))}},d.addEventListener(\"message\",d.wp.receiveEmbedMessage,!1),l.addEventListener(\"DOMContentLoaded\",function(){for(var e,t,s=l.querySelectorAll(\"iframe.wp-embedded-content\"),r=0;r<s.length;r++)(t=(e=s[r]).getAttribute(\"data-secret\"))||(t=Math.random().toString(36).substring(2,12),e.src+=\"#?secret=\"+t,e.setAttribute(\"data-secret\",t)),e.contentWindow.postMessage({message:\"ready\",secret:t},\"*\")},!1)))}(window,document);\n\/\/# sourceURL=https:\/\/blogs.diariovasco.com\/12-pulgadas\/wp-includes\/js\/wp-embed.min.js\n<\/script>\n","description":"Paseando al perro por mi barrio, Egia, he ido contando los negocios que han cerrado en mi calle. Ya no est\u00e1n, entre otros, la carnicer\u00eda, dos bares, dos mercer\u00edas, dos librer\u00edas que tambi\u00e9n vend\u00edan prensa y el ultramarinos. Una cadena de panader\u00edas se instal\u00f3 en el local donde estaba el obrador en el que compr\u00e1bamos [&hellip;]"}

Paseando al perro por mi barrio, Egia, he ido contando los negocios que han cerrado en mi calle. Ya no están, entre otros, la carnicería, dos bares, dos mercerías, dos librerías que también vendían prensa y el ultramarinos. Una cadena de panaderías se instaló en el local donde estaba el obrador en el que comprábamos [&hellip;]
