{"version":"1.0","provider_name":"12 pulgadas","provider_url":"https:\/\/blogs.diariovasco.com\/12-pulgadas","author_name":"Ivan Castillo Otero","author_url":"https:\/\/blogs.diariovasco.com\/12-pulgadas\/author\/ivancastillo\/","title":"Berri Sabbath - 12 pulgadas","type":"rich","width":600,"height":338,"html":"<blockquote class=\"wp-embedded-content\" data-secret=\"JvldsU97EU\"><a href=\"https:\/\/blogs.diariovasco.com\/12-pulgadas\/2024\/05\/31\/berri-sabbath\/\">Berri Sabbath<\/a><\/blockquote><iframe sandbox=\"allow-scripts\" security=\"restricted\" src=\"https:\/\/blogs.diariovasco.com\/12-pulgadas\/2024\/05\/31\/berri-sabbath\/embed\/#?secret=JvldsU97EU\" width=\"600\" height=\"338\" title=\"&#8220;Berri Sabbath&#8221; &#8212; 12 pulgadas\" data-secret=\"JvldsU97EU\" frameborder=\"0\" marginwidth=\"0\" marginheight=\"0\" scrolling=\"no\" class=\"wp-embedded-content\"><\/iframe><script>\n\/*! This file is auto-generated *\/\n!function(d,l){\"use strict\";l.querySelector&&d.addEventListener&&\"undefined\"!=typeof URL&&(d.wp=d.wp||{},d.wp.receiveEmbedMessage||(d.wp.receiveEmbedMessage=function(e){var t=e.data;if((t||t.secret||t.message||t.value)&&!\/[^a-zA-Z0-9]\/.test(t.secret)){for(var s,r,n,a=l.querySelectorAll('iframe[data-secret=\"'+t.secret+'\"]'),o=l.querySelectorAll('blockquote[data-secret=\"'+t.secret+'\"]'),c=new RegExp(\"^https?:$\",\"i\"),i=0;i<o.length;i++)o[i].style.display=\"none\";for(i=0;i<a.length;i++)s=a[i],e.source===s.contentWindow&&(s.removeAttribute(\"style\"),\"height\"===t.message?(1e3<(r=parseInt(t.value,10))?r=1e3:~~r<200&&(r=200),s.height=r):\"link\"===t.message&&(r=new URL(s.getAttribute(\"src\")),n=new URL(t.value),c.test(n.protocol))&&n.host===r.host&&l.activeElement===s&&(d.top.location.href=t.value))}},d.addEventListener(\"message\",d.wp.receiveEmbedMessage,!1),l.addEventListener(\"DOMContentLoaded\",function(){for(var e,t,s=l.querySelectorAll(\"iframe.wp-embedded-content\"),r=0;r<s.length;r++)(t=(e=s[r]).getAttribute(\"data-secret\"))||(t=Math.random().toString(36).substring(2,12),e.src+=\"#?secret=\"+t,e.setAttribute(\"data-secret\",t)),e.contentWindow.postMessage({message:\"ready\",secret:t},\"*\")},!1)))}(window,document);\n\/\/# sourceURL=https:\/\/blogs.diariovasco.com\/12-pulgadas\/wp-includes\/js\/wp-embed.min.js\n<\/script>\n","description":"A finales de 2019, Berri Txarrak actuaban por \u00faltima vez en directo. Un a\u00f1o atr\u00e1s hab\u00edan anunciado un par\u00f3n indefinido que, a d\u00eda de hoy, se mantiene vigente. Nadie sab\u00eda que todos entrar\u00edamos en una fase de par\u00f3n indefinido por motivos pand\u00e9micos de fuerza mayor unos meses despu\u00e9s. Aquel tour de despedida se salv\u00f3 por [&hellip;]","thumbnail_url":"https:\/\/scontent.fmad6-1.fna.fbcdn.net\/v\/t31.18172-8\/21741208_10155787937017698_6157437034024627299_o.jpg?_nc_cat=108&amp;ccb=1-7&amp;_nc_sid=5f2048&amp;_nc_ohc=ODbmzgjqbAEQ7kNvgGTvIjj&amp;_nc_ht=scontent.fmad6-1.fna&amp;oh=00_AYA_EXBoLSKbsmgLyf8If-meDTK1CeO4q3HpNM6wS2vU9g&amp;oe=668A8FEA"}

A finales de 2019, Berri Txarrak actuaban por última vez en directo. Un año atrás habían anunciado un parón indefinido que, a día de hoy, se mantiene vigente. Nadie sabía que todos entraríamos en una fase de parón indefinido por motivos pandémicos de fuerza mayor unos meses después. Aquel tour de despedida se salvó por [&hellip;]
