{"version":"1.0","provider_name":"12 pulgadas","provider_url":"https:\/\/blogs.diariovasco.com\/12-pulgadas","author_name":"Ivan Castillo Otero","author_url":"https:\/\/blogs.diariovasco.com\/12-pulgadas\/author\/ivancastillo\/","title":"Volver a Monterrey 1967 - 12 pulgadas","type":"rich","width":600,"height":338,"html":"<blockquote class=\"wp-embedded-content\" data-secret=\"nLlsOkzjwu\"><a href=\"https:\/\/blogs.diariovasco.com\/12-pulgadas\/2024\/09\/30\/volver-a-monterrey-1967\/\">Volver a Monterrey 1967<\/a><\/blockquote><iframe sandbox=\"allow-scripts\" security=\"restricted\" src=\"https:\/\/blogs.diariovasco.com\/12-pulgadas\/2024\/09\/30\/volver-a-monterrey-1967\/embed\/#?secret=nLlsOkzjwu\" width=\"600\" height=\"338\" title=\"&#8220;Volver a Monterrey 1967&#8221; &#8212; 12 pulgadas\" data-secret=\"nLlsOkzjwu\" frameborder=\"0\" marginwidth=\"0\" marginheight=\"0\" scrolling=\"no\" class=\"wp-embedded-content\"><\/iframe><script>\n\/*! This file is auto-generated *\/\n!function(d,l){\"use strict\";l.querySelector&&d.addEventListener&&\"undefined\"!=typeof URL&&(d.wp=d.wp||{},d.wp.receiveEmbedMessage||(d.wp.receiveEmbedMessage=function(e){var t=e.data;if((t||t.secret||t.message||t.value)&&!\/[^a-zA-Z0-9]\/.test(t.secret)){for(var s,r,n,a=l.querySelectorAll('iframe[data-secret=\"'+t.secret+'\"]'),o=l.querySelectorAll('blockquote[data-secret=\"'+t.secret+'\"]'),c=new RegExp(\"^https?:$\",\"i\"),i=0;i<o.length;i++)o[i].style.display=\"none\";for(i=0;i<a.length;i++)s=a[i],e.source===s.contentWindow&&(s.removeAttribute(\"style\"),\"height\"===t.message?(1e3<(r=parseInt(t.value,10))?r=1e3:~~r<200&&(r=200),s.height=r):\"link\"===t.message&&(r=new URL(s.getAttribute(\"src\")),n=new URL(t.value),c.test(n.protocol))&&n.host===r.host&&l.activeElement===s&&(d.top.location.href=t.value))}},d.addEventListener(\"message\",d.wp.receiveEmbedMessage,!1),l.addEventListener(\"DOMContentLoaded\",function(){for(var e,t,s=l.querySelectorAll(\"iframe.wp-embedded-content\"),r=0;r<s.length;r++)(t=(e=s[r]).getAttribute(\"data-secret\"))||(t=Math.random().toString(36).substring(2,12),e.src+=\"#?secret=\"+t,e.setAttribute(\"data-secret\",t)),e.contentWindow.postMessage({message:\"ready\",secret:t},\"*\")},!1)))}(window,document);\n\/\/# sourceURL=https:\/\/blogs.diariovasco.com\/12-pulgadas\/wp-includes\/js\/wp-embed.min.js\n<\/script>\n","description":"A\u00fan no estaba ni cerca de alcanzar la mayor\u00eda de edad cuando reproduje por primera vez el v\u00eddeo de The Who tocando My Generation en el Festival de Pop de Monterrey, que se celebr\u00f3 los d\u00edas 16, 17 y 18 de junio de 1967 en esta localidad californiana. Me impresion\u00f3 sobremanera Keith Moon porque tocaba [&hellip;]","thumbnail_url":"https:\/\/encrypted-tbn0.gstatic.com\/images?q=tbn:ANd9GcQai5sw5_Xf2DQuMinkFvre7umYa_NW3JAMig&amp;s"}

Aún no estaba ni cerca de alcanzar la mayoría de edad cuando reproduje por primera vez el vídeo de The Who tocando My Generation en el Festival de Pop de Monterrey, que se celebró los días 16, 17 y 18 de junio de 1967 en esta localidad californiana. Me impresionó sobremanera Keith Moon porque tocaba [&hellip;]
