{"version":"1.0","provider_name":"Al aire libre","provider_url":"https:\/\/blogs.diariovasco.com\/airelibre","author_name":"Juan Carlos Hern\u00e1ndez","author_url":"https:\/\/blogs.diariovasco.com\/airelibre\/author\/alairelibre\/","title":"ARIES MERRITT Y EL FIN DEL MUNDO - Al aire libre","type":"rich","width":600,"height":338,"html":"<blockquote class=\"wp-embedded-content\" data-secret=\"4Toy8PdBBD\"><a href=\"https:\/\/blogs.diariovasco.com\/airelibre\/2012\/09\/20\/aries-merritt-record-evolution\/\">ARIES MERRITT Y EL FIN DEL MUNDO<\/a><\/blockquote><iframe sandbox=\"allow-scripts\" security=\"restricted\" src=\"https:\/\/blogs.diariovasco.com\/airelibre\/2012\/09\/20\/aries-merritt-record-evolution\/embed\/#?secret=4Toy8PdBBD\" width=\"600\" height=\"338\" title=\"&#8220;ARIES MERRITT Y EL FIN DEL MUNDO&#8221; &#8212; Al aire libre\" data-secret=\"4Toy8PdBBD\" frameborder=\"0\" marginwidth=\"0\" marginheight=\"0\" scrolling=\"no\" class=\"wp-embedded-content\"><\/iframe><script>\n\/*! This file is auto-generated *\/\n!function(d,l){\"use strict\";l.querySelector&&d.addEventListener&&\"undefined\"!=typeof URL&&(d.wp=d.wp||{},d.wp.receiveEmbedMessage||(d.wp.receiveEmbedMessage=function(e){var t=e.data;if((t||t.secret||t.message||t.value)&&!\/[^a-zA-Z0-9]\/.test(t.secret)){for(var s,r,n,a=l.querySelectorAll('iframe[data-secret=\"'+t.secret+'\"]'),o=l.querySelectorAll('blockquote[data-secret=\"'+t.secret+'\"]'),c=new RegExp(\"^https?:$\",\"i\"),i=0;i<o.length;i++)o[i].style.display=\"none\";for(i=0;i<a.length;i++)s=a[i],e.source===s.contentWindow&&(s.removeAttribute(\"style\"),\"height\"===t.message?(1e3<(r=parseInt(t.value,10))?r=1e3:~~r<200&&(r=200),s.height=r):\"link\"===t.message&&(r=new URL(s.getAttribute(\"src\")),n=new URL(t.value),c.test(n.protocol))&&n.host===r.host&&l.activeElement===s&&(d.top.location.href=t.value))}},d.addEventListener(\"message\",d.wp.receiveEmbedMessage,!1),l.addEventListener(\"DOMContentLoaded\",function(){for(var e,t,s=l.querySelectorAll(\"iframe.wp-embedded-content\"),r=0;r<s.length;r++)(t=(e=s[r]).getAttribute(\"data-secret\"))||(t=Math.random().toString(36).substring(2,12),e.src+=\"#?secret=\"+t,e.setAttribute(\"data-secret\",t)),e.contentWindow.postMessage({message:\"ready\",secret:t},\"*\")},!1)))}(window,document);\n\/\/# sourceURL=https:\/\/blogs.diariovasco.com\/airelibre\/wp-includes\/js\/wp-embed.min.js\n<\/script>\n","description":"&nbsp; &nbsp; En los comentarios del \u00faltimo post dec\u00eda un participante que se acabar\u00e1 el mundo antes de que alguien mejore el nuevo r\u00e9cord mundial de los 110 metros vallas, los extraordinarios 12\u201d80 que ARIES MERRITT logr\u00f3 en Lausana el pasado 7 de septiembre. &nbsp; Una mejora de siete cent\u00e9simas respecto al r\u00e9cord anterior de [&hellip;]","thumbnail_url":"http:\/\/i3.photobucket.com\/albums\/y99\/Piropillos\/110mv_EvolucionRM_zps91ab91d9.jpg"}

Juan Carlos Hernández

&nbsp; &nbsp; En los comentarios del último post decía un participante que se acabará el mundo antes de que alguien mejore el nuevo récord mundial de los 110 metros vallas, los extraordinarios 12”80 que ARIES MERRITT logró en Lausana el pasado 7 de septiembre. &nbsp; Una mejora de siete centésimas respecto al récord anterior de [&hellip;]
