{"version":"1.0","provider_name":"Al aire libre","provider_url":"https:\/\/blogs.diariovasco.com\/airelibre","author_name":"Juan Carlos Hern\u00e1ndez","author_url":"https:\/\/blogs.diariovasco.com\/airelibre\/author\/alairelibre\/","title":"BOB BEAMON POR 5 - Al aire libre","type":"rich","width":600,"height":338,"html":"<blockquote class=\"wp-embedded-content\" data-secret=\"RYdhneRUBa\"><a href=\"https:\/\/blogs.diariovasco.com\/airelibre\/2012\/10\/18\/bob-beamon-2\/\">BOB BEAMON POR 5<\/a><\/blockquote><iframe sandbox=\"allow-scripts\" security=\"restricted\" src=\"https:\/\/blogs.diariovasco.com\/airelibre\/2012\/10\/18\/bob-beamon-2\/embed\/#?secret=RYdhneRUBa\" width=\"600\" height=\"338\" title=\"&#8220;BOB BEAMON POR 5&#8221; &#8212; Al aire libre\" data-secret=\"RYdhneRUBa\" frameborder=\"0\" marginwidth=\"0\" marginheight=\"0\" scrolling=\"no\" class=\"wp-embedded-content\"><\/iframe><script>\n\/*! This file is auto-generated *\/\n!function(d,l){\"use strict\";l.querySelector&&d.addEventListener&&\"undefined\"!=typeof URL&&(d.wp=d.wp||{},d.wp.receiveEmbedMessage||(d.wp.receiveEmbedMessage=function(e){var t=e.data;if((t||t.secret||t.message||t.value)&&!\/[^a-zA-Z0-9]\/.test(t.secret)){for(var s,r,n,a=l.querySelectorAll('iframe[data-secret=\"'+t.secret+'\"]'),o=l.querySelectorAll('blockquote[data-secret=\"'+t.secret+'\"]'),c=new RegExp(\"^https?:$\",\"i\"),i=0;i<o.length;i++)o[i].style.display=\"none\";for(i=0;i<a.length;i++)s=a[i],e.source===s.contentWindow&&(s.removeAttribute(\"style\"),\"height\"===t.message?(1e3<(r=parseInt(t.value,10))?r=1e3:~~r<200&&(r=200),s.height=r):\"link\"===t.message&&(r=new URL(s.getAttribute(\"src\")),n=new URL(t.value),c.test(n.protocol))&&n.host===r.host&&l.activeElement===s&&(d.top.location.href=t.value))}},d.addEventListener(\"message\",d.wp.receiveEmbedMessage,!1),l.addEventListener(\"DOMContentLoaded\",function(){for(var e,t,s=l.querySelectorAll(\"iframe.wp-embedded-content\"),r=0;r<s.length;r++)(t=(e=s[r]).getAttribute(\"data-secret\"))||(t=Math.random().toString(36).substring(2,12),e.src+=\"#?secret=\"+t,e.setAttribute(\"data-secret\",t)),e.contentWindow.postMessage({message:\"ready\",secret:t},\"*\")},!1)))}(window,document);\n\/\/# sourceURL=https:\/\/blogs.diariovasco.com\/airelibre\/wp-includes\/js\/wp-embed.min.js\n<\/script>\n","description":"&nbsp; Los seguidores de \u201cAl Aire Libre\u201d ya sab\u00e9is que uno de los ejes centrales del blog es el Ocho Noventa de Bob Beamon en los Juegos Ol\u00edmpicos de M\u00e9xico\u201968. Me he explayado unas cuantas veces con el tema en distintos formatos. &nbsp; Hoy, 18 de octubre de 2012, llega un nuevo aniversario. Hoy hace [&hellip;]","thumbnail_url":"http:\/\/i3.photobucket.com\/albums\/y99\/Piropillos\/Beamon_Black-Power.jpg"}

Juan Carlos Hernández

&nbsp; Los seguidores de “Al Aire Libre” ya sabéis que uno de los ejes centrales del blog es el Ocho Noventa de Bob Beamon en los Juegos Olímpicos de México’68. Me he explayado unas cuantas veces con el tema en distintos formatos. &nbsp; Hoy, 18 de octubre de 2012, llega un nuevo aniversario. Hoy hace [&hellip;]
