{"version":"1.0","provider_name":"Al aire libre","provider_url":"https:\/\/blogs.diariovasco.com\/airelibre","author_name":"Juan Carlos Hern\u00e1ndez","author_url":"https:\/\/blogs.diariovasco.com\/airelibre\/author\/alairelibre\/","title":"REGRESO AL FUTURO DEL ATLETISMO - Al aire libre","type":"rich","width":600,"height":338,"html":"<blockquote class=\"wp-embedded-content\" data-secret=\"4PDbEUe92H\"><a href=\"https:\/\/blogs.diariovasco.com\/airelibre\/2013\/06\/27\/regreso-al-futuro-del-atletismo\/\">REGRESO AL FUTURO DEL ATLETISMO<\/a><\/blockquote><iframe sandbox=\"allow-scripts\" security=\"restricted\" src=\"https:\/\/blogs.diariovasco.com\/airelibre\/2013\/06\/27\/regreso-al-futuro-del-atletismo\/embed\/#?secret=4PDbEUe92H\" width=\"600\" height=\"338\" title=\"&#8220;REGRESO AL FUTURO DEL ATLETISMO&#8221; &#8212; Al aire libre\" data-secret=\"4PDbEUe92H\" frameborder=\"0\" marginwidth=\"0\" marginheight=\"0\" scrolling=\"no\" class=\"wp-embedded-content\"><\/iframe><script>\n\/*! This file is auto-generated *\/\n!function(d,l){\"use strict\";l.querySelector&&d.addEventListener&&\"undefined\"!=typeof URL&&(d.wp=d.wp||{},d.wp.receiveEmbedMessage||(d.wp.receiveEmbedMessage=function(e){var t=e.data;if((t||t.secret||t.message||t.value)&&!\/[^a-zA-Z0-9]\/.test(t.secret)){for(var s,r,n,a=l.querySelectorAll('iframe[data-secret=\"'+t.secret+'\"]'),o=l.querySelectorAll('blockquote[data-secret=\"'+t.secret+'\"]'),c=new RegExp(\"^https?:$\",\"i\"),i=0;i<o.length;i++)o[i].style.display=\"none\";for(i=0;i<a.length;i++)s=a[i],e.source===s.contentWindow&&(s.removeAttribute(\"style\"),\"height\"===t.message?(1e3<(r=parseInt(t.value,10))?r=1e3:~~r<200&&(r=200),s.height=r):\"link\"===t.message&&(r=new URL(s.getAttribute(\"src\")),n=new URL(t.value),c.test(n.protocol))&&n.host===r.host&&l.activeElement===s&&(d.top.location.href=t.value))}},d.addEventListener(\"message\",d.wp.receiveEmbedMessage,!1),l.addEventListener(\"DOMContentLoaded\",function(){for(var e,t,s=l.querySelectorAll(\"iframe.wp-embedded-content\"),r=0;r<s.length;r++)(t=(e=s[r]).getAttribute(\"data-secret\"))||(t=Math.random().toString(36).substring(2,12),e.src+=\"#?secret=\"+t,e.setAttribute(\"data-secret\",t)),e.contentWindow.postMessage({message:\"ready\",secret:t},\"*\")},!1)))}(window,document);\n\/\/# sourceURL=https:\/\/blogs.diariovasco.com\/airelibre\/wp-includes\/js\/wp-embed.min.js\n<\/script>\n","description":"&nbsp; &nbsp; Quisiera ahondar en el post publicado ayer por Karel L\u00f3pez en su blog \u201cel pajarito ingl\u00e9s\u201d titulado \u201cCa\u00edda en picado del deporte en TVE\u201d. Para ello espero no meterme en jardines que s\u00e9 que me vienen grandes, ya que los datos que voy a dar est\u00e1n cogidos con pinzas y est\u00e1n incrustados en [&hellip;]","thumbnail_url":"http:\/\/i3.photobucket.com\/albums\/y99\/Piropillos\/Atletismo_Austeridad_zps3940a652.jpg"}

Juan Carlos Hernández

&nbsp; &nbsp; Quisiera ahondar en el post publicado ayer por Karel López en su blog “el pajarito inglés” titulado “Caída en picado del deporte en TVE”. Para ello espero no meterme en jardines que sé que me vienen grandes, ya que los datos que voy a dar están cogidos con pinzas y están incrustados en [&hellip;]
