{"version":"1.0","provider_name":"Al aire libre","provider_url":"https:\/\/blogs.diariovasco.com\/airelibre","author_name":"Juan Carlos Hern\u00e1ndez","author_url":"https:\/\/blogs.diariovasco.com\/airelibre\/author\/alairelibre\/","title":"MADRID 2020, DE LA PASI\u00d3N TURCA AL HARA-KIRI - Al aire libre","type":"rich","width":600,"height":338,"html":"<blockquote class=\"wp-embedded-content\" data-secret=\"584sCHpMRC\"><a href=\"https:\/\/blogs.diariovasco.com\/airelibre\/2013\/09\/08\/madrid-2020\/\">MADRID 2020, DE LA PASI\u00d3N TURCA AL HARA-KIRI<\/a><\/blockquote><iframe sandbox=\"allow-scripts\" security=\"restricted\" src=\"https:\/\/blogs.diariovasco.com\/airelibre\/2013\/09\/08\/madrid-2020\/embed\/#?secret=584sCHpMRC\" width=\"600\" height=\"338\" title=\"&#8220;MADRID 2020, DE LA PASI\u00d3N TURCA AL HARA-KIRI&#8221; &#8212; Al aire libre\" data-secret=\"584sCHpMRC\" frameborder=\"0\" marginwidth=\"0\" marginheight=\"0\" scrolling=\"no\" class=\"wp-embedded-content\"><\/iframe><script>\n\/*! This file is auto-generated *\/\n!function(d,l){\"use strict\";l.querySelector&&d.addEventListener&&\"undefined\"!=typeof URL&&(d.wp=d.wp||{},d.wp.receiveEmbedMessage||(d.wp.receiveEmbedMessage=function(e){var t=e.data;if((t||t.secret||t.message||t.value)&&!\/[^a-zA-Z0-9]\/.test(t.secret)){for(var s,r,n,a=l.querySelectorAll('iframe[data-secret=\"'+t.secret+'\"]'),o=l.querySelectorAll('blockquote[data-secret=\"'+t.secret+'\"]'),c=new RegExp(\"^https?:$\",\"i\"),i=0;i<o.length;i++)o[i].style.display=\"none\";for(i=0;i<a.length;i++)s=a[i],e.source===s.contentWindow&&(s.removeAttribute(\"style\"),\"height\"===t.message?(1e3<(r=parseInt(t.value,10))?r=1e3:~~r<200&&(r=200),s.height=r):\"link\"===t.message&&(r=new URL(s.getAttribute(\"src\")),n=new URL(t.value),c.test(n.protocol))&&n.host===r.host&&l.activeElement===s&&(d.top.location.href=t.value))}},d.addEventListener(\"message\",d.wp.receiveEmbedMessage,!1),l.addEventListener(\"DOMContentLoaded\",function(){for(var e,t,s=l.querySelectorAll(\"iframe.wp-embedded-content\"),r=0;r<s.length;r++)(t=(e=s[r]).getAttribute(\"data-secret\"))||(t=Math.random().toString(36).substring(2,12),e.src+=\"#?secret=\"+t,e.setAttribute(\"data-secret\",t)),e.contentWindow.postMessage({message:\"ready\",secret:t},\"*\")},!1)))}(window,document);\n\/\/# sourceURL=https:\/\/blogs.diariovasco.com\/airelibre\/wp-includes\/js\/wp-embed.min.js\n<\/script>\n","description":"&nbsp; Yo soy uno de esos que ve\u00eda en la elecci\u00f3n de Madrid como sede de los Juegos Ol\u00edmpicos de 2020 ese clavo ardiendo al que agarrarse para salvar de la quema el deporte no profesional espa\u00f1ol. &nbsp; A lo largo de los \u00faltimos meses no he seguido como me gustar\u00eda la evoluci\u00f3n de las [&hellip;]","thumbnail_url":"http:\/\/i3.photobucket.com\/albums\/y99\/Piropillos\/Tokio2020_zps8a4afdd3.jpg"}

Juan Carlos Hernández

MADRID 2020, DE LA PASIÓN TURCA AL HARA-KIRI - Al aire libre

<blockquote class="wp-embedded-content" data-secret="584sCHpMRC"><a href="https://blogs.diariovasco.com/airelibre/2013/09/08/madrid-2020/">MADRID 2020, DE LA PASIÓN TURCA AL HARA-KIRI</a></blockquote><iframe sandbox="allow-scripts" security="restricted" src="https://blogs.diariovasco.com/airelibre/2013/09/08/madrid-2020/embed/#?secret=584sCHpMRC" width="600" height="338" title="&#8220;MADRID 2020, DE LA PASIÓN TURCA AL HARA-KIRI&#8221; &#8212; Al aire libre" data-secret="584sCHpMRC" frameborder="0" marginwidth="0" marginheight="0" scrolling="no" class="wp-embedded-content"></iframe><script>
/*! This file is auto-generated */
!function(d,l){"use strict";l.querySelector&&d.addEventListener&&"undefined"!=typeof URL&&(d.wp=d.wp||{},d.wp.receiveEmbedMessage||(d.wp.receiveEmbedMessage=function(e){var t=e.data;if((t||t.secret||t.message||t.value)&&!/[^a-zA-Z0-9]/.test(t.secret)){for(var s,r,n,a=l.querySelectorAll('iframe[data-secret="'+t.secret+'"]'),o=l.querySelectorAll('blockquote[data-secret="'+t.secret+'"]'),c=new RegExp("^https?:$","i"),i=0;i<o.length;i++)o[i].style.display="none";for(i=0;i<a.length;i++)s=a[i],e.source===s.contentWindow&&(s.removeAttribute("style"),"height"===t.message?(1e3<(r=parseInt(t.value,10))?r=1e3:~~r<200&&(r=200),s.height=r):"link"===t.message&&(r=new URL(s.getAttribute("src")),n=new URL(t.value),c.test(n.protocol))&&n.host===r.host&&l.activeElement===s&&(d.top.location.href=t.value))}},d.addEventListener("message",d.wp.receiveEmbedMessage,!1),l.addEventListener("DOMContentLoaded",function(){for(var e,t,s=l.querySelectorAll("iframe.wp-embedded-content"),r=0;r<s.length;r++)(t=(e=s[r]).getAttribute("data-secret"))||(t=Math.random().toString(36).substring(2,12),e.src+="#?secret="+t,e.setAttribute("data-secret",t)),e.contentWindow.postMessage({message:"ready",secret:t},"*")},!1)))}(window,document);
//# sourceURL=https://blogs.diariovasco.com/airelibre/wp-includes/js/wp-embed.min.js
</script>

&nbsp; Yo soy uno de esos que veía en la elección de Madrid como sede de los Juegos Olímpicos de 2020 ese clavo ardiendo al que agarrarse para salvar de la quema el deporte no profesional español. &nbsp; A lo largo de los últimos meses no he seguido como me gustaría la evolución de las [&hellip;]
