{"version":"1.0","provider_name":"A partir de los 50","provider_url":"https:\/\/blogs.diariovasco.com\/apartirdelos50","author_name":"Cecilia Casado","author_url":"https:\/\/blogs.diariovasco.com\/apartirdelos50\/author\/a-partir-de-los-50\/","title":"!Que me quiten lo bailao...! Por LaAlquimista - A partir de los 50","type":"rich","width":600,"height":338,"html":"<blockquote class=\"wp-embedded-content\" data-secret=\"maOasrjlpR\"><a href=\"https:\/\/blogs.diariovasco.com\/apartirdelos50\/2009\/11\/23\/que_me_quiten_lo_bailao_por_laalquimista\/\">!Que me quiten lo bailao&#8230;! Por LaAlquimista<\/a><\/blockquote><iframe sandbox=\"allow-scripts\" security=\"restricted\" src=\"https:\/\/blogs.diariovasco.com\/apartirdelos50\/2009\/11\/23\/que_me_quiten_lo_bailao_por_laalquimista\/embed\/#?secret=maOasrjlpR\" width=\"600\" height=\"338\" title=\"&#8220;!Que me quiten lo bailao&#8230;! Por LaAlquimista&#8221; &#8212; A partir de los 50\" data-secret=\"maOasrjlpR\" frameborder=\"0\" marginwidth=\"0\" marginheight=\"0\" scrolling=\"no\" class=\"wp-embedded-content\"><\/iframe><script>\n\/*! This file is auto-generated *\/\n!function(d,l){\"use strict\";l.querySelector&&d.addEventListener&&\"undefined\"!=typeof URL&&(d.wp=d.wp||{},d.wp.receiveEmbedMessage||(d.wp.receiveEmbedMessage=function(e){var t=e.data;if((t||t.secret||t.message||t.value)&&!\/[^a-zA-Z0-9]\/.test(t.secret)){for(var s,r,n,a=l.querySelectorAll('iframe[data-secret=\"'+t.secret+'\"]'),o=l.querySelectorAll('blockquote[data-secret=\"'+t.secret+'\"]'),c=new RegExp(\"^https?:$\",\"i\"),i=0;i<o.length;i++)o[i].style.display=\"none\";for(i=0;i<a.length;i++)s=a[i],e.source===s.contentWindow&&(s.removeAttribute(\"style\"),\"height\"===t.message?(1e3<(r=parseInt(t.value,10))?r=1e3:~~r<200&&(r=200),s.height=r):\"link\"===t.message&&(r=new URL(s.getAttribute(\"src\")),n=new URL(t.value),c.test(n.protocol))&&n.host===r.host&&l.activeElement===s&&(d.top.location.href=t.value))}},d.addEventListener(\"message\",d.wp.receiveEmbedMessage,!1),l.addEventListener(\"DOMContentLoaded\",function(){for(var e,t,s=l.querySelectorAll(\"iframe.wp-embedded-content\"),r=0;r<s.length;r++)(t=(e=s[r]).getAttribute(\"data-secret\"))||(t=Math.random().toString(36).substring(2,12),e.src+=\"#?secret=\"+t,e.setAttribute(\"data-secret\",t)),e.contentWindow.postMessage({message:\"ready\",secret:t},\"*\")},!1)))}(window,document);\n\/\/# sourceURL=https:\/\/blogs.diariovasco.com\/apartirdelos50\/wp-includes\/js\/wp-embed.min.js\n<\/script>\n","description":"Cuando acced\u00ed a mi primer trabajo mi padre intent\u00f3 imbuirme del estilo de la \u00e9poca; que si una parte del salario para contribuir a los gastos de casa, otra para ahorrar y una tercera para mis gastos. \u00bfAhorrar? Pens\u00e9 yo con mi reci\u00e9n estrenada veintena, ahorrar \u00bfpara qu\u00e9?, pregunt\u00e9. \u2013\u201cAhorra, -insist\u00eda \u00e9l- que si no [&hellip;]","thumbnail_url":"http:\/\/blog.laopiniondemalaga.es\/eladarve\/files\/2006\/12\/cigarra.jpg"}

Cuando accedí a mi primer trabajo mi padre intentó imbuirme del estilo de la época; que si una parte del salario para contribuir a los gastos de casa, otra para ahorrar y una tercera para mis gastos. ¿Ahorrar? Pensé yo con mi recién estrenada veintena, ahorrar ¿para qué?, pregunté. –“Ahorra, -insistía él- que si no [&hellip;]
