{"version":"1.0","provider_name":"A partir de los 50","provider_url":"https:\/\/blogs.diariovasco.com\/apartirdelos50","author_name":"Cecilia Casado","author_url":"https:\/\/blogs.diariovasco.com\/apartirdelos50\/author\/a-partir-de-los-50\/","title":"La esperanza es lo \u00faltimo que se pierde (Por LaAlquimista) - A partir de los 50","type":"rich","width":600,"height":338,"html":"<blockquote class=\"wp-embedded-content\" data-secret=\"bkuDxnxu4s\"><a href=\"https:\/\/blogs.diariovasco.com\/apartirdelos50\/2009\/12\/30\/la_esperanza_es_lo_ultimo_que_se_pierde\/\">La esperanza es lo \u00faltimo que se pierde (Por LaAlquimista)<\/a><\/blockquote><iframe sandbox=\"allow-scripts\" security=\"restricted\" src=\"https:\/\/blogs.diariovasco.com\/apartirdelos50\/2009\/12\/30\/la_esperanza_es_lo_ultimo_que_se_pierde\/embed\/#?secret=bkuDxnxu4s\" width=\"600\" height=\"338\" title=\"&#8220;La esperanza es lo \u00faltimo que se pierde (Por LaAlquimista)&#8221; &#8212; A partir de los 50\" data-secret=\"bkuDxnxu4s\" frameborder=\"0\" marginwidth=\"0\" marginheight=\"0\" scrolling=\"no\" class=\"wp-embedded-content\"><\/iframe><script>\n\/*! This file is auto-generated *\/\n!function(d,l){\"use strict\";l.querySelector&&d.addEventListener&&\"undefined\"!=typeof URL&&(d.wp=d.wp||{},d.wp.receiveEmbedMessage||(d.wp.receiveEmbedMessage=function(e){var t=e.data;if((t||t.secret||t.message||t.value)&&!\/[^a-zA-Z0-9]\/.test(t.secret)){for(var s,r,n,a=l.querySelectorAll('iframe[data-secret=\"'+t.secret+'\"]'),o=l.querySelectorAll('blockquote[data-secret=\"'+t.secret+'\"]'),c=new RegExp(\"^https?:$\",\"i\"),i=0;i<o.length;i++)o[i].style.display=\"none\";for(i=0;i<a.length;i++)s=a[i],e.source===s.contentWindow&&(s.removeAttribute(\"style\"),\"height\"===t.message?(1e3<(r=parseInt(t.value,10))?r=1e3:~~r<200&&(r=200),s.height=r):\"link\"===t.message&&(r=new URL(s.getAttribute(\"src\")),n=new URL(t.value),c.test(n.protocol))&&n.host===r.host&&l.activeElement===s&&(d.top.location.href=t.value))}},d.addEventListener(\"message\",d.wp.receiveEmbedMessage,!1),l.addEventListener(\"DOMContentLoaded\",function(){for(var e,t,s=l.querySelectorAll(\"iframe.wp-embedded-content\"),r=0;r<s.length;r++)(t=(e=s[r]).getAttribute(\"data-secret\"))||(t=Math.random().toString(36).substring(2,12),e.src+=\"#?secret=\"+t,e.setAttribute(\"data-secret\",t)),e.contentWindow.postMessage({message:\"ready\",secret:t},\"*\")},!1)))}(window,document);\n\/\/# sourceURL=https:\/\/blogs.diariovasco.com\/apartirdelos50\/wp-includes\/js\/wp-embed.min.js\n<\/script>\n","description":"Ya me gustar\u00eda a m\u00ed saber qui\u00e9n dijo esa tonter\u00eda que tan s\u00f3lo sirve para situaciones extremas y seg\u00fan y c\u00f3mo. \u00bfQui\u00e9n puede seguir teniendo la esperanza de que el ser humano cambie para que el mundo cambie? Hace treinta a\u00f1os \u00e9ramos j\u00f3venes llenos de ilusi\u00f3n que cre\u00edamos en un mundo digno, coquete\u00e1bamos con la [&hellip;]"}

La esperanza es lo último que se pierde (Por LaAlquimista) - A partir de los 50

<blockquote class="wp-embedded-content" data-secret="bkuDxnxu4s"><a href="https://blogs.diariovasco.com/apartirdelos50/2009/12/30/la_esperanza_es_lo_ultimo_que_se_pierde/">La esperanza es lo último que se pierde (Por LaAlquimista)</a></blockquote><iframe sandbox="allow-scripts" security="restricted" src="https://blogs.diariovasco.com/apartirdelos50/2009/12/30/la_esperanza_es_lo_ultimo_que_se_pierde/embed/#?secret=bkuDxnxu4s" width="600" height="338" title="&#8220;La esperanza es lo último que se pierde (Por LaAlquimista)&#8221; &#8212; A partir de los 50" data-secret="bkuDxnxu4s" frameborder="0" marginwidth="0" marginheight="0" scrolling="no" class="wp-embedded-content"></iframe><script>
/*! This file is auto-generated */
!function(d,l){"use strict";l.querySelector&&d.addEventListener&&"undefined"!=typeof URL&&(d.wp=d.wp||{},d.wp.receiveEmbedMessage||(d.wp.receiveEmbedMessage=function(e){var t=e.data;if((t||t.secret||t.message||t.value)&&!/[^a-zA-Z0-9]/.test(t.secret)){for(var s,r,n,a=l.querySelectorAll('iframe[data-secret="'+t.secret+'"]'),o=l.querySelectorAll('blockquote[data-secret="'+t.secret+'"]'),c=new RegExp("^https?:$","i"),i=0;i<o.length;i++)o[i].style.display="none";for(i=0;i<a.length;i++)s=a[i],e.source===s.contentWindow&&(s.removeAttribute("style"),"height"===t.message?(1e3<(r=parseInt(t.value,10))?r=1e3:~~r<200&&(r=200),s.height=r):"link"===t.message&&(r=new URL(s.getAttribute("src")),n=new URL(t.value),c.test(n.protocol))&&n.host===r.host&&l.activeElement===s&&(d.top.location.href=t.value))}},d.addEventListener("message",d.wp.receiveEmbedMessage,!1),l.addEventListener("DOMContentLoaded",function(){for(var e,t,s=l.querySelectorAll("iframe.wp-embedded-content"),r=0;r<s.length;r++)(t=(e=s[r]).getAttribute("data-secret"))||(t=Math.random().toString(36).substring(2,12),e.src+="#?secret="+t,e.setAttribute("data-secret",t)),e.contentWindow.postMessage({message:"ready",secret:t},"*")},!1)))}(window,document);
//# sourceURL=https://blogs.diariovasco.com/apartirdelos50/wp-includes/js/wp-embed.min.js
</script>

Ya me gustaría a mí saber quién dijo esa tontería que tan sólo sirve para situaciones extremas y según y cómo. ¿Quién puede seguir teniendo la esperanza de que el ser humano cambie para que el mundo cambie? Hace treinta años éramos jóvenes llenos de ilusión que creíamos en un mundo digno, coqueteábamos con la [&hellip;]
