{"version":"1.0","provider_name":"A partir de los 50","provider_url":"https:\/\/blogs.diariovasco.com\/apartirdelos50","author_name":"Cecilia Casado","author_url":"https:\/\/blogs.diariovasco.com\/apartirdelos50\/author\/a-partir-de-los-50\/","title":"Volver de vacaciones. La falacia del \"Home, sweet home) - A partir de los 50","type":"rich","width":600,"height":338,"html":"<blockquote class=\"wp-embedded-content\" data-secret=\"F50W4WEUZY\"><a href=\"https:\/\/blogs.diariovasco.com\/apartirdelos50\/2011\/06\/17\/volver_de_vacaciones_la_falacia_del_home\/\">Volver de vacaciones. La falacia del &#8220;Home, sweet home)<\/a><\/blockquote><iframe sandbox=\"allow-scripts\" security=\"restricted\" src=\"https:\/\/blogs.diariovasco.com\/apartirdelos50\/2011\/06\/17\/volver_de_vacaciones_la_falacia_del_home\/embed\/#?secret=F50W4WEUZY\" width=\"600\" height=\"338\" title=\"&#8220;Volver de vacaciones. La falacia del &#8220;Home, sweet home)&#8221; &#8212; A partir de los 50\" data-secret=\"F50W4WEUZY\" frameborder=\"0\" marginwidth=\"0\" marginheight=\"0\" scrolling=\"no\" class=\"wp-embedded-content\"><\/iframe><script>\n\/*! This file is auto-generated *\/\n!function(d,l){\"use strict\";l.querySelector&&d.addEventListener&&\"undefined\"!=typeof URL&&(d.wp=d.wp||{},d.wp.receiveEmbedMessage||(d.wp.receiveEmbedMessage=function(e){var t=e.data;if((t||t.secret||t.message||t.value)&&!\/[^a-zA-Z0-9]\/.test(t.secret)){for(var s,r,n,a=l.querySelectorAll('iframe[data-secret=\"'+t.secret+'\"]'),o=l.querySelectorAll('blockquote[data-secret=\"'+t.secret+'\"]'),c=new RegExp(\"^https?:$\",\"i\"),i=0;i<o.length;i++)o[i].style.display=\"none\";for(i=0;i<a.length;i++)s=a[i],e.source===s.contentWindow&&(s.removeAttribute(\"style\"),\"height\"===t.message?(1e3<(r=parseInt(t.value,10))?r=1e3:~~r<200&&(r=200),s.height=r):\"link\"===t.message&&(r=new URL(s.getAttribute(\"src\")),n=new URL(t.value),c.test(n.protocol))&&n.host===r.host&&l.activeElement===s&&(d.top.location.href=t.value))}},d.addEventListener(\"message\",d.wp.receiveEmbedMessage,!1),l.addEventListener(\"DOMContentLoaded\",function(){for(var e,t,s=l.querySelectorAll(\"iframe.wp-embedded-content\"),r=0;r<s.length;r++)(t=(e=s[r]).getAttribute(\"data-secret\"))||(t=Math.random().toString(36).substring(2,12),e.src+=\"#?secret=\"+t,e.setAttribute(\"data-secret\",t)),e.contentWindow.postMessage({message:\"ready\",secret:t},\"*\")},!1)))}(window,document);\n\/\/# sourceURL=https:\/\/blogs.diariovasco.com\/apartirdelos50\/wp-includes\/js\/wp-embed.min.js\n<\/script>\n","description":"Hace a\u00f1os ya que aprend\u00ed a viajar como un caracol, llevando conmigo todo aquello que me hace sentir como en casa aunque ponga kil\u00f3metros de por medio con las cuatro paredes por las que pago la contribuci\u00f3n urbana. Antes, cuando hac\u00eda la maleta, me devanaba los sesos pensando qu\u00e9 llevar y casi siempre eleg\u00eda la [&hellip;]","thumbnail_url":"http:\/\/images.art.com\/images\/products\/large\/10068000\/10068271.jpg"}

Hace años ya que aprendí a viajar como un caracol, llevando conmigo todo aquello que me hace sentir como en casa aunque ponga kilómetros de por medio con las cuatro paredes por las que pago la contribución urbana. Antes, cuando hacía la maleta, me devanaba los sesos pensando qué llevar y casi siempre elegía la [&hellip;]
