{"version":"1.0","provider_name":"A partir de los 50","provider_url":"https:\/\/blogs.diariovasco.com\/apartirdelos50","author_name":"Cecilia Casado","author_url":"https:\/\/blogs.diariovasco.com\/apartirdelos50\/author\/a-partir-de-los-50\/","title":"Un paseo al volante de un coche rojo - A partir de los 50","type":"rich","width":600,"height":338,"html":"<blockquote class=\"wp-embedded-content\" data-secret=\"kxosObn8oL\"><a href=\"https:\/\/blogs.diariovasco.com\/apartirdelos50\/2011\/08\/26\/un_paseo_al_volante_de_un_coche_rojo\/\">Un paseo al volante de un coche rojo<\/a><\/blockquote><iframe sandbox=\"allow-scripts\" security=\"restricted\" src=\"https:\/\/blogs.diariovasco.com\/apartirdelos50\/2011\/08\/26\/un_paseo_al_volante_de_un_coche_rojo\/embed\/#?secret=kxosObn8oL\" width=\"600\" height=\"338\" title=\"&#8220;Un paseo al volante de un coche rojo&#8221; &#8212; A partir de los 50\" data-secret=\"kxosObn8oL\" frameborder=\"0\" marginwidth=\"0\" marginheight=\"0\" scrolling=\"no\" class=\"wp-embedded-content\"><\/iframe><script>\n\/*! This file is auto-generated *\/\n!function(d,l){\"use strict\";l.querySelector&&d.addEventListener&&\"undefined\"!=typeof URL&&(d.wp=d.wp||{},d.wp.receiveEmbedMessage||(d.wp.receiveEmbedMessage=function(e){var t=e.data;if((t||t.secret||t.message||t.value)&&!\/[^a-zA-Z0-9]\/.test(t.secret)){for(var s,r,n,a=l.querySelectorAll('iframe[data-secret=\"'+t.secret+'\"]'),o=l.querySelectorAll('blockquote[data-secret=\"'+t.secret+'\"]'),c=new RegExp(\"^https?:$\",\"i\"),i=0;i<o.length;i++)o[i].style.display=\"none\";for(i=0;i<a.length;i++)s=a[i],e.source===s.contentWindow&&(s.removeAttribute(\"style\"),\"height\"===t.message?(1e3<(r=parseInt(t.value,10))?r=1e3:~~r<200&&(r=200),s.height=r):\"link\"===t.message&&(r=new URL(s.getAttribute(\"src\")),n=new URL(t.value),c.test(n.protocol))&&n.host===r.host&&l.activeElement===s&&(d.top.location.href=t.value))}},d.addEventListener(\"message\",d.wp.receiveEmbedMessage,!1),l.addEventListener(\"DOMContentLoaded\",function(){for(var e,t,s=l.querySelectorAll(\"iframe.wp-embedded-content\"),r=0;r<s.length;r++)(t=(e=s[r]).getAttribute(\"data-secret\"))||(t=Math.random().toString(36).substring(2,12),e.src+=\"#?secret=\"+t,e.setAttribute(\"data-secret\",t)),e.contentWindow.postMessage({message:\"ready\",secret:t},\"*\")},!1)))}(window,document);\n\/\/# sourceURL=https:\/\/blogs.diariovasco.com\/apartirdelos50\/wp-includes\/js\/wp-embed.min.js\n<\/script>\n","description":"Me saqu\u00e9 el carn\u00e9 de conducir justo a la semana de cumplir los dieciocho \u2013all\u00e1 por el cret\u00e1cico tard\u00edo-, cuando dec\u00edan que se les llevaba cajas de puros a los examinadores (otra leyenda urbana) y hab\u00eda que hacer carretera, ciudad, maniobras y aparcamiento. Con un SEAT 600 que era dificil\u00edsimo de manejar gracias a su [&hellip;]","thumbnail_url":"http:\/\/thumbs.dreamstime.com\/thumblarge_381\/1238237669AcW5B2.jpg"}

Me saqué el carné de conducir justo a la semana de cumplir los dieciocho –allá por el cretácico tardío-, cuando decían que se les llevaba cajas de puros a los examinadores (otra leyenda urbana) y había que hacer carretera, ciudad, maniobras y aparcamiento. Con un SEAT 600 que era dificilísimo de manejar gracias a su [&hellip;]
