{"version":"1.0","provider_name":"A partir de los 50","provider_url":"https:\/\/blogs.diariovasco.com\/apartirdelos50","author_name":"Cecilia Casado","author_url":"https:\/\/blogs.diariovasco.com\/apartirdelos50\/author\/a-partir-de-los-50\/","title":"\"Ponte guapa que vamos al Festi\" - A partir de los 50","type":"rich","width":600,"height":338,"html":"<blockquote class=\"wp-embedded-content\" data-secret=\"XoPGjbdnq7\"><a href=\"https:\/\/blogs.diariovasco.com\/apartirdelos50\/2011\/09\/24\/ponte_guapa_que_vamos_al_festi\/\">&#8220;Ponte guapa que vamos al Festi&#8221;<\/a><\/blockquote><iframe sandbox=\"allow-scripts\" security=\"restricted\" src=\"https:\/\/blogs.diariovasco.com\/apartirdelos50\/2011\/09\/24\/ponte_guapa_que_vamos_al_festi\/embed\/#?secret=XoPGjbdnq7\" width=\"600\" height=\"338\" title=\"&#8220;&#8220;Ponte guapa que vamos al Festi&#8221;&#8221; &#8212; A partir de los 50\" data-secret=\"XoPGjbdnq7\" frameborder=\"0\" marginwidth=\"0\" marginheight=\"0\" scrolling=\"no\" class=\"wp-embedded-content\"><\/iframe><script>\n\/*! This file is auto-generated *\/\n!function(d,l){\"use strict\";l.querySelector&&d.addEventListener&&\"undefined\"!=typeof URL&&(d.wp=d.wp||{},d.wp.receiveEmbedMessage||(d.wp.receiveEmbedMessage=function(e){var t=e.data;if((t||t.secret||t.message||t.value)&&!\/[^a-zA-Z0-9]\/.test(t.secret)){for(var s,r,n,a=l.querySelectorAll('iframe[data-secret=\"'+t.secret+'\"]'),o=l.querySelectorAll('blockquote[data-secret=\"'+t.secret+'\"]'),c=new RegExp(\"^https?:$\",\"i\"),i=0;i<o.length;i++)o[i].style.display=\"none\";for(i=0;i<a.length;i++)s=a[i],e.source===s.contentWindow&&(s.removeAttribute(\"style\"),\"height\"===t.message?(1e3<(r=parseInt(t.value,10))?r=1e3:~~r<200&&(r=200),s.height=r):\"link\"===t.message&&(r=new URL(s.getAttribute(\"src\")),n=new URL(t.value),c.test(n.protocol))&&n.host===r.host&&l.activeElement===s&&(d.top.location.href=t.value))}},d.addEventListener(\"message\",d.wp.receiveEmbedMessage,!1),l.addEventListener(\"DOMContentLoaded\",function(){for(var e,t,s=l.querySelectorAll(\"iframe.wp-embedded-content\"),r=0;r<s.length;r++)(t=(e=s[r]).getAttribute(\"data-secret\"))||(t=Math.random().toString(36).substring(2,12),e.src+=\"#?secret=\"+t,e.setAttribute(\"data-secret\",t)),e.contentWindow.postMessage({message:\"ready\",secret:t},\"*\")},!1)))}(window,document);\n\/\/# sourceURL=https:\/\/blogs.diariovasco.com\/apartirdelos50\/wp-includes\/js\/wp-embed.min.js\n<\/script>\n","description":"&nbsp;&nbsp;&nbsp;&nbsp;&nbsp;&nbsp;&nbsp;&nbsp;&nbsp;&nbsp;&nbsp;&nbsp;&nbsp;&nbsp;&nbsp;&nbsp;&nbsp;&nbsp;&nbsp; No quer\u00eda hablar de cine, porque para eso ya est\u00e1n los dem\u00e1s, pero s\u00ed que tengo un par de apuntes que hacer relacionados con el evento que, estos \u00faltimos d\u00edas, monopoliza conversaciones y colapsa el tr\u00e1fico rodado. Conversaci\u00f3n: \u2013T\u00fa que vas mucho al cine, \u00bfhas visto la francesa del sat\u00e9lite? \u2013Pues s\u00ed, la vi [&hellip;]","thumbnail_url":"http:\/\/prensacorazon.com\/wp-content\/uploads\/2009\/04\/antonio-banderas1.jpg"}

&nbsp;&nbsp;&nbsp;&nbsp;&nbsp;&nbsp;&nbsp;&nbsp;&nbsp;&nbsp;&nbsp;&nbsp;&nbsp;&nbsp;&nbsp;&nbsp;&nbsp;&nbsp;&nbsp; No quería hablar de cine, porque para eso ya están los demás, pero sí que tengo un par de apuntes que hacer relacionados con el evento que, estos últimos días, monopoliza conversaciones y colapsa el tráfico rodado. Conversación: –Tú que vas mucho al cine, ¿has visto la francesa del satélite? –Pues sí, la vi [&hellip;]
