{"version":"1.0","provider_name":"A partir de los 50","provider_url":"https:\/\/blogs.diariovasco.com\/apartirdelos50","author_name":"Cecilia Casado","author_url":"https:\/\/blogs.diariovasco.com\/apartirdelos50\/author\/a-partir-de-los-50\/","title":"Me da a m\u00ed que el resentimiento enferma... - A partir de los 50","type":"rich","width":600,"height":338,"html":"<blockquote class=\"wp-embedded-content\" data-secret=\"AVa9qEYDqy\"><a href=\"https:\/\/blogs.diariovasco.com\/apartirdelos50\/2011\/10\/24\/me_da_a_mi_que_el_resentimiento_enferma\/\">Me da a m\u00ed que el resentimiento enferma&#8230;<\/a><\/blockquote><iframe sandbox=\"allow-scripts\" security=\"restricted\" src=\"https:\/\/blogs.diariovasco.com\/apartirdelos50\/2011\/10\/24\/me_da_a_mi_que_el_resentimiento_enferma\/embed\/#?secret=AVa9qEYDqy\" width=\"600\" height=\"338\" title=\"&#8220;Me da a m\u00ed que el resentimiento enferma&#8230;&#8221; &#8212; A partir de los 50\" data-secret=\"AVa9qEYDqy\" frameborder=\"0\" marginwidth=\"0\" marginheight=\"0\" scrolling=\"no\" class=\"wp-embedded-content\"><\/iframe><script>\n\/*! This file is auto-generated *\/\n!function(d,l){\"use strict\";l.querySelector&&d.addEventListener&&\"undefined\"!=typeof URL&&(d.wp=d.wp||{},d.wp.receiveEmbedMessage||(d.wp.receiveEmbedMessage=function(e){var t=e.data;if((t||t.secret||t.message||t.value)&&!\/[^a-zA-Z0-9]\/.test(t.secret)){for(var s,r,n,a=l.querySelectorAll('iframe[data-secret=\"'+t.secret+'\"]'),o=l.querySelectorAll('blockquote[data-secret=\"'+t.secret+'\"]'),c=new RegExp(\"^https?:$\",\"i\"),i=0;i<o.length;i++)o[i].style.display=\"none\";for(i=0;i<a.length;i++)s=a[i],e.source===s.contentWindow&&(s.removeAttribute(\"style\"),\"height\"===t.message?(1e3<(r=parseInt(t.value,10))?r=1e3:~~r<200&&(r=200),s.height=r):\"link\"===t.message&&(r=new URL(s.getAttribute(\"src\")),n=new URL(t.value),c.test(n.protocol))&&n.host===r.host&&l.activeElement===s&&(d.top.location.href=t.value))}},d.addEventListener(\"message\",d.wp.receiveEmbedMessage,!1),l.addEventListener(\"DOMContentLoaded\",function(){for(var e,t,s=l.querySelectorAll(\"iframe.wp-embedded-content\"),r=0;r<s.length;r++)(t=(e=s[r]).getAttribute(\"data-secret\"))||(t=Math.random().toString(36).substring(2,12),e.src+=\"#?secret=\"+t,e.setAttribute(\"data-secret\",t)),e.contentWindow.postMessage({message:\"ready\",secret:t},\"*\")},!1)))}(window,document);\n\/\/# sourceURL=https:\/\/blogs.diariovasco.com\/apartirdelos50\/wp-includes\/js\/wp-embed.min.js\n<\/script>\n","description":"Si echo la vista atr\u00e1s e intento acordarme de todo el da\u00f1o que he tenido que soportar a lo largo de m\u00e1s de cincuenta a\u00f1os me entra un mareo s\u00fabito, como un bajonazo de tensi\u00f3n que me deja traspuesta. Es la defensa de mi cuerpo, el aviso inconfundible de que voy a cometer una tonter\u00eda [&hellip;]","thumbnail_url":"http:\/\/img175.imageshack.us\/img175\/5428\/flyinglesson.jpg"}

Me da a mí que el resentimiento enferma... - A partir de los 50

<blockquote class="wp-embedded-content" data-secret="AVa9qEYDqy"><a href="https://blogs.diariovasco.com/apartirdelos50/2011/10/24/me_da_a_mi_que_el_resentimiento_enferma/">Me da a mí que el resentimiento enferma&#8230;</a></blockquote><iframe sandbox="allow-scripts" security="restricted" src="https://blogs.diariovasco.com/apartirdelos50/2011/10/24/me_da_a_mi_que_el_resentimiento_enferma/embed/#?secret=AVa9qEYDqy" width="600" height="338" title="&#8220;Me da a mí que el resentimiento enferma&#8230;&#8221; &#8212; A partir de los 50" data-secret="AVa9qEYDqy" frameborder="0" marginwidth="0" marginheight="0" scrolling="no" class="wp-embedded-content"></iframe><script>
/*! This file is auto-generated */
!function(d,l){"use strict";l.querySelector&&d.addEventListener&&"undefined"!=typeof URL&&(d.wp=d.wp||{},d.wp.receiveEmbedMessage||(d.wp.receiveEmbedMessage=function(e){var t=e.data;if((t||t.secret||t.message||t.value)&&!/[^a-zA-Z0-9]/.test(t.secret)){for(var s,r,n,a=l.querySelectorAll('iframe[data-secret="'+t.secret+'"]'),o=l.querySelectorAll('blockquote[data-secret="'+t.secret+'"]'),c=new RegExp("^https?:$","i"),i=0;i<o.length;i++)o[i].style.display="none";for(i=0;i<a.length;i++)s=a[i],e.source===s.contentWindow&&(s.removeAttribute("style"),"height"===t.message?(1e3<(r=parseInt(t.value,10))?r=1e3:~~r<200&&(r=200),s.height=r):"link"===t.message&&(r=new URL(s.getAttribute("src")),n=new URL(t.value),c.test(n.protocol))&&n.host===r.host&&l.activeElement===s&&(d.top.location.href=t.value))}},d.addEventListener("message",d.wp.receiveEmbedMessage,!1),l.addEventListener("DOMContentLoaded",function(){for(var e,t,s=l.querySelectorAll("iframe.wp-embedded-content"),r=0;r<s.length;r++)(t=(e=s[r]).getAttribute("data-secret"))||(t=Math.random().toString(36).substring(2,12),e.src+="#?secret="+t,e.setAttribute("data-secret",t)),e.contentWindow.postMessage({message:"ready",secret:t},"*")},!1)))}(window,document);
//# sourceURL=https://blogs.diariovasco.com/apartirdelos50/wp-includes/js/wp-embed.min.js
</script>

Si echo la vista atrás e intento acordarme de todo el daño que he tenido que soportar a lo largo de más de cincuenta años me entra un mareo súbito, como un bajonazo de tensión que me deja traspuesta. Es la defensa de mi cuerpo, el aviso inconfundible de que voy a cometer una tontería [&hellip;]
