{"version":"1.0","provider_name":"A partir de los 50","provider_url":"https:\/\/blogs.diariovasco.com\/apartirdelos50","author_name":"Cecilia Casado","author_url":"https:\/\/blogs.diariovasco.com\/apartirdelos50\/author\/a-partir-de-los-50\/","title":"Carnet de voyage. Burdeos-2 - A partir de los 50","type":"rich","width":600,"height":338,"html":"<blockquote class=\"wp-embedded-content\" data-secret=\"bhYMVqHu44\"><a href=\"https:\/\/blogs.diariovasco.com\/apartirdelos50\/2011\/11\/03\/carnet_de_voyage_burdeos_2\/\">Carnet de voyage. Burdeos-2<\/a><\/blockquote><iframe sandbox=\"allow-scripts\" security=\"restricted\" src=\"https:\/\/blogs.diariovasco.com\/apartirdelos50\/2011\/11\/03\/carnet_de_voyage_burdeos_2\/embed\/#?secret=bhYMVqHu44\" width=\"600\" height=\"338\" title=\"&#8220;Carnet de voyage. Burdeos-2&#8221; &#8212; A partir de los 50\" data-secret=\"bhYMVqHu44\" frameborder=\"0\" marginwidth=\"0\" marginheight=\"0\" scrolling=\"no\" class=\"wp-embedded-content\"><\/iframe><script>\n\/*! This file is auto-generated *\/\n!function(d,l){\"use strict\";l.querySelector&&d.addEventListener&&\"undefined\"!=typeof URL&&(d.wp=d.wp||{},d.wp.receiveEmbedMessage||(d.wp.receiveEmbedMessage=function(e){var t=e.data;if((t||t.secret||t.message||t.value)&&!\/[^a-zA-Z0-9]\/.test(t.secret)){for(var s,r,n,a=l.querySelectorAll('iframe[data-secret=\"'+t.secret+'\"]'),o=l.querySelectorAll('blockquote[data-secret=\"'+t.secret+'\"]'),c=new RegExp(\"^https?:$\",\"i\"),i=0;i<o.length;i++)o[i].style.display=\"none\";for(i=0;i<a.length;i++)s=a[i],e.source===s.contentWindow&&(s.removeAttribute(\"style\"),\"height\"===t.message?(1e3<(r=parseInt(t.value,10))?r=1e3:~~r<200&&(r=200),s.height=r):\"link\"===t.message&&(r=new URL(s.getAttribute(\"src\")),n=new URL(t.value),c.test(n.protocol))&&n.host===r.host&&l.activeElement===s&&(d.top.location.href=t.value))}},d.addEventListener(\"message\",d.wp.receiveEmbedMessage,!1),l.addEventListener(\"DOMContentLoaded\",function(){for(var e,t,s=l.querySelectorAll(\"iframe.wp-embedded-content\"),r=0;r<s.length;r++)(t=(e=s[r]).getAttribute(\"data-secret\"))||(t=Math.random().toString(36).substring(2,12),e.src+=\"#?secret=\"+t,e.setAttribute(\"data-secret\",t)),e.contentWindow.postMessage({message:\"ready\",secret:t},\"*\")},!1)))}(window,document);\n\/\/# sourceURL=https:\/\/blogs.diariovasco.com\/apartirdelos50\/wp-includes\/js\/wp-embed.min.js\n<\/script>\n","description":"He venido a esta ciudad no con intereses tur\u00edsticos, sino a disfrutar de la compa\u00f1\u00eda de mi hija que vive aqu\u00ed este curso acad\u00e9mico, as\u00ed que la c\u00e1mara de fotos se ha quedado en casa, el programa cultural lo he dejado de lado y tan s\u00f3lo he entrado en algunas iglesias atra\u00edda por la inercia [&hellip;]","thumbnail_url":"http:\/\/farm6.static.flickr.com\/5131\/5434434863_4572a1280e.jpg"}

He venido a esta ciudad no con intereses turísticos, sino a disfrutar de la compañía de mi hija que vive aquí este curso académico, así que la cámara de fotos se ha quedado en casa, el programa cultural lo he dejado de lado y tan sólo he entrado en algunas iglesias atraída por la inercia [&hellip;]
