{"version":"1.0","provider_name":"A partir de los 50","provider_url":"https:\/\/blogs.diariovasco.com\/apartirdelos50","author_name":"Cecilia Casado","author_url":"https:\/\/blogs.diariovasco.com\/apartirdelos50\/author\/a-partir-de-los-50\/","title":"Luna llena en Chiapas - A partir de los 50","type":"rich","width":600,"height":338,"html":"<blockquote class=\"wp-embedded-content\" data-secret=\"6YRkuIh74N\"><a href=\"https:\/\/blogs.diariovasco.com\/apartirdelos50\/2012\/03\/08\/luna-llena-en-chiapas\/\">Luna llena en Chiapas<\/a><\/blockquote><iframe sandbox=\"allow-scripts\" security=\"restricted\" src=\"https:\/\/blogs.diariovasco.com\/apartirdelos50\/2012\/03\/08\/luna-llena-en-chiapas\/embed\/#?secret=6YRkuIh74N\" width=\"600\" height=\"338\" title=\"&#8220;Luna llena en Chiapas&#8221; &#8212; A partir de los 50\" data-secret=\"6YRkuIh74N\" frameborder=\"0\" marginwidth=\"0\" marginheight=\"0\" scrolling=\"no\" class=\"wp-embedded-content\"><\/iframe><script>\n\/*! This file is auto-generated *\/\n!function(d,l){\"use strict\";l.querySelector&&d.addEventListener&&\"undefined\"!=typeof URL&&(d.wp=d.wp||{},d.wp.receiveEmbedMessage||(d.wp.receiveEmbedMessage=function(e){var t=e.data;if((t||t.secret||t.message||t.value)&&!\/[^a-zA-Z0-9]\/.test(t.secret)){for(var s,r,n,a=l.querySelectorAll('iframe[data-secret=\"'+t.secret+'\"]'),o=l.querySelectorAll('blockquote[data-secret=\"'+t.secret+'\"]'),c=new RegExp(\"^https?:$\",\"i\"),i=0;i<o.length;i++)o[i].style.display=\"none\";for(i=0;i<a.length;i++)s=a[i],e.source===s.contentWindow&&(s.removeAttribute(\"style\"),\"height\"===t.message?(1e3<(r=parseInt(t.value,10))?r=1e3:~~r<200&&(r=200),s.height=r):\"link\"===t.message&&(r=new URL(s.getAttribute(\"src\")),n=new URL(t.value),c.test(n.protocol))&&n.host===r.host&&l.activeElement===s&&(d.top.location.href=t.value))}},d.addEventListener(\"message\",d.wp.receiveEmbedMessage,!1),l.addEventListener(\"DOMContentLoaded\",function(){for(var e,t,s=l.querySelectorAll(\"iframe.wp-embedded-content\"),r=0;r<s.length;r++)(t=(e=s[r]).getAttribute(\"data-secret\"))||(t=Math.random().toString(36).substring(2,12),e.src+=\"#?secret=\"+t,e.setAttribute(\"data-secret\",t)),e.contentWindow.postMessage({message:\"ready\",secret:t},\"*\")},!1)))}(window,document);\n\/\/# sourceURL=https:\/\/blogs.diariovasco.com\/apartirdelos50\/wp-includes\/js\/wp-embed.min.js\n<\/script>\n","description":"Ayer me despert\u00f3 la luna a las cuatro de la ma\u00f1ana. No s\u00e9 por qu\u00e9 se le ocurri\u00f3 susurrarme al o\u00eddo en mitad de la noche sabiendo como sabe despu\u00e9s de tantos a\u00f1os que no me hace feliz dormir sola cuando se viste de gala y que se me enfr\u00eda el coraz\u00f3n si no hago [&hellip;]","thumbnail_url":"http:\/\/farm2.staticflickr.com\/1196\/931835487_346c0e24a1_z.jpg"}

Ayer me despertó la luna a las cuatro de la mañana. No sé por qué se le ocurrió susurrarme al oído en mitad de la noche sabiendo como sabe después de tantos años que no me hace feliz dormir sola cuando se viste de gala y que se me enfría el corazón si no hago [&hellip;]
