{"version":"1.0","provider_name":"A partir de los 50","provider_url":"https:\/\/blogs.diariovasco.com\/apartirdelos50","author_name":"Cecilia Casado","author_url":"https:\/\/blogs.diariovasco.com\/apartirdelos50\/author\/a-partir-de-los-50\/","title":"El \"timo\" de las rebajas - A partir de los 50","type":"rich","width":600,"height":338,"html":"<blockquote class=\"wp-embedded-content\" data-secret=\"GG3YYxZV5l\"><a href=\"https:\/\/blogs.diariovasco.com\/apartirdelos50\/2014\/01\/09\/el-timo-de-las-rebajas\/\">El &#8220;timo&#8221; de las rebajas<\/a><\/blockquote><iframe sandbox=\"allow-scripts\" security=\"restricted\" src=\"https:\/\/blogs.diariovasco.com\/apartirdelos50\/2014\/01\/09\/el-timo-de-las-rebajas\/embed\/#?secret=GG3YYxZV5l\" width=\"600\" height=\"338\" title=\"&#8220;El &#8220;timo&#8221; de las rebajas&#8221; &#8212; A partir de los 50\" data-secret=\"GG3YYxZV5l\" frameborder=\"0\" marginwidth=\"0\" marginheight=\"0\" scrolling=\"no\" class=\"wp-embedded-content\"><\/iframe><script>\n\/*! This file is auto-generated *\/\n!function(d,l){\"use strict\";l.querySelector&&d.addEventListener&&\"undefined\"!=typeof URL&&(d.wp=d.wp||{},d.wp.receiveEmbedMessage||(d.wp.receiveEmbedMessage=function(e){var t=e.data;if((t||t.secret||t.message||t.value)&&!\/[^a-zA-Z0-9]\/.test(t.secret)){for(var s,r,n,a=l.querySelectorAll('iframe[data-secret=\"'+t.secret+'\"]'),o=l.querySelectorAll('blockquote[data-secret=\"'+t.secret+'\"]'),c=new RegExp(\"^https?:$\",\"i\"),i=0;i<o.length;i++)o[i].style.display=\"none\";for(i=0;i<a.length;i++)s=a[i],e.source===s.contentWindow&&(s.removeAttribute(\"style\"),\"height\"===t.message?(1e3<(r=parseInt(t.value,10))?r=1e3:~~r<200&&(r=200),s.height=r):\"link\"===t.message&&(r=new URL(s.getAttribute(\"src\")),n=new URL(t.value),c.test(n.protocol))&&n.host===r.host&&l.activeElement===s&&(d.top.location.href=t.value))}},d.addEventListener(\"message\",d.wp.receiveEmbedMessage,!1),l.addEventListener(\"DOMContentLoaded\",function(){for(var e,t,s=l.querySelectorAll(\"iframe.wp-embedded-content\"),r=0;r<s.length;r++)(t=(e=s[r]).getAttribute(\"data-secret\"))||(t=Math.random().toString(36).substring(2,12),e.src+=\"#?secret=\"+t,e.setAttribute(\"data-secret\",t)),e.contentWindow.postMessage({message:\"ready\",secret:t},\"*\")},!1)))}(window,document);\n\/\/# sourceURL=https:\/\/blogs.diariovasco.com\/apartirdelos50\/wp-includes\/js\/wp-embed.min.js\n<\/script>\n","description":"\u00a0 Hoy he abierto mis armarios (dos) con intenci\u00f3n alevosa de expurgar su contenido; m\u00e1s que nada porque he tenido la sensaci\u00f3n de que hay en ellos prendas hasta para hacerme el sudario el d\u00eda que me toque abandonar este mundo, en un plazo futuro (y deseado) de unos veinte a\u00f1os o as\u00ed. Es entonces [&hellip;]","thumbnail_url":"http:\/\/i1285.photobucket.com\/albums\/a586\/vivirenunapecera\/imgblg\/rebajas02.jpg~original"}

Hoy he abierto mis armarios (dos) con intención alevosa de expurgar su contenido; más que nada porque he tenido la sensación de que hay en ellos prendas hasta para hacerme el sudario el día que me toque abandonar este mundo, en un plazo futuro (y deseado) de unos veinte años o así. Es entonces [&hellip;]
