{"version":"1.0","provider_name":"A partir de los 50","provider_url":"https:\/\/blogs.diariovasco.com\/apartirdelos50","author_name":"Cecilia Casado","author_url":"https:\/\/blogs.diariovasco.com\/apartirdelos50\/author\/a-partir-de-los-50\/","title":"Toblerone. (Aeropuerto de Berl\u00edn-Sch\u00f6nefeld) - A partir de los 50","type":"rich","width":600,"height":338,"html":"<blockquote class=\"wp-embedded-content\" data-secret=\"npSUcC4uXP\"><a href=\"https:\/\/blogs.diariovasco.com\/apartirdelos50\/2016\/11\/21\/toblerone-aeropuerto-de-berlin-schonefeld\/\">Toblerone. (Aeropuerto de Berl\u00edn-Sch\u00f6nefeld)<\/a><\/blockquote><iframe sandbox=\"allow-scripts\" security=\"restricted\" src=\"https:\/\/blogs.diariovasco.com\/apartirdelos50\/2016\/11\/21\/toblerone-aeropuerto-de-berlin-schonefeld\/embed\/#?secret=npSUcC4uXP\" width=\"600\" height=\"338\" title=\"&#8220;Toblerone. (Aeropuerto de Berl\u00edn-Sch\u00f6nefeld)&#8221; &#8212; A partir de los 50\" data-secret=\"npSUcC4uXP\" frameborder=\"0\" marginwidth=\"0\" marginheight=\"0\" scrolling=\"no\" class=\"wp-embedded-content\"><\/iframe><script>\n\/*! This file is auto-generated *\/\n!function(d,l){\"use strict\";l.querySelector&&d.addEventListener&&\"undefined\"!=typeof URL&&(d.wp=d.wp||{},d.wp.receiveEmbedMessage||(d.wp.receiveEmbedMessage=function(e){var t=e.data;if((t||t.secret||t.message||t.value)&&!\/[^a-zA-Z0-9]\/.test(t.secret)){for(var s,r,n,a=l.querySelectorAll('iframe[data-secret=\"'+t.secret+'\"]'),o=l.querySelectorAll('blockquote[data-secret=\"'+t.secret+'\"]'),c=new RegExp(\"^https?:$\",\"i\"),i=0;i<o.length;i++)o[i].style.display=\"none\";for(i=0;i<a.length;i++)s=a[i],e.source===s.contentWindow&&(s.removeAttribute(\"style\"),\"height\"===t.message?(1e3<(r=parseInt(t.value,10))?r=1e3:~~r<200&&(r=200),s.height=r):\"link\"===t.message&&(r=new URL(s.getAttribute(\"src\")),n=new URL(t.value),c.test(n.protocol))&&n.host===r.host&&l.activeElement===s&&(d.top.location.href=t.value))}},d.addEventListener(\"message\",d.wp.receiveEmbedMessage,!1),l.addEventListener(\"DOMContentLoaded\",function(){for(var e,t,s=l.querySelectorAll(\"iframe.wp-embedded-content\"),r=0;r<s.length;r++)(t=(e=s[r]).getAttribute(\"data-secret\"))||(t=Math.random().toString(36).substring(2,12),e.src+=\"#?secret=\"+t,e.setAttribute(\"data-secret\",t)),e.contentWindow.postMessage({message:\"ready\",secret:t},\"*\")},!1)))}(window,document);\n\/\/# sourceURL=https:\/\/blogs.diariovasco.com\/apartirdelos50\/wp-includes\/js\/wp-embed.min.js\n<\/script>\n","description":"&nbsp; &nbsp; Los aeropuertos me han producido siempre una sensaci\u00f3n de alegr\u00eda. Lejos de deprimirme por colas, aglomeraciones y gente tirada por los suelos tan s\u00f3lo pienso en el placer de llegar y, cuando toca, en el placer de regresar. Digo esto porque soy muy consciente de que jam\u00e1s he volado por trabajo ni por [&hellip;]","thumbnail_url":"http:\/\/elblogdelvuelo.es\/files\/2012\/05\/plane-500x332.jpg"}

Toblerone. (Aeropuerto de Berlín-Schönefeld) - A partir de los 50

<blockquote class="wp-embedded-content" data-secret="npSUcC4uXP"><a href="https://blogs.diariovasco.com/apartirdelos50/2016/11/21/toblerone-aeropuerto-de-berlin-schonefeld/">Toblerone. (Aeropuerto de Berlín-Schönefeld)</a></blockquote><iframe sandbox="allow-scripts" security="restricted" src="https://blogs.diariovasco.com/apartirdelos50/2016/11/21/toblerone-aeropuerto-de-berlin-schonefeld/embed/#?secret=npSUcC4uXP" width="600" height="338" title="&#8220;Toblerone. (Aeropuerto de Berlín-Schönefeld)&#8221; &#8212; A partir de los 50" data-secret="npSUcC4uXP" frameborder="0" marginwidth="0" marginheight="0" scrolling="no" class="wp-embedded-content"></iframe><script>
/*! This file is auto-generated */
!function(d,l){"use strict";l.querySelector&&d.addEventListener&&"undefined"!=typeof URL&&(d.wp=d.wp||{},d.wp.receiveEmbedMessage||(d.wp.receiveEmbedMessage=function(e){var t=e.data;if((t||t.secret||t.message||t.value)&&!/[^a-zA-Z0-9]/.test(t.secret)){for(var s,r,n,a=l.querySelectorAll('iframe[data-secret="'+t.secret+'"]'),o=l.querySelectorAll('blockquote[data-secret="'+t.secret+'"]'),c=new RegExp("^https?:$","i"),i=0;i<o.length;i++)o[i].style.display="none";for(i=0;i<a.length;i++)s=a[i],e.source===s.contentWindow&&(s.removeAttribute("style"),"height"===t.message?(1e3<(r=parseInt(t.value,10))?r=1e3:~~r<200&&(r=200),s.height=r):"link"===t.message&&(r=new URL(s.getAttribute("src")),n=new URL(t.value),c.test(n.protocol))&&n.host===r.host&&l.activeElement===s&&(d.top.location.href=t.value))}},d.addEventListener("message",d.wp.receiveEmbedMessage,!1),l.addEventListener("DOMContentLoaded",function(){for(var e,t,s=l.querySelectorAll("iframe.wp-embedded-content"),r=0;r<s.length;r++)(t=(e=s[r]).getAttribute("data-secret"))||(t=Math.random().toString(36).substring(2,12),e.src+="#?secret="+t,e.setAttribute("data-secret",t)),e.contentWindow.postMessage({message:"ready",secret:t},"*")},!1)))}(window,document);
//# sourceURL=https://blogs.diariovasco.com/apartirdelos50/wp-includes/js/wp-embed.min.js
</script>

&nbsp; &nbsp; Los aeropuertos me han producido siempre una sensación de alegría. Lejos de deprimirme por colas, aglomeraciones y gente tirada por los suelos tan sólo pienso en el placer de llegar y, cuando toca, en el placer de regresar. Digo esto porque soy muy consciente de que jamás he volado por trabajo ni por [&hellip;]
