{"version":"1.0","provider_name":"A partir de los 50","provider_url":"https:\/\/blogs.diariovasco.com\/apartirdelos50","author_name":"Cecilia Casado","author_url":"https:\/\/blogs.diariovasco.com\/apartirdelos50\/author\/a-partir-de-los-50\/","title":"\u00bfA qu\u00e9 da derecho la mucha edad? - A partir de los 50","type":"rich","width":600,"height":338,"html":"<blockquote class=\"wp-embedded-content\" data-secret=\"Xb8EAv1pzy\"><a href=\"https:\/\/blogs.diariovasco.com\/apartirdelos50\/2017\/02\/17\/a-que-da-derecho-la-edad\/\">\u00bfA qu\u00e9 da derecho la mucha edad?<\/a><\/blockquote><iframe sandbox=\"allow-scripts\" security=\"restricted\" src=\"https:\/\/blogs.diariovasco.com\/apartirdelos50\/2017\/02\/17\/a-que-da-derecho-la-edad\/embed\/#?secret=Xb8EAv1pzy\" width=\"600\" height=\"338\" title=\"&#8220;\u00bfA qu\u00e9 da derecho la mucha edad?&#8221; &#8212; A partir de los 50\" data-secret=\"Xb8EAv1pzy\" frameborder=\"0\" marginwidth=\"0\" marginheight=\"0\" scrolling=\"no\" class=\"wp-embedded-content\"><\/iframe><script>\n\/*! This file is auto-generated *\/\n!function(d,l){\"use strict\";l.querySelector&&d.addEventListener&&\"undefined\"!=typeof URL&&(d.wp=d.wp||{},d.wp.receiveEmbedMessage||(d.wp.receiveEmbedMessage=function(e){var t=e.data;if((t||t.secret||t.message||t.value)&&!\/[^a-zA-Z0-9]\/.test(t.secret)){for(var s,r,n,a=l.querySelectorAll('iframe[data-secret=\"'+t.secret+'\"]'),o=l.querySelectorAll('blockquote[data-secret=\"'+t.secret+'\"]'),c=new RegExp(\"^https?:$\",\"i\"),i=0;i<o.length;i++)o[i].style.display=\"none\";for(i=0;i<a.length;i++)s=a[i],e.source===s.contentWindow&&(s.removeAttribute(\"style\"),\"height\"===t.message?(1e3<(r=parseInt(t.value,10))?r=1e3:~~r<200&&(r=200),s.height=r):\"link\"===t.message&&(r=new URL(s.getAttribute(\"src\")),n=new URL(t.value),c.test(n.protocol))&&n.host===r.host&&l.activeElement===s&&(d.top.location.href=t.value))}},d.addEventListener(\"message\",d.wp.receiveEmbedMessage,!1),l.addEventListener(\"DOMContentLoaded\",function(){for(var e,t,s=l.querySelectorAll(\"iframe.wp-embedded-content\"),r=0;r<s.length;r++)(t=(e=s[r]).getAttribute(\"data-secret\"))||(t=Math.random().toString(36).substring(2,12),e.src+=\"#?secret=\"+t,e.setAttribute(\"data-secret\",t)),e.contentWindow.postMessage({message:\"ready\",secret:t},\"*\")},!1)))}(window,document);\n\/\/# sourceURL=https:\/\/blogs.diariovasco.com\/apartirdelos50\/wp-includes\/js\/wp-embed.min.js\n<\/script>\n","description":"\u00a0 \u00daltimamente me est\u00e1 dando por fijarme con inter\u00e9s y tes\u00f3n en las peculiaridades de las personas mayores que se cruzan en mi camino. No es que me hayan encargado un estudio sociol\u00f3gico, pero s\u00ed que es cierto que se me ha despertado una especie de necesidad por estudiar de alguna manera el comportamiento social [&hellip;]","thumbnail_url":"http:\/\/media.cubadebate.cu\/wp-content\/uploads\/2012\/02\/encuentro-por-la-paz_mg_5010.jpg"}

¿A qué da derecho la mucha edad? - A partir de los 50

<blockquote class="wp-embedded-content" data-secret="Xb8EAv1pzy"><a href="https://blogs.diariovasco.com/apartirdelos50/2017/02/17/a-que-da-derecho-la-edad/">¿A qué da derecho la mucha edad?</a></blockquote><iframe sandbox="allow-scripts" security="restricted" src="https://blogs.diariovasco.com/apartirdelos50/2017/02/17/a-que-da-derecho-la-edad/embed/#?secret=Xb8EAv1pzy" width="600" height="338" title="&#8220;¿A qué da derecho la mucha edad?&#8221; &#8212; A partir de los 50" data-secret="Xb8EAv1pzy" frameborder="0" marginwidth="0" marginheight="0" scrolling="no" class="wp-embedded-content"></iframe><script>
/*! This file is auto-generated */
!function(d,l){"use strict";l.querySelector&&d.addEventListener&&"undefined"!=typeof URL&&(d.wp=d.wp||{},d.wp.receiveEmbedMessage||(d.wp.receiveEmbedMessage=function(e){var t=e.data;if((t||t.secret||t.message||t.value)&&!/[^a-zA-Z0-9]/.test(t.secret)){for(var s,r,n,a=l.querySelectorAll('iframe[data-secret="'+t.secret+'"]'),o=l.querySelectorAll('blockquote[data-secret="'+t.secret+'"]'),c=new RegExp("^https?:$","i"),i=0;i<o.length;i++)o[i].style.display="none";for(i=0;i<a.length;i++)s=a[i],e.source===s.contentWindow&&(s.removeAttribute("style"),"height"===t.message?(1e3<(r=parseInt(t.value,10))?r=1e3:~~r<200&&(r=200),s.height=r):"link"===t.message&&(r=new URL(s.getAttribute("src")),n=new URL(t.value),c.test(n.protocol))&&n.host===r.host&&l.activeElement===s&&(d.top.location.href=t.value))}},d.addEventListener("message",d.wp.receiveEmbedMessage,!1),l.addEventListener("DOMContentLoaded",function(){for(var e,t,s=l.querySelectorAll("iframe.wp-embedded-content"),r=0;r<s.length;r++)(t=(e=s[r]).getAttribute("data-secret"))||(t=Math.random().toString(36).substring(2,12),e.src+="#?secret="+t,e.setAttribute("data-secret",t)),e.contentWindow.postMessage({message:"ready",secret:t},"*")},!1)))}(window,document);
//# sourceURL=https://blogs.diariovasco.com/apartirdelos50/wp-includes/js/wp-embed.min.js
</script>

Últimamente me está dando por fijarme con interés y tesón en las peculiaridades de las personas mayores que se cruzan en mi camino. No es que me hayan encargado un estudio sociológico, pero sí que es cierto que se me ha despertado una especie de necesidad por estudiar de alguna manera el comportamiento social [&hellip;]
