{"version":"1.0","provider_name":"A partir de los 50","provider_url":"https:\/\/blogs.diariovasco.com\/apartirdelos50","author_name":"Cecilia Casado","author_url":"https:\/\/blogs.diariovasco.com\/apartirdelos50\/author\/a-partir-de-los-50\/","title":"\"A enemigo que huye, puente de plata\" - A partir de los 50","type":"rich","width":600,"height":338,"html":"<blockquote class=\"wp-embedded-content\" data-secret=\"ocohNsAQ9Q\"><a href=\"https:\/\/blogs.diariovasco.com\/apartirdelos50\/2017\/02\/24\/a-enemigo-que-huye-puente-de-plata\/\">&#8220;A enemigo que huye, puente de plata&#8221;<\/a><\/blockquote><iframe sandbox=\"allow-scripts\" security=\"restricted\" src=\"https:\/\/blogs.diariovasco.com\/apartirdelos50\/2017\/02\/24\/a-enemigo-que-huye-puente-de-plata\/embed\/#?secret=ocohNsAQ9Q\" width=\"600\" height=\"338\" title=\"&#8220;&#8220;A enemigo que huye, puente de plata&#8221;&#8221; &#8212; A partir de los 50\" data-secret=\"ocohNsAQ9Q\" frameborder=\"0\" marginwidth=\"0\" marginheight=\"0\" scrolling=\"no\" class=\"wp-embedded-content\"><\/iframe><script>\n\/*! This file is auto-generated *\/\n!function(d,l){\"use strict\";l.querySelector&&d.addEventListener&&\"undefined\"!=typeof URL&&(d.wp=d.wp||{},d.wp.receiveEmbedMessage||(d.wp.receiveEmbedMessage=function(e){var t=e.data;if((t||t.secret||t.message||t.value)&&!\/[^a-zA-Z0-9]\/.test(t.secret)){for(var s,r,n,a=l.querySelectorAll('iframe[data-secret=\"'+t.secret+'\"]'),o=l.querySelectorAll('blockquote[data-secret=\"'+t.secret+'\"]'),c=new RegExp(\"^https?:$\",\"i\"),i=0;i<o.length;i++)o[i].style.display=\"none\";for(i=0;i<a.length;i++)s=a[i],e.source===s.contentWindow&&(s.removeAttribute(\"style\"),\"height\"===t.message?(1e3<(r=parseInt(t.value,10))?r=1e3:~~r<200&&(r=200),s.height=r):\"link\"===t.message&&(r=new URL(s.getAttribute(\"src\")),n=new URL(t.value),c.test(n.protocol))&&n.host===r.host&&l.activeElement===s&&(d.top.location.href=t.value))}},d.addEventListener(\"message\",d.wp.receiveEmbedMessage,!1),l.addEventListener(\"DOMContentLoaded\",function(){for(var e,t,s=l.querySelectorAll(\"iframe.wp-embedded-content\"),r=0;r<s.length;r++)(t=(e=s[r]).getAttribute(\"data-secret\"))||(t=Math.random().toString(36).substring(2,12),e.src+=\"#?secret=\"+t,e.setAttribute(\"data-secret\",t)),e.contentWindow.postMessage({message:\"ready\",secret:t},\"*\")},!1)))}(window,document);\n\/\/# sourceURL=https:\/\/blogs.diariovasco.com\/apartirdelos50\/wp-includes\/js\/wp-embed.min.js\n<\/script>\n","description":"&nbsp; Dir\u00eda que personalmente no creo tener enemigos en el amplio sentido de la palabra, aunque quiz\u00e1s sea porque los que haya podido tener alguna vez est\u00e9n ahora mismo muy, muy lejos de mi vida. \u00bfC\u00f3mo se originan los enemigos? Aparte de por desacuerdos y peleas de diversa \u00edndole duraderas en el tiempo, tambi\u00e9n hay [&hellip;]","thumbnail_url":"https:\/\/4.bp.blogspot.com\/-KtlN_YsLaoc\/VDquKEvUjnI\/AAAAAAAAJaE\/xfvB6pRenAI\/w506-h404\/A%2BENEMIGO%2BQUE%2BHUYE,%2BPUENTE%2BDE%2BPLATA%2B-%2B73X92%2BCMS..JPG"}

&nbsp; Diría que personalmente no creo tener enemigos en el amplio sentido de la palabra, aunque quizás sea porque los que haya podido tener alguna vez estén ahora mismo muy, muy lejos de mi vida. ¿Cómo se originan los enemigos? Aparte de por desacuerdos y peleas de diversa índole duraderas en el tiempo, también hay [&hellip;]
