{"version":"1.0","provider_name":"A partir de los 50","provider_url":"https:\/\/blogs.diariovasco.com\/apartirdelos50","author_name":"Cecilia Casado","author_url":"https:\/\/blogs.diariovasco.com\/apartirdelos50\/author\/a-partir-de-los-50\/","title":"Zorionak Xixili. (El privilegio de ser madre) - A partir de los 50","type":"rich","width":600,"height":338,"html":"<blockquote class=\"wp-embedded-content\" data-secret=\"Eqk9qSDrdo\"><a href=\"https:\/\/blogs.diariovasco.com\/apartirdelos50\/2018\/01\/31\/zorionak-xixili-el-privilegio-de-ser-madre\/\">Zorionak Xixili. (El privilegio de ser madre)<\/a><\/blockquote><iframe sandbox=\"allow-scripts\" security=\"restricted\" src=\"https:\/\/blogs.diariovasco.com\/apartirdelos50\/2018\/01\/31\/zorionak-xixili-el-privilegio-de-ser-madre\/embed\/#?secret=Eqk9qSDrdo\" width=\"600\" height=\"338\" title=\"&#8220;Zorionak Xixili. (El privilegio de ser madre)&#8221; &#8212; A partir de los 50\" data-secret=\"Eqk9qSDrdo\" frameborder=\"0\" marginwidth=\"0\" marginheight=\"0\" scrolling=\"no\" class=\"wp-embedded-content\"><\/iframe><script>\n\/*! This file is auto-generated *\/\n!function(d,l){\"use strict\";l.querySelector&&d.addEventListener&&\"undefined\"!=typeof URL&&(d.wp=d.wp||{},d.wp.receiveEmbedMessage||(d.wp.receiveEmbedMessage=function(e){var t=e.data;if((t||t.secret||t.message||t.value)&&!\/[^a-zA-Z0-9]\/.test(t.secret)){for(var s,r,n,a=l.querySelectorAll('iframe[data-secret=\"'+t.secret+'\"]'),o=l.querySelectorAll('blockquote[data-secret=\"'+t.secret+'\"]'),c=new RegExp(\"^https?:$\",\"i\"),i=0;i<o.length;i++)o[i].style.display=\"none\";for(i=0;i<a.length;i++)s=a[i],e.source===s.contentWindow&&(s.removeAttribute(\"style\"),\"height\"===t.message?(1e3<(r=parseInt(t.value,10))?r=1e3:~~r<200&&(r=200),s.height=r):\"link\"===t.message&&(r=new URL(s.getAttribute(\"src\")),n=new URL(t.value),c.test(n.protocol))&&n.host===r.host&&l.activeElement===s&&(d.top.location.href=t.value))}},d.addEventListener(\"message\",d.wp.receiveEmbedMessage,!1),l.addEventListener(\"DOMContentLoaded\",function(){for(var e,t,s=l.querySelectorAll(\"iframe.wp-embedded-content\"),r=0;r<s.length;r++)(t=(e=s[r]).getAttribute(\"data-secret\"))||(t=Math.random().toString(36).substring(2,12),e.src+=\"#?secret=\"+t,e.setAttribute(\"data-secret\",t)),e.contentWindow.postMessage({message:\"ready\",secret:t},\"*\")},!1)))}(window,document);\n\/\/# sourceURL=https:\/\/blogs.diariovasco.com\/apartirdelos50\/wp-includes\/js\/wp-embed.min.js\n<\/script>\n","description":"&nbsp; Hoy celebramos el aniversario de mi hija mayor, Xixili, la primera ni\u00f1a de mis ojos que sigue estando en mi coraz\u00f3n tan presente como si no hubiera miles de kil\u00f3metros mezcl\u00e1ndose con nuestros abrazos. Ahora que est\u00e1 tan de moda entre cierto sector del colectivo materno echar pestes con fina iron\u00eda del hecho en [&hellip;]","thumbnail_url":"https:\/\/i.pinimg.com\/736x\/d9\/fd\/ff\/d9fdffebbcefe17ab04688f3cf0532f5--mother-daughter-art-mother-and-child.jpg"}

&nbsp; Hoy celebramos el aniversario de mi hija mayor, Xixili, la primera niña de mis ojos que sigue estando en mi corazón tan presente como si no hubiera miles de kilómetros mezclándose con nuestros abrazos. Ahora que está tan de moda entre cierto sector del colectivo materno echar pestes con fina ironía del hecho en [&hellip;]
