{"version":"1.0","provider_name":"A partir de los 50","provider_url":"https:\/\/blogs.diariovasco.com\/apartirdelos50","author_name":"Cecilia Casado","author_url":"https:\/\/blogs.diariovasco.com\/apartirdelos50\/author\/a-partir-de-los-50\/","title":"Bronceado mortal...o casi - A partir de los 50","type":"rich","width":600,"height":338,"html":"<blockquote class=\"wp-embedded-content\" data-secret=\"YRmgBzZGhd\"><a href=\"https:\/\/blogs.diariovasco.com\/apartirdelos50\/2018\/06\/29\/bronceado-mortal-o-casi\/\">Bronceado mortal&#8230;o casi<\/a><\/blockquote><iframe sandbox=\"allow-scripts\" security=\"restricted\" src=\"https:\/\/blogs.diariovasco.com\/apartirdelos50\/2018\/06\/29\/bronceado-mortal-o-casi\/embed\/#?secret=YRmgBzZGhd\" width=\"600\" height=\"338\" title=\"&#8220;Bronceado mortal&#8230;o casi&#8221; &#8212; A partir de los 50\" data-secret=\"YRmgBzZGhd\" frameborder=\"0\" marginwidth=\"0\" marginheight=\"0\" scrolling=\"no\" class=\"wp-embedded-content\"><\/iframe><script>\n\/*! This file is auto-generated *\/\n!function(d,l){\"use strict\";l.querySelector&&d.addEventListener&&\"undefined\"!=typeof URL&&(d.wp=d.wp||{},d.wp.receiveEmbedMessage||(d.wp.receiveEmbedMessage=function(e){var t=e.data;if((t||t.secret||t.message||t.value)&&!\/[^a-zA-Z0-9]\/.test(t.secret)){for(var s,r,n,a=l.querySelectorAll('iframe[data-secret=\"'+t.secret+'\"]'),o=l.querySelectorAll('blockquote[data-secret=\"'+t.secret+'\"]'),c=new RegExp(\"^https?:$\",\"i\"),i=0;i<o.length;i++)o[i].style.display=\"none\";for(i=0;i<a.length;i++)s=a[i],e.source===s.contentWindow&&(s.removeAttribute(\"style\"),\"height\"===t.message?(1e3<(r=parseInt(t.value,10))?r=1e3:~~r<200&&(r=200),s.height=r):\"link\"===t.message&&(r=new URL(s.getAttribute(\"src\")),n=new URL(t.value),c.test(n.protocol))&&n.host===r.host&&l.activeElement===s&&(d.top.location.href=t.value))}},d.addEventListener(\"message\",d.wp.receiveEmbedMessage,!1),l.addEventListener(\"DOMContentLoaded\",function(){for(var e,t,s=l.querySelectorAll(\"iframe.wp-embedded-content\"),r=0;r<s.length;r++)(t=(e=s[r]).getAttribute(\"data-secret\"))||(t=Math.random().toString(36).substring(2,12),e.src+=\"#?secret=\"+t,e.setAttribute(\"data-secret\",t)),e.contentWindow.postMessage({message:\"ready\",secret:t},\"*\")},!1)))}(window,document);\n\/\/# sourceURL=https:\/\/blogs.diariovasco.com\/apartirdelos50\/wp-includes\/js\/wp-embed.min.js\n<\/script>\n","description":"*** Joaqu\u00edn Sorolla. &#8220;Paseo por la playa&#8221; Mi madre y mi abuela se ufanaban de tener la piel blanca, muy blanca. Eran tiempos en los que la piel morena \u2013que no bronceada- significaba baja extracci\u00f3n social. Y no lo digo yo, sino que era as\u00ed; recordemos a las se\u00f1oras con pamela y sombrilla, bien protegidas [&hellip;]","thumbnail_url":"http:\/\/blogs.diariovasco.com\/apartirdelos50\/wp-content\/uploads\/sites\/19\/2018\/06\/Sorolla.jpg"}

*** Joaquín Sorolla. &#8220;Paseo por la playa&#8221; Mi madre y mi abuela se ufanaban de tener la piel blanca, muy blanca. Eran tiempos en los que la piel morena –que no bronceada- significaba baja extracción social. Y no lo digo yo, sino que era así; recordemos a las señoras con pamela y sombrilla, bien protegidas [&hellip;]
