{"version":"1.0","provider_name":"A partir de los 50","provider_url":"https:\/\/blogs.diariovasco.com\/apartirdelos50","author_name":"Cecilia Casado","author_url":"https:\/\/blogs.diariovasco.com\/apartirdelos50\/author\/a-partir-de-los-50\/","title":"La risa, la gran aliada - A partir de los 50","type":"rich","width":600,"height":338,"html":"<blockquote class=\"wp-embedded-content\" data-secret=\"GWFNdY40N5\"><a href=\"https:\/\/blogs.diariovasco.com\/apartirdelos50\/2018\/10\/31\/la-risa-la-gran-aliada\/\">La risa, la gran aliada<\/a><\/blockquote><iframe sandbox=\"allow-scripts\" security=\"restricted\" src=\"https:\/\/blogs.diariovasco.com\/apartirdelos50\/2018\/10\/31\/la-risa-la-gran-aliada\/embed\/#?secret=GWFNdY40N5\" width=\"600\" height=\"338\" title=\"&#8220;La risa, la gran aliada&#8221; &#8212; A partir de los 50\" data-secret=\"GWFNdY40N5\" frameborder=\"0\" marginwidth=\"0\" marginheight=\"0\" scrolling=\"no\" class=\"wp-embedded-content\"><\/iframe><script>\n\/*! This file is auto-generated *\/\n!function(d,l){\"use strict\";l.querySelector&&d.addEventListener&&\"undefined\"!=typeof URL&&(d.wp=d.wp||{},d.wp.receiveEmbedMessage||(d.wp.receiveEmbedMessage=function(e){var t=e.data;if((t||t.secret||t.message||t.value)&&!\/[^a-zA-Z0-9]\/.test(t.secret)){for(var s,r,n,a=l.querySelectorAll('iframe[data-secret=\"'+t.secret+'\"]'),o=l.querySelectorAll('blockquote[data-secret=\"'+t.secret+'\"]'),c=new RegExp(\"^https?:$\",\"i\"),i=0;i<o.length;i++)o[i].style.display=\"none\";for(i=0;i<a.length;i++)s=a[i],e.source===s.contentWindow&&(s.removeAttribute(\"style\"),\"height\"===t.message?(1e3<(r=parseInt(t.value,10))?r=1e3:~~r<200&&(r=200),s.height=r):\"link\"===t.message&&(r=new URL(s.getAttribute(\"src\")),n=new URL(t.value),c.test(n.protocol))&&n.host===r.host&&l.activeElement===s&&(d.top.location.href=t.value))}},d.addEventListener(\"message\",d.wp.receiveEmbedMessage,!1),l.addEventListener(\"DOMContentLoaded\",function(){for(var e,t,s=l.querySelectorAll(\"iframe.wp-embedded-content\"),r=0;r<s.length;r++)(t=(e=s[r]).getAttribute(\"data-secret\"))||(t=Math.random().toString(36).substring(2,12),e.src+=\"#?secret=\"+t,e.setAttribute(\"data-secret\",t)),e.contentWindow.postMessage({message:\"ready\",secret:t},\"*\")},!1)))}(window,document);\n\/\/# sourceURL=https:\/\/blogs.diariovasco.com\/apartirdelos50\/wp-includes\/js\/wp-embed.min.js\n<\/script>\n","description":"La risa, esa gran aliada emocional, b\u00e1lsamo de tristezas, anuncio entre l\u00edneas de la esencia humana. La risa, hoy en d\u00eda, esa gran desconocida porque\u2026 \u00bfqu\u00e9 motivos tenemos los humanos para re\u00edr de manera espont\u00e1nea y natural? Cuando pienso en la risa siempre me acuerdo de mi abuelo Martin, un hombre cabal del que jam\u00e1s [&hellip;]","thumbnail_url":"https:\/\/blogs.diariovasco.com\/apartirdelos50\/wp-content\/uploads\/sites\/19\/2018\/10\/Cecilia-risa.jpeg","thumbnail_width":805,"thumbnail_height":1507}

La risa, esa gran aliada emocional, bálsamo de tristezas, anuncio entre líneas de la esencia humana. La risa, hoy en día, esa gran desconocida porque… ¿qué motivos tenemos los humanos para reír de manera espontánea y natural? Cuando pienso en la risa siempre me acuerdo de mi abuelo Martin, un hombre cabal del que jamás [&hellip;]
