{"version":"1.0","provider_name":"A partir de los 50","provider_url":"https:\/\/blogs.diariovasco.com\/apartirdelos50","author_name":"Cecilia Casado","author_url":"https:\/\/blogs.diariovasco.com\/apartirdelos50\/author\/a-partir-de-los-50\/","title":"Mitigar la soledad de los mayores - A partir de los 50","type":"rich","width":600,"height":338,"html":"<blockquote class=\"wp-embedded-content\" data-secret=\"7XsSTjdHrn\"><a href=\"https:\/\/blogs.diariovasco.com\/apartirdelos50\/2019\/02\/18\/mitigar-la-soledad-de-los-mayores\/\">Mitigar la soledad de los mayores<\/a><\/blockquote><iframe sandbox=\"allow-scripts\" security=\"restricted\" src=\"https:\/\/blogs.diariovasco.com\/apartirdelos50\/2019\/02\/18\/mitigar-la-soledad-de-los-mayores\/embed\/#?secret=7XsSTjdHrn\" width=\"600\" height=\"338\" title=\"&#8220;Mitigar la soledad de los mayores&#8221; &#8212; A partir de los 50\" data-secret=\"7XsSTjdHrn\" frameborder=\"0\" marginwidth=\"0\" marginheight=\"0\" scrolling=\"no\" class=\"wp-embedded-content\"><\/iframe><script>\n\/*! This file is auto-generated *\/\n!function(d,l){\"use strict\";l.querySelector&&d.addEventListener&&\"undefined\"!=typeof URL&&(d.wp=d.wp||{},d.wp.receiveEmbedMessage||(d.wp.receiveEmbedMessage=function(e){var t=e.data;if((t||t.secret||t.message||t.value)&&!\/[^a-zA-Z0-9]\/.test(t.secret)){for(var s,r,n,a=l.querySelectorAll('iframe[data-secret=\"'+t.secret+'\"]'),o=l.querySelectorAll('blockquote[data-secret=\"'+t.secret+'\"]'),c=new RegExp(\"^https?:$\",\"i\"),i=0;i<o.length;i++)o[i].style.display=\"none\";for(i=0;i<a.length;i++)s=a[i],e.source===s.contentWindow&&(s.removeAttribute(\"style\"),\"height\"===t.message?(1e3<(r=parseInt(t.value,10))?r=1e3:~~r<200&&(r=200),s.height=r):\"link\"===t.message&&(r=new URL(s.getAttribute(\"src\")),n=new URL(t.value),c.test(n.protocol))&&n.host===r.host&&l.activeElement===s&&(d.top.location.href=t.value))}},d.addEventListener(\"message\",d.wp.receiveEmbedMessage,!1),l.addEventListener(\"DOMContentLoaded\",function(){for(var e,t,s=l.querySelectorAll(\"iframe.wp-embedded-content\"),r=0;r<s.length;r++)(t=(e=s[r]).getAttribute(\"data-secret\"))||(t=Math.random().toString(36).substring(2,12),e.src+=\"#?secret=\"+t,e.setAttribute(\"data-secret\",t)),e.contentWindow.postMessage({message:\"ready\",secret:t},\"*\")},!1)))}(window,document);\n\/\/# sourceURL=https:\/\/blogs.diariovasco.com\/apartirdelos50\/wp-includes\/js\/wp-embed.min.js\n<\/script>\n","description":"La soledad no es \u00fanicamente estar solo, sino sentirse solo y esa indeseada sensaci\u00f3n puede asaltar a cualquier edad y en cualquier situaci\u00f3n. Pero cuando se tienen ya muchas primaveras acumuladas, cuando hay m\u00e1s fotos sepia en el recuerdo que ilusiones en lo por venir\u2026 \u00bfQu\u00e9 hacer para conseguir levantarse cada ma\u00f1ana con una sonrisa [&hellip;]","thumbnail_url":"https:\/\/blogs.diariovasco.com\/apartirdelos50\/wp-content\/uploads\/sites\/19\/2019\/02\/Soledad-2.jpg","thumbnail_width":500,"thumbnail_height":500}

La soledad no es únicamente estar solo, sino sentirse solo y esa indeseada sensación puede asaltar a cualquier edad y en cualquier situación. Pero cuando se tienen ya muchas primaveras acumuladas, cuando hay más fotos sepia en el recuerdo que ilusiones en lo por venir… ¿Qué hacer para conseguir levantarse cada mañana con una sonrisa [&hellip;]
