{"version":"1.0","provider_name":"A partir de los 50","provider_url":"https:\/\/blogs.diariovasco.com\/apartirdelos50","author_name":"Cecilia Casado","author_url":"https:\/\/blogs.diariovasco.com\/apartirdelos50\/author\/a-partir-de-los-50\/","title":"Me niego a la \"no vida\" - A partir de los 50","type":"rich","width":600,"height":338,"html":"<blockquote class=\"wp-embedded-content\" data-secret=\"bmgNWf4L8t\"><a href=\"https:\/\/blogs.diariovasco.com\/apartirdelos50\/2020\/07\/30\/me-niego-a-la-no-vida\/\">Me niego a la &#8220;no vida&#8221;<\/a><\/blockquote><iframe sandbox=\"allow-scripts\" security=\"restricted\" src=\"https:\/\/blogs.diariovasco.com\/apartirdelos50\/2020\/07\/30\/me-niego-a-la-no-vida\/embed\/#?secret=bmgNWf4L8t\" width=\"600\" height=\"338\" title=\"&#8220;Me niego a la &#8220;no vida&#8221;&#8221; &#8212; A partir de los 50\" data-secret=\"bmgNWf4L8t\" frameborder=\"0\" marginwidth=\"0\" marginheight=\"0\" scrolling=\"no\" class=\"wp-embedded-content\"><\/iframe><script>\n\/*! This file is auto-generated *\/\n!function(d,l){\"use strict\";l.querySelector&&d.addEventListener&&\"undefined\"!=typeof URL&&(d.wp=d.wp||{},d.wp.receiveEmbedMessage||(d.wp.receiveEmbedMessage=function(e){var t=e.data;if((t||t.secret||t.message||t.value)&&!\/[^a-zA-Z0-9]\/.test(t.secret)){for(var s,r,n,a=l.querySelectorAll('iframe[data-secret=\"'+t.secret+'\"]'),o=l.querySelectorAll('blockquote[data-secret=\"'+t.secret+'\"]'),c=new RegExp(\"^https?:$\",\"i\"),i=0;i<o.length;i++)o[i].style.display=\"none\";for(i=0;i<a.length;i++)s=a[i],e.source===s.contentWindow&&(s.removeAttribute(\"style\"),\"height\"===t.message?(1e3<(r=parseInt(t.value,10))?r=1e3:~~r<200&&(r=200),s.height=r):\"link\"===t.message&&(r=new URL(s.getAttribute(\"src\")),n=new URL(t.value),c.test(n.protocol))&&n.host===r.host&&l.activeElement===s&&(d.top.location.href=t.value))}},d.addEventListener(\"message\",d.wp.receiveEmbedMessage,!1),l.addEventListener(\"DOMContentLoaded\",function(){for(var e,t,s=l.querySelectorAll(\"iframe.wp-embedded-content\"),r=0;r<s.length;r++)(t=(e=s[r]).getAttribute(\"data-secret\"))||(t=Math.random().toString(36).substring(2,12),e.src+=\"#?secret=\"+t,e.setAttribute(\"data-secret\",t)),e.contentWindow.postMessage({message:\"ready\",secret:t},\"*\")},!1)))}(window,document);\n\/\/# sourceURL=https:\/\/blogs.diariovasco.com\/apartirdelos50\/wp-includes\/js\/wp-embed.min.js\n<\/script>\n","description":"&nbsp; &nbsp; \u00bf\u00a1Pero qu\u00e9 nos ha dado ahora por recrearnos en la negaci\u00f3n de todo lo que se mueve!? \u00bfA qu\u00e9 viene esta sinraz\u00f3n de anular la esencia de las cosas? Que si la no Semana Grande, que si las no fiestas de aqu\u00ed o de all\u00e1, que si la no nueva normalidad\u2026 \u00a1Basta ya [&hellip;]","thumbnail_url":"https:\/\/blogs.diariovasco.com\/apartirdelos50\/wp-content\/uploads\/sites\/19\/2020\/07\/cerebro-enjaulado.jpg","thumbnail_width":800,"thumbnail_height":800}

&nbsp; &nbsp; ¿¡Pero qué nos ha dado ahora por recrearnos en la negación de todo lo que se mueve!? ¿A qué viene esta sinrazón de anular la esencia de las cosas? Que si la no Semana Grande, que si las no fiestas de aquí o de allá, que si la no nueva normalidad… ¡Basta ya [&hellip;]
