{"version":"1.0","provider_name":"A partir de los 50","provider_url":"https:\/\/blogs.diariovasco.com\/apartirdelos50","author_name":"Cecilia Casado","author_url":"https:\/\/blogs.diariovasco.com\/apartirdelos50\/author\/a-partir-de-los-50\/","title":"Camas separadas - A partir de los 50","type":"rich","width":600,"height":338,"html":"<blockquote class=\"wp-embedded-content\" data-secret=\"Fs7jk1Xg8b\"><a href=\"https:\/\/blogs.diariovasco.com\/apartirdelos50\/2021\/11\/16\/camas-separadas\/\">Camas separadas<\/a><\/blockquote><iframe sandbox=\"allow-scripts\" security=\"restricted\" src=\"https:\/\/blogs.diariovasco.com\/apartirdelos50\/2021\/11\/16\/camas-separadas\/embed\/#?secret=Fs7jk1Xg8b\" width=\"600\" height=\"338\" title=\"&#8220;Camas separadas&#8221; &#8212; A partir de los 50\" data-secret=\"Fs7jk1Xg8b\" frameborder=\"0\" marginwidth=\"0\" marginheight=\"0\" scrolling=\"no\" class=\"wp-embedded-content\"><\/iframe><script>\n\/*! This file is auto-generated *\/\n!function(d,l){\"use strict\";l.querySelector&&d.addEventListener&&\"undefined\"!=typeof URL&&(d.wp=d.wp||{},d.wp.receiveEmbedMessage||(d.wp.receiveEmbedMessage=function(e){var t=e.data;if((t||t.secret||t.message||t.value)&&!\/[^a-zA-Z0-9]\/.test(t.secret)){for(var s,r,n,a=l.querySelectorAll('iframe[data-secret=\"'+t.secret+'\"]'),o=l.querySelectorAll('blockquote[data-secret=\"'+t.secret+'\"]'),c=new RegExp(\"^https?:$\",\"i\"),i=0;i<o.length;i++)o[i].style.display=\"none\";for(i=0;i<a.length;i++)s=a[i],e.source===s.contentWindow&&(s.removeAttribute(\"style\"),\"height\"===t.message?(1e3<(r=parseInt(t.value,10))?r=1e3:~~r<200&&(r=200),s.height=r):\"link\"===t.message&&(r=new URL(s.getAttribute(\"src\")),n=new URL(t.value),c.test(n.protocol))&&n.host===r.host&&l.activeElement===s&&(d.top.location.href=t.value))}},d.addEventListener(\"message\",d.wp.receiveEmbedMessage,!1),l.addEventListener(\"DOMContentLoaded\",function(){for(var e,t,s=l.querySelectorAll(\"iframe.wp-embedded-content\"),r=0;r<s.length;r++)(t=(e=s[r]).getAttribute(\"data-secret\"))||(t=Math.random().toString(36).substring(2,12),e.src+=\"#?secret=\"+t,e.setAttribute(\"data-secret\",t)),e.contentWindow.postMessage({message:\"ready\",secret:t},\"*\")},!1)))}(window,document);\n\/\/# sourceURL=https:\/\/blogs.diariovasco.com\/apartirdelos50\/wp-includes\/js\/wp-embed.min.js\n<\/script>\n","description":"Honor\u00e9 de Balzac apunt\u00f3 que: \u201cLa cama lo es todo en el matrimonio\u201d, pero me temo que este ilustre escritor habl\u00f3 as\u00ed en el siglo XIX porque no se hab\u00eda inventado la televisi\u00f3n. El caso es que en nuestra cultura occidental sigue siendo costumbre que las parejas compartan cama en sus horas de descanso. \u201cCama [&hellip;]","thumbnail_url":"https:\/\/blogs.diariovasco.com\/apartirdelos50\/wp-content\/uploads\/sites\/19\/2021\/11\/pareja_camas_separadas.jpg","thumbnail_width":940,"thumbnail_height":743}

Honoré de Balzac apuntó que: “La cama lo es todo en el matrimonio”, pero me temo que este ilustre escritor habló así en el siglo XIX porque no se había inventado la televisión. El caso es que en nuestra cultura occidental sigue siendo costumbre que las parejas compartan cama en sus horas de descanso. “Cama [&hellip;]
