{"version":"1.0","provider_name":"A partir de los 50","provider_url":"https:\/\/blogs.diariovasco.com\/apartirdelos50","author_name":"Cecilia Casado","author_url":"https:\/\/blogs.diariovasco.com\/apartirdelos50\/author\/a-partir-de-los-50\/","title":"Vivir con el culo al aire - A partir de los 50","type":"rich","width":600,"height":338,"html":"<blockquote class=\"wp-embedded-content\" data-secret=\"vaqZ2Dksxb\"><a href=\"https:\/\/blogs.diariovasco.com\/apartirdelos50\/2022\/05\/31\/ir-con-el-culo-al-aire\/\">Vivir con el culo al aire<\/a><\/blockquote><iframe sandbox=\"allow-scripts\" security=\"restricted\" src=\"https:\/\/blogs.diariovasco.com\/apartirdelos50\/2022\/05\/31\/ir-con-el-culo-al-aire\/embed\/#?secret=vaqZ2Dksxb\" width=\"600\" height=\"338\" title=\"&#8220;Vivir con el culo al aire&#8221; &#8212; A partir de los 50\" data-secret=\"vaqZ2Dksxb\" frameborder=\"0\" marginwidth=\"0\" marginheight=\"0\" scrolling=\"no\" class=\"wp-embedded-content\"><\/iframe><script>\n\/*! This file is auto-generated *\/\n!function(d,l){\"use strict\";l.querySelector&&d.addEventListener&&\"undefined\"!=typeof URL&&(d.wp=d.wp||{},d.wp.receiveEmbedMessage||(d.wp.receiveEmbedMessage=function(e){var t=e.data;if((t||t.secret||t.message||t.value)&&!\/[^a-zA-Z0-9]\/.test(t.secret)){for(var s,r,n,a=l.querySelectorAll('iframe[data-secret=\"'+t.secret+'\"]'),o=l.querySelectorAll('blockquote[data-secret=\"'+t.secret+'\"]'),c=new RegExp(\"^https?:$\",\"i\"),i=0;i<o.length;i++)o[i].style.display=\"none\";for(i=0;i<a.length;i++)s=a[i],e.source===s.contentWindow&&(s.removeAttribute(\"style\"),\"height\"===t.message?(1e3<(r=parseInt(t.value,10))?r=1e3:~~r<200&&(r=200),s.height=r):\"link\"===t.message&&(r=new URL(s.getAttribute(\"src\")),n=new URL(t.value),c.test(n.protocol))&&n.host===r.host&&l.activeElement===s&&(d.top.location.href=t.value))}},d.addEventListener(\"message\",d.wp.receiveEmbedMessage,!1),l.addEventListener(\"DOMContentLoaded\",function(){for(var e,t,s=l.querySelectorAll(\"iframe.wp-embedded-content\"),r=0;r<s.length;r++)(t=(e=s[r]).getAttribute(\"data-secret\"))||(t=Math.random().toString(36).substring(2,12),e.src+=\"#?secret=\"+t,e.setAttribute(\"data-secret\",t)),e.contentWindow.postMessage({message:\"ready\",secret:t},\"*\")},!1)))}(window,document);\n\/\/# sourceURL=https:\/\/blogs.diariovasco.com\/apartirdelos50\/wp-includes\/js\/wp-embed.min.js\n<\/script>\n","description":"As\u00ed dec\u00edamos el siglo pasado cuando alguien nos dejaba en evidencia, en una situaci\u00f3n desairada que produc\u00eda no poca verg\u00fcenza y peores consecuencias. Ahora no s\u00e9 c\u00f3mo se le dir\u00e1 a esa penosa circunstancia ya que lo de mostrar esa parte de la anatom\u00eda es el pan nuestro de cada d\u00eda\u2026 Tambi\u00e9n era del \u201csiglo [&hellip;]","thumbnail_url":"https:\/\/blogs.diariovasco.com\/apartirdelos50\/wp-content\/uploads\/sites\/19\/2022\/05\/Chanel-Eurovision2.jpg","thumbnail_width":374,"thumbnail_height":454}

Así decíamos el siglo pasado cuando alguien nos dejaba en evidencia, en una situación desairada que producía no poca vergüenza y peores consecuencias. Ahora no sé cómo se le dirá a esa penosa circunstancia ya que lo de mostrar esa parte de la anatomía es el pan nuestro de cada día… También era del “siglo [&hellip;]
