{"version":"1.0","provider_name":"A partir de los 50","provider_url":"https:\/\/blogs.diariovasco.com\/apartirdelos50","author_name":"Cecilia Casado","author_url":"https:\/\/blogs.diariovasco.com\/apartirdelos50\/author\/a-partir-de-los-50\/","title":"\"D\u00eda de la Mujer\". Otra vez - A partir de los 50","type":"rich","width":600,"height":338,"html":"<blockquote class=\"wp-embedded-content\" data-secret=\"R9rnAZTPxs\"><a href=\"https:\/\/blogs.diariovasco.com\/apartirdelos50\/2024\/03\/08\/dia-de-la-mujer-otra-vez\/\">&#8220;D\u00eda de la Mujer&#8221;. Otra vez<\/a><\/blockquote><iframe sandbox=\"allow-scripts\" security=\"restricted\" src=\"https:\/\/blogs.diariovasco.com\/apartirdelos50\/2024\/03\/08\/dia-de-la-mujer-otra-vez\/embed\/#?secret=R9rnAZTPxs\" width=\"600\" height=\"338\" title=\"&#8220;&#8220;D\u00eda de la Mujer&#8221;. Otra vez&#8221; &#8212; A partir de los 50\" data-secret=\"R9rnAZTPxs\" frameborder=\"0\" marginwidth=\"0\" marginheight=\"0\" scrolling=\"no\" class=\"wp-embedded-content\"><\/iframe><script>\n\/*! This file is auto-generated *\/\n!function(d,l){\"use strict\";l.querySelector&&d.addEventListener&&\"undefined\"!=typeof URL&&(d.wp=d.wp||{},d.wp.receiveEmbedMessage||(d.wp.receiveEmbedMessage=function(e){var t=e.data;if((t||t.secret||t.message||t.value)&&!\/[^a-zA-Z0-9]\/.test(t.secret)){for(var s,r,n,a=l.querySelectorAll('iframe[data-secret=\"'+t.secret+'\"]'),o=l.querySelectorAll('blockquote[data-secret=\"'+t.secret+'\"]'),c=new RegExp(\"^https?:$\",\"i\"),i=0;i<o.length;i++)o[i].style.display=\"none\";for(i=0;i<a.length;i++)s=a[i],e.source===s.contentWindow&&(s.removeAttribute(\"style\"),\"height\"===t.message?(1e3<(r=parseInt(t.value,10))?r=1e3:~~r<200&&(r=200),s.height=r):\"link\"===t.message&&(r=new URL(s.getAttribute(\"src\")),n=new URL(t.value),c.test(n.protocol))&&n.host===r.host&&l.activeElement===s&&(d.top.location.href=t.value))}},d.addEventListener(\"message\",d.wp.receiveEmbedMessage,!1),l.addEventListener(\"DOMContentLoaded\",function(){for(var e,t,s=l.querySelectorAll(\"iframe.wp-embedded-content\"),r=0;r<s.length;r++)(t=(e=s[r]).getAttribute(\"data-secret\"))||(t=Math.random().toString(36).substring(2,12),e.src+=\"#?secret=\"+t,e.setAttribute(\"data-secret\",t)),e.contentWindow.postMessage({message:\"ready\",secret:t},\"*\")},!1)))}(window,document);\n\/\/# sourceURL=https:\/\/blogs.diariovasco.com\/apartirdelos50\/wp-includes\/js\/wp-embed.min.js\n<\/script>\n","description":"Como cargo a las espaldas con muchos lustros de batirme el cobre con la vida en un mundo donde por ser mujer me ha tocado las de perder en no pocas ocasiones, estoy \u2013lo voy a decir llanamente- hasta los mism\u00edsimos ovarios de esta efem\u00e9ride. Claro est\u00e1 que a las que todav\u00eda son j\u00f3venes se [&hellip;]","thumbnail_url":"https:\/\/blogs.diariovasco.com\/apartirdelos50\/wp-content\/uploads\/sites\/19\/2024\/03\/Ser-mujer-Martha-Debyle.jpg","thumbnail_width":850,"thumbnail_height":590}

"Día de la Mujer". Otra vez - A partir de los 50

<blockquote class="wp-embedded-content" data-secret="R9rnAZTPxs"><a href="https://blogs.diariovasco.com/apartirdelos50/2024/03/08/dia-de-la-mujer-otra-vez/">&#8220;Día de la Mujer&#8221;. Otra vez</a></blockquote><iframe sandbox="allow-scripts" security="restricted" src="https://blogs.diariovasco.com/apartirdelos50/2024/03/08/dia-de-la-mujer-otra-vez/embed/#?secret=R9rnAZTPxs" width="600" height="338" title="&#8220;&#8220;Día de la Mujer&#8221;. Otra vez&#8221; &#8212; A partir de los 50" data-secret="R9rnAZTPxs" frameborder="0" marginwidth="0" marginheight="0" scrolling="no" class="wp-embedded-content"></iframe><script>
/*! This file is auto-generated */
!function(d,l){"use strict";l.querySelector&&d.addEventListener&&"undefined"!=typeof URL&&(d.wp=d.wp||{},d.wp.receiveEmbedMessage||(d.wp.receiveEmbedMessage=function(e){var t=e.data;if((t||t.secret||t.message||t.value)&&!/[^a-zA-Z0-9]/.test(t.secret)){for(var s,r,n,a=l.querySelectorAll('iframe[data-secret="'+t.secret+'"]'),o=l.querySelectorAll('blockquote[data-secret="'+t.secret+'"]'),c=new RegExp("^https?:$","i"),i=0;i<o.length;i++)o[i].style.display="none";for(i=0;i<a.length;i++)s=a[i],e.source===s.contentWindow&&(s.removeAttribute("style"),"height"===t.message?(1e3<(r=parseInt(t.value,10))?r=1e3:~~r<200&&(r=200),s.height=r):"link"===t.message&&(r=new URL(s.getAttribute("src")),n=new URL(t.value),c.test(n.protocol))&&n.host===r.host&&l.activeElement===s&&(d.top.location.href=t.value))}},d.addEventListener("message",d.wp.receiveEmbedMessage,!1),l.addEventListener("DOMContentLoaded",function(){for(var e,t,s=l.querySelectorAll("iframe.wp-embedded-content"),r=0;r<s.length;r++)(t=(e=s[r]).getAttribute("data-secret"))||(t=Math.random().toString(36).substring(2,12),e.src+="#?secret="+t,e.setAttribute("data-secret",t)),e.contentWindow.postMessage({message:"ready",secret:t},"*")},!1)))}(window,document);
//# sourceURL=https://blogs.diariovasco.com/apartirdelos50/wp-includes/js/wp-embed.min.js
</script>

Como cargo a las espaldas con muchos lustros de batirme el cobre con la vida en un mundo donde por ser mujer me ha tocado las de perder en no pocas ocasiones, estoy –lo voy a decir llanamente- hasta los mismísimos ovarios de esta efeméride. Claro está que a las que todavía son jóvenes se [&hellip;]
