{"version":"1.0","provider_name":"A partir de los 50","provider_url":"https:\/\/blogs.diariovasco.com\/apartirdelos50","author_name":"Cecilia Casado","author_url":"https:\/\/blogs.diariovasco.com\/apartirdelos50\/author\/a-partir-de-los-50\/","title":"Los viajes y el premio final - A partir de los 50","type":"rich","width":600,"height":338,"html":"<blockquote class=\"wp-embedded-content\" data-secret=\"BG9LrlQAvb\"><a href=\"https:\/\/blogs.diariovasco.com\/apartirdelos50\/2025\/02\/10\/los-viajes-y-el-premio-final\/\">Los viajes y el premio final<\/a><\/blockquote><iframe sandbox=\"allow-scripts\" security=\"restricted\" src=\"https:\/\/blogs.diariovasco.com\/apartirdelos50\/2025\/02\/10\/los-viajes-y-el-premio-final\/embed\/#?secret=BG9LrlQAvb\" width=\"600\" height=\"338\" title=\"&#8220;Los viajes y el premio final&#8221; &#8212; A partir de los 50\" data-secret=\"BG9LrlQAvb\" frameborder=\"0\" marginwidth=\"0\" marginheight=\"0\" scrolling=\"no\" class=\"wp-embedded-content\"><\/iframe><script>\n\/*! This file is auto-generated *\/\n!function(d,l){\"use strict\";l.querySelector&&d.addEventListener&&\"undefined\"!=typeof URL&&(d.wp=d.wp||{},d.wp.receiveEmbedMessage||(d.wp.receiveEmbedMessage=function(e){var t=e.data;if((t||t.secret||t.message||t.value)&&!\/[^a-zA-Z0-9]\/.test(t.secret)){for(var s,r,n,a=l.querySelectorAll('iframe[data-secret=\"'+t.secret+'\"]'),o=l.querySelectorAll('blockquote[data-secret=\"'+t.secret+'\"]'),c=new RegExp(\"^https?:$\",\"i\"),i=0;i<o.length;i++)o[i].style.display=\"none\";for(i=0;i<a.length;i++)s=a[i],e.source===s.contentWindow&&(s.removeAttribute(\"style\"),\"height\"===t.message?(1e3<(r=parseInt(t.value,10))?r=1e3:~~r<200&&(r=200),s.height=r):\"link\"===t.message&&(r=new URL(s.getAttribute(\"src\")),n=new URL(t.value),c.test(n.protocol))&&n.host===r.host&&l.activeElement===s&&(d.top.location.href=t.value))}},d.addEventListener(\"message\",d.wp.receiveEmbedMessage,!1),l.addEventListener(\"DOMContentLoaded\",function(){for(var e,t,s=l.querySelectorAll(\"iframe.wp-embedded-content\"),r=0;r<s.length;r++)(t=(e=s[r]).getAttribute(\"data-secret\"))||(t=Math.random().toString(36).substring(2,12),e.src+=\"#?secret=\"+t,e.setAttribute(\"data-secret\",t)),e.contentWindow.postMessage({message:\"ready\",secret:t},\"*\")},!1)))}(window,document);\n\/\/# sourceURL=https:\/\/blogs.diariovasco.com\/apartirdelos50\/wp-includes\/js\/wp-embed.min.js\n<\/script>\n","description":"Odio las despedidas, desde siempre, porque son ese estado de \u00e1nimo en el que siento que dejo atr\u00e1s una peque\u00f1a p\u00e9rdida, la pena del coraz\u00f3n que se separa de lo amado, el paso adelante hacia otra vida \u2013aunque sea la misma de siempre-. Ser\u00e1 porque no me gusta decir adi\u00f3s, porque acumulo p\u00e9rdidas a mi [&hellip;]","thumbnail_url":"https:\/\/blogs.diariovasco.com\/apartirdelos50\/wp-content\/uploads\/sites\/19\/2025\/02\/Conejito-avion-Mexico.jpg","thumbnail_width":1440,"thumbnail_height":1920}

Odio las despedidas, desde siempre, porque son ese estado de ánimo en el que siento que dejo atrás una pequeña pérdida, la pena del corazón que se separa de lo amado, el paso adelante hacia otra vida –aunque sea la misma de siempre-. Será porque no me gusta decir adiós, porque acumulo pérdidas a mi [&hellip;]
