{"version":"1.0","provider_name":"En la huerta","provider_url":"https:\/\/blogs.diariovasco.com\/baratzean","author_name":"Ferm\u00edn","author_url":"https:\/\/blogs.diariovasco.com\/baratzean\/author\/kutraiahotmail-es\/","title":"Las habas \u2018Muchamiel\u2019 - En la huerta","type":"rich","width":600,"height":338,"html":"<blockquote class=\"wp-embedded-content\" data-secret=\"MubtOSr5xB\"><a href=\"https:\/\/blogs.diariovasco.com\/baratzean\/2014\/04\/02\/las-habas-muchamiel-3\/\">Las habas \u2018Muchamiel\u2019<\/a><\/blockquote><iframe sandbox=\"allow-scripts\" security=\"restricted\" src=\"https:\/\/blogs.diariovasco.com\/baratzean\/2014\/04\/02\/las-habas-muchamiel-3\/embed\/#?secret=MubtOSr5xB\" width=\"600\" height=\"338\" title=\"&#8220;Las habas \u2018Muchamiel\u2019&#8221; &#8212; En la huerta\" data-secret=\"MubtOSr5xB\" frameborder=\"0\" marginwidth=\"0\" marginheight=\"0\" scrolling=\"no\" class=\"wp-embedded-content\"><\/iframe><script>\n\/*! This file is auto-generated *\/\n!function(d,l){\"use strict\";l.querySelector&&d.addEventListener&&\"undefined\"!=typeof URL&&(d.wp=d.wp||{},d.wp.receiveEmbedMessage||(d.wp.receiveEmbedMessage=function(e){var t=e.data;if((t||t.secret||t.message||t.value)&&!\/[^a-zA-Z0-9]\/.test(t.secret)){for(var s,r,n,a=l.querySelectorAll('iframe[data-secret=\"'+t.secret+'\"]'),o=l.querySelectorAll('blockquote[data-secret=\"'+t.secret+'\"]'),c=new RegExp(\"^https?:$\",\"i\"),i=0;i<o.length;i++)o[i].style.display=\"none\";for(i=0;i<a.length;i++)s=a[i],e.source===s.contentWindow&&(s.removeAttribute(\"style\"),\"height\"===t.message?(1e3<(r=parseInt(t.value,10))?r=1e3:~~r<200&&(r=200),s.height=r):\"link\"===t.message&&(r=new URL(s.getAttribute(\"src\")),n=new URL(t.value),c.test(n.protocol))&&n.host===r.host&&l.activeElement===s&&(d.top.location.href=t.value))}},d.addEventListener(\"message\",d.wp.receiveEmbedMessage,!1),l.addEventListener(\"DOMContentLoaded\",function(){for(var e,t,s=l.querySelectorAll(\"iframe.wp-embedded-content\"),r=0;r<s.length;r++)(t=(e=s[r]).getAttribute(\"data-secret\"))||(t=Math.random().toString(36).substring(2,12),e.src+=\"#?secret=\"+t,e.setAttribute(\"data-secret\",t)),e.contentWindow.postMessage({message:\"ready\",secret:t},\"*\")},!1)))}(window,document);\n\/\/# sourceURL=https:\/\/blogs.diariovasco.com\/baratzean\/wp-includes\/js\/wp-embed.min.js\n<\/script>\n","description":"A este cuadro de tierra en el que he sembrado este a\u00f1o las habas y los guisantes no s\u00e9 lo que les ocurre pero las plantas no tienen mucho tir\u00f3n. Fue el cuadro donde el a\u00f1o pasado tuve plantado el tomate que cogio la enfermedad de la \u2018Corrugata\u2019 y no s\u00e9 si la enfermedad tendr\u00e1 [&hellip;]"}

Fermín

A este cuadro de tierra en el que he sembrado este año las habas y los guisantes no sé lo que les ocurre pero las plantas no tienen mucho tirón. Fue el cuadro donde el año pasado tuve plantado el tomate que cogio la enfermedad de la ‘Corrugata’ y no sé si la enfermedad tendrá [&hellip;]
