{"version":"1.0","provider_name":"Correr x correr","provider_url":"https:\/\/blogs.diariovasco.com\/correrxcorrer","author_name":"Antxon Blanco","author_url":"https:\/\/blogs.diariovasco.com\/correrxcorrer\/author\/ablanco_1462233600\/","title":"El p\u00fablico necesita cracks - Correr x correr","type":"rich","width":600,"height":338,"html":"<blockquote class=\"wp-embedded-content\" data-secret=\"N2ca2lFbPe\"><a href=\"https:\/\/blogs.diariovasco.com\/correrxcorrer\/2011\/08\/26\/el_publico_necesita_cracks\/\">El p\u00fablico necesita cracks<\/a><\/blockquote><iframe sandbox=\"allow-scripts\" security=\"restricted\" src=\"https:\/\/blogs.diariovasco.com\/correrxcorrer\/2011\/08\/26\/el_publico_necesita_cracks\/embed\/#?secret=N2ca2lFbPe\" width=\"600\" height=\"338\" title=\"&#8220;El p\u00fablico necesita cracks&#8221; &#8212; Correr x correr\" data-secret=\"N2ca2lFbPe\" frameborder=\"0\" marginwidth=\"0\" marginheight=\"0\" scrolling=\"no\" class=\"wp-embedded-content\"><\/iframe><script>\n\/*! This file is auto-generated *\/\n!function(d,l){\"use strict\";l.querySelector&&d.addEventListener&&\"undefined\"!=typeof URL&&(d.wp=d.wp||{},d.wp.receiveEmbedMessage||(d.wp.receiveEmbedMessage=function(e){var t=e.data;if((t||t.secret||t.message||t.value)&&!\/[^a-zA-Z0-9]\/.test(t.secret)){for(var s,r,n,a=l.querySelectorAll('iframe[data-secret=\"'+t.secret+'\"]'),o=l.querySelectorAll('blockquote[data-secret=\"'+t.secret+'\"]'),c=new RegExp(\"^https?:$\",\"i\"),i=0;i<o.length;i++)o[i].style.display=\"none\";for(i=0;i<a.length;i++)s=a[i],e.source===s.contentWindow&&(s.removeAttribute(\"style\"),\"height\"===t.message?(1e3<(r=parseInt(t.value,10))?r=1e3:~~r<200&&(r=200),s.height=r):\"link\"===t.message&&(r=new URL(s.getAttribute(\"src\")),n=new URL(t.value),c.test(n.protocol))&&n.host===r.host&&l.activeElement===s&&(d.top.location.href=t.value))}},d.addEventListener(\"message\",d.wp.receiveEmbedMessage,!1),l.addEventListener(\"DOMContentLoaded\",function(){for(var e,t,s=l.querySelectorAll(\"iframe.wp-embedded-content\"),r=0;r<s.length;r++)(t=(e=s[r]).getAttribute(\"data-secret\"))||(t=Math.random().toString(36).substring(2,12),e.src+=\"#?secret=\"+t,e.setAttribute(\"data-secret\",t)),e.contentWindow.postMessage({message:\"ready\",secret:t},\"*\")},!1)))}(window,document);\n\/\/# sourceURL=https:\/\/blogs.diariovasco.com\/correrxcorrer\/wp-includes\/js\/wp-embed.min.js\n<\/script>\n","description":"Tengo la impresi\u00f3n de que este Mundial no llega en buen momento para el atletismo. Los cracks consagrados aterrizan en Corea muy justitos y podr\u00edamos ver sorpresas. Si repasamos el saco de atletas emergentes, todav\u00eda falta mucha cocci\u00f3n para que esos nuevos nombres accedan al com\u00fan de los mortales. En este sufrimiento del atletismo no [&hellip;]"}

El público necesita cracks - Correr x correr

<blockquote class="wp-embedded-content" data-secret="N2ca2lFbPe"><a href="https://blogs.diariovasco.com/correrxcorrer/2011/08/26/el_publico_necesita_cracks/">El público necesita cracks</a></blockquote><iframe sandbox="allow-scripts" security="restricted" src="https://blogs.diariovasco.com/correrxcorrer/2011/08/26/el_publico_necesita_cracks/embed/#?secret=N2ca2lFbPe" width="600" height="338" title="&#8220;El público necesita cracks&#8221; &#8212; Correr x correr" data-secret="N2ca2lFbPe" frameborder="0" marginwidth="0" marginheight="0" scrolling="no" class="wp-embedded-content"></iframe><script>
/*! This file is auto-generated */
!function(d,l){"use strict";l.querySelector&&d.addEventListener&&"undefined"!=typeof URL&&(d.wp=d.wp||{},d.wp.receiveEmbedMessage||(d.wp.receiveEmbedMessage=function(e){var t=e.data;if((t||t.secret||t.message||t.value)&&!/[^a-zA-Z0-9]/.test(t.secret)){for(var s,r,n,a=l.querySelectorAll('iframe[data-secret="'+t.secret+'"]'),o=l.querySelectorAll('blockquote[data-secret="'+t.secret+'"]'),c=new RegExp("^https?:$","i"),i=0;i<o.length;i++)o[i].style.display="none";for(i=0;i<a.length;i++)s=a[i],e.source===s.contentWindow&&(s.removeAttribute("style"),"height"===t.message?(1e3<(r=parseInt(t.value,10))?r=1e3:~~r<200&&(r=200),s.height=r):"link"===t.message&&(r=new URL(s.getAttribute("src")),n=new URL(t.value),c.test(n.protocol))&&n.host===r.host&&l.activeElement===s&&(d.top.location.href=t.value))}},d.addEventListener("message",d.wp.receiveEmbedMessage,!1),l.addEventListener("DOMContentLoaded",function(){for(var e,t,s=l.querySelectorAll("iframe.wp-embedded-content"),r=0;r<s.length;r++)(t=(e=s[r]).getAttribute("data-secret"))||(t=Math.random().toString(36).substring(2,12),e.src+="#?secret="+t,e.setAttribute("data-secret",t)),e.contentWindow.postMessage({message:"ready",secret:t},"*")},!1)))}(window,document);
//# sourceURL=https://blogs.diariovasco.com/correrxcorrer/wp-includes/js/wp-embed.min.js
</script>

Tengo la impresión de que este Mundial no llega en buen momento para el atletismo. Los cracks consagrados aterrizan en Corea muy justitos y podríamos ver sorpresas. Si repasamos el saco de atletas emergentes, todavía falta mucha cocción para que esos nuevos nombres accedan al común de los mortales. En este sufrimiento del atletismo no [&hellip;]
