{"version":"1.0","provider_name":"Correr x correr","provider_url":"https:\/\/blogs.diariovasco.com\/correrxcorrer","author_name":"Antxon Blanco","author_url":"https:\/\/blogs.diariovasco.com\/correrxcorrer\/author\/ablanco_1462233600\/","title":"Zurich tambi\u00e9n saca el atletismo a la calle - Correr x correr","type":"rich","width":600,"height":338,"html":"<blockquote class=\"wp-embedded-content\" data-secret=\"ZdoI5lSjUl\"><a href=\"https:\/\/blogs.diariovasco.com\/correrxcorrer\/2012\/08\/30\/zurich-atletismo-mitin\/\">Zurich tambi\u00e9n saca el atletismo a la calle<\/a><\/blockquote><iframe sandbox=\"allow-scripts\" security=\"restricted\" src=\"https:\/\/blogs.diariovasco.com\/correrxcorrer\/2012\/08\/30\/zurich-atletismo-mitin\/embed\/#?secret=ZdoI5lSjUl\" width=\"600\" height=\"338\" title=\"&#8220;Zurich tambi\u00e9n saca el atletismo a la calle&#8221; &#8212; Correr x correr\" data-secret=\"ZdoI5lSjUl\" frameborder=\"0\" marginwidth=\"0\" marginheight=\"0\" scrolling=\"no\" class=\"wp-embedded-content\"><\/iframe><script>\n\/*! This file is auto-generated *\/\n!function(d,l){\"use strict\";l.querySelector&&d.addEventListener&&\"undefined\"!=typeof URL&&(d.wp=d.wp||{},d.wp.receiveEmbedMessage||(d.wp.receiveEmbedMessage=function(e){var t=e.data;if((t||t.secret||t.message||t.value)&&!\/[^a-zA-Z0-9]\/.test(t.secret)){for(var s,r,n,a=l.querySelectorAll('iframe[data-secret=\"'+t.secret+'\"]'),o=l.querySelectorAll('blockquote[data-secret=\"'+t.secret+'\"]'),c=new RegExp(\"^https?:$\",\"i\"),i=0;i<o.length;i++)o[i].style.display=\"none\";for(i=0;i<a.length;i++)s=a[i],e.source===s.contentWindow&&(s.removeAttribute(\"style\"),\"height\"===t.message?(1e3<(r=parseInt(t.value,10))?r=1e3:~~r<200&&(r=200),s.height=r):\"link\"===t.message&&(r=new URL(s.getAttribute(\"src\")),n=new URL(t.value),c.test(n.protocol))&&n.host===r.host&&l.activeElement===s&&(d.top.location.href=t.value))}},d.addEventListener(\"message\",d.wp.receiveEmbedMessage,!1),l.addEventListener(\"DOMContentLoaded\",function(){for(var e,t,s=l.querySelectorAll(\"iframe.wp-embedded-content\"),r=0;r<s.length;r++)(t=(e=s[r]).getAttribute(\"data-secret\"))||(t=Math.random().toString(36).substring(2,12),e.src+=\"#?secret=\"+t,e.setAttribute(\"data-secret\",t)),e.contentWindow.postMessage({message:\"ready\",secret:t},\"*\")},!1)))}(window,document);\n\/\/# sourceURL=https:\/\/blogs.diariovasco.com\/correrxcorrer\/wp-includes\/js\/wp-embed.min.js\n<\/script>\n","description":"El atletismo urbano, en la calle, est\u00e1 haci\u00e9ndose un hueco. No es una cosa que han inventado ahora algunos m\u00edtines internacionales, Estocolmo lo hab\u00eda hecho en las \u00faltimas ediciones (este a\u00f1o no), y esta temporada coge el relevo la mism\u00edsima reuni\u00f3n de Zurich que ha trasladado el lanzamiento de peso a la estaci\u00f3n de la [&hellip;]"}

Zurich también saca el atletismo a la calle - Correr x correr

<blockquote class="wp-embedded-content" data-secret="ZdoI5lSjUl"><a href="https://blogs.diariovasco.com/correrxcorrer/2012/08/30/zurich-atletismo-mitin/">Zurich también saca el atletismo a la calle</a></blockquote><iframe sandbox="allow-scripts" security="restricted" src="https://blogs.diariovasco.com/correrxcorrer/2012/08/30/zurich-atletismo-mitin/embed/#?secret=ZdoI5lSjUl" width="600" height="338" title="&#8220;Zurich también saca el atletismo a la calle&#8221; &#8212; Correr x correr" data-secret="ZdoI5lSjUl" frameborder="0" marginwidth="0" marginheight="0" scrolling="no" class="wp-embedded-content"></iframe><script>
/*! This file is auto-generated */
!function(d,l){"use strict";l.querySelector&&d.addEventListener&&"undefined"!=typeof URL&&(d.wp=d.wp||{},d.wp.receiveEmbedMessage||(d.wp.receiveEmbedMessage=function(e){var t=e.data;if((t||t.secret||t.message||t.value)&&!/[^a-zA-Z0-9]/.test(t.secret)){for(var s,r,n,a=l.querySelectorAll('iframe[data-secret="'+t.secret+'"]'),o=l.querySelectorAll('blockquote[data-secret="'+t.secret+'"]'),c=new RegExp("^https?:$","i"),i=0;i<o.length;i++)o[i].style.display="none";for(i=0;i<a.length;i++)s=a[i],e.source===s.contentWindow&&(s.removeAttribute("style"),"height"===t.message?(1e3<(r=parseInt(t.value,10))?r=1e3:~~r<200&&(r=200),s.height=r):"link"===t.message&&(r=new URL(s.getAttribute("src")),n=new URL(t.value),c.test(n.protocol))&&n.host===r.host&&l.activeElement===s&&(d.top.location.href=t.value))}},d.addEventListener("message",d.wp.receiveEmbedMessage,!1),l.addEventListener("DOMContentLoaded",function(){for(var e,t,s=l.querySelectorAll("iframe.wp-embedded-content"),r=0;r<s.length;r++)(t=(e=s[r]).getAttribute("data-secret"))||(t=Math.random().toString(36).substring(2,12),e.src+="#?secret="+t,e.setAttribute("data-secret",t)),e.contentWindow.postMessage({message:"ready",secret:t},"*")},!1)))}(window,document);
//# sourceURL=https://blogs.diariovasco.com/correrxcorrer/wp-includes/js/wp-embed.min.js
</script>

El atletismo urbano, en la calle, está haciéndose un hueco. No es una cosa que han inventado ahora algunos mítines internacionales, Estocolmo lo había hecho en las últimas ediciones (este año no), y esta temporada coge el relevo la mismísima reunión de Zurich que ha trasladado el lanzamiento de peso a la estación de la [&hellip;]
