{"version":"1.0","provider_name":"Ekonomiaren plaza","provider_url":"https:\/\/blogs.diariovasco.com\/ekonomiaren-plaza","author_name":"Jon Mikel Zabala","author_url":"https:\/\/blogs.diariovasco.com\/ekonomiaren-plaza\/author\/jon-mikel-zabala\/","title":"\u00bfTienes ganas de boda? No saques a tus amigos de fiesta, \u00a1reg\u00e1lales un m\u00f3vil! - Ekonomiaren plaza","type":"rich","width":600,"height":338,"html":"<blockquote class=\"wp-embedded-content\" data-secret=\"w7LI9Tcrez\"><a href=\"https:\/\/blogs.diariovasco.com\/ekonomiaren-plaza\/2018\/09\/18\/bodorrio\/\">\u00bfTienes ganas de boda? No saques a tus amigos de fiesta, \u00a1reg\u00e1lales un m\u00f3vil!<\/a><\/blockquote><iframe sandbox=\"allow-scripts\" security=\"restricted\" src=\"https:\/\/blogs.diariovasco.com\/ekonomiaren-plaza\/2018\/09\/18\/bodorrio\/embed\/#?secret=w7LI9Tcrez\" width=\"600\" height=\"338\" title=\"&#8220;\u00bfTienes ganas de boda? No saques a tus amigos de fiesta, \u00a1reg\u00e1lales un m\u00f3vil!&#8221; &#8212; Ekonomiaren plaza\" data-secret=\"w7LI9Tcrez\" frameborder=\"0\" marginwidth=\"0\" marginheight=\"0\" scrolling=\"no\" class=\"wp-embedded-content\"><\/iframe><script>\n\/*! This file is auto-generated *\/\n!function(d,l){\"use strict\";l.querySelector&&d.addEventListener&&\"undefined\"!=typeof URL&&(d.wp=d.wp||{},d.wp.receiveEmbedMessage||(d.wp.receiveEmbedMessage=function(e){var t=e.data;if((t||t.secret||t.message||t.value)&&!\/[^a-zA-Z0-9]\/.test(t.secret)){for(var s,r,n,a=l.querySelectorAll('iframe[data-secret=\"'+t.secret+'\"]'),o=l.querySelectorAll('blockquote[data-secret=\"'+t.secret+'\"]'),c=new RegExp(\"^https?:$\",\"i\"),i=0;i<o.length;i++)o[i].style.display=\"none\";for(i=0;i<a.length;i++)s=a[i],e.source===s.contentWindow&&(s.removeAttribute(\"style\"),\"height\"===t.message?(1e3<(r=parseInt(t.value,10))?r=1e3:~~r<200&&(r=200),s.height=r):\"link\"===t.message&&(r=new URL(s.getAttribute(\"src\")),n=new URL(t.value),c.test(n.protocol))&&n.host===r.host&&l.activeElement===s&&(d.top.location.href=t.value))}},d.addEventListener(\"message\",d.wp.receiveEmbedMessage,!1),l.addEventListener(\"DOMContentLoaded\",function(){for(var e,t,s=l.querySelectorAll(\"iframe.wp-embedded-content\"),r=0;r<s.length;r++)(t=(e=s[r]).getAttribute(\"data-secret\"))||(t=Math.random().toString(36).substring(2,12),e.src+=\"#?secret=\"+t,e.setAttribute(\"data-secret\",t)),e.contentWindow.postMessage({message:\"ready\",secret:t},\"*\")},!1)))}(window,document);\n\/\/# sourceURL=https:\/\/blogs.diariovasco.com\/ekonomiaren-plaza\/wp-includes\/js\/wp-embed.min.js\n<\/script>\n","description":"@jonmizabala El verano es una de las \u00e9pocas del a\u00f1o en la que m\u00e1s tendemos a socializar. Algunas personas optan por irse de viaje, otras optan por quedarse en su lugar de residencia pero aprovechan para pasar m\u00e1s tiempo en la calle, el cine, la playa, el monte, o incluso para salir a comer o [&hellip;]","thumbnail_url":"https:\/\/blogs.diariovasco.com\/ekonomiaren-plaza\/wp-content\/uploads\/sites\/41\/2018\/09\/Figure-1-1.jpg","thumbnail_width":720,"thumbnail_height":520}

¿Tienes ganas de boda? No saques a tus amigos de fiesta, ¡regálales un móvil! - Ekonomiaren plaza

<blockquote class="wp-embedded-content" data-secret="w7LI9Tcrez"><a href="https://blogs.diariovasco.com/ekonomiaren-plaza/2018/09/18/bodorrio/">¿Tienes ganas de boda? No saques a tus amigos de fiesta, ¡regálales un móvil!</a></blockquote><iframe sandbox="allow-scripts" security="restricted" src="https://blogs.diariovasco.com/ekonomiaren-plaza/2018/09/18/bodorrio/embed/#?secret=w7LI9Tcrez" width="600" height="338" title="&#8220;¿Tienes ganas de boda? No saques a tus amigos de fiesta, ¡regálales un móvil!&#8221; &#8212; Ekonomiaren plaza" data-secret="w7LI9Tcrez" frameborder="0" marginwidth="0" marginheight="0" scrolling="no" class="wp-embedded-content"></iframe><script>
/*! This file is auto-generated */
!function(d,l){"use strict";l.querySelector&&d.addEventListener&&"undefined"!=typeof URL&&(d.wp=d.wp||{},d.wp.receiveEmbedMessage||(d.wp.receiveEmbedMessage=function(e){var t=e.data;if((t||t.secret||t.message||t.value)&&!/[^a-zA-Z0-9]/.test(t.secret)){for(var s,r,n,a=l.querySelectorAll('iframe[data-secret="'+t.secret+'"]'),o=l.querySelectorAll('blockquote[data-secret="'+t.secret+'"]'),c=new RegExp("^https?:$","i"),i=0;i<o.length;i++)o[i].style.display="none";for(i=0;i<a.length;i++)s=a[i],e.source===s.contentWindow&&(s.removeAttribute("style"),"height"===t.message?(1e3<(r=parseInt(t.value,10))?r=1e3:~~r<200&&(r=200),s.height=r):"link"===t.message&&(r=new URL(s.getAttribute("src")),n=new URL(t.value),c.test(n.protocol))&&n.host===r.host&&l.activeElement===s&&(d.top.location.href=t.value))}},d.addEventListener("message",d.wp.receiveEmbedMessage,!1),l.addEventListener("DOMContentLoaded",function(){for(var e,t,s=l.querySelectorAll("iframe.wp-embedded-content"),r=0;r<s.length;r++)(t=(e=s[r]).getAttribute("data-secret"))||(t=Math.random().toString(36).substring(2,12),e.src+="#?secret="+t,e.setAttribute("data-secret",t)),e.contentWindow.postMessage({message:"ready",secret:t},"*")},!1)))}(window,document);
//# sourceURL=https://blogs.diariovasco.com/ekonomiaren-plaza/wp-includes/js/wp-embed.min.js
</script>

@jonmizabala El verano es una de las épocas del año en la que más tendemos a socializar. Algunas personas optan por irse de viaje, otras optan por quedarse en su lugar de residencia pero aprovechan para pasar más tiempo en la calle, el cine, la playa, el monte, o incluso para salir a comer o [&hellip;]
