{"version":"1.0","provider_name":"Ekonomiaren plaza","provider_url":"https:\/\/blogs.diariovasco.com\/ekonomiaren-plaza","author_name":"Jon Mikel Zabala","author_url":"https:\/\/blogs.diariovasco.com\/ekonomiaren-plaza\/author\/jon-mikel-zabala\/","title":"Innovaci\u00f3n y cambio tecnol\u00f3gico: \u00bfestamos viendo la paja en el ojo ajeno, y no la viga en el propio? - Ekonomiaren plaza","type":"rich","width":600,"height":338,"html":"<blockquote class=\"wp-embedded-content\" data-secret=\"LBKTudGK5g\"><a href=\"https:\/\/blogs.diariovasco.com\/ekonomiaren-plaza\/2024\/06\/10\/encuestacotec\/\">Innovaci\u00f3n y cambio tecnol\u00f3gico: \u00bfestamos viendo la paja en el ojo ajeno, y no la viga en el propio?<\/a><\/blockquote><iframe sandbox=\"allow-scripts\" security=\"restricted\" src=\"https:\/\/blogs.diariovasco.com\/ekonomiaren-plaza\/2024\/06\/10\/encuestacotec\/embed\/#?secret=LBKTudGK5g\" width=\"600\" height=\"338\" title=\"&#8220;Innovaci\u00f3n y cambio tecnol\u00f3gico: \u00bfestamos viendo la paja en el ojo ajeno, y no la viga en el propio?&#8221; &#8212; Ekonomiaren plaza\" data-secret=\"LBKTudGK5g\" frameborder=\"0\" marginwidth=\"0\" marginheight=\"0\" scrolling=\"no\" class=\"wp-embedded-content\"><\/iframe><script>\n\/*! This file is auto-generated *\/\n!function(d,l){\"use strict\";l.querySelector&&d.addEventListener&&\"undefined\"!=typeof URL&&(d.wp=d.wp||{},d.wp.receiveEmbedMessage||(d.wp.receiveEmbedMessage=function(e){var t=e.data;if((t||t.secret||t.message||t.value)&&!\/[^a-zA-Z0-9]\/.test(t.secret)){for(var s,r,n,a=l.querySelectorAll('iframe[data-secret=\"'+t.secret+'\"]'),o=l.querySelectorAll('blockquote[data-secret=\"'+t.secret+'\"]'),c=new RegExp(\"^https?:$\",\"i\"),i=0;i<o.length;i++)o[i].style.display=\"none\";for(i=0;i<a.length;i++)s=a[i],e.source===s.contentWindow&&(s.removeAttribute(\"style\"),\"height\"===t.message?(1e3<(r=parseInt(t.value,10))?r=1e3:~~r<200&&(r=200),s.height=r):\"link\"===t.message&&(r=new URL(s.getAttribute(\"src\")),n=new URL(t.value),c.test(n.protocol))&&n.host===r.host&&l.activeElement===s&&(d.top.location.href=t.value))}},d.addEventListener(\"message\",d.wp.receiveEmbedMessage,!1),l.addEventListener(\"DOMContentLoaded\",function(){for(var e,t,s=l.querySelectorAll(\"iframe.wp-embedded-content\"),r=0;r<s.length;r++)(t=(e=s[r]).getAttribute(\"data-secret\"))||(t=Math.random().toString(36).substring(2,12),e.src+=\"#?secret=\"+t,e.setAttribute(\"data-secret\",t)),e.contentWindow.postMessage({message:\"ready\",secret:t},\"*\")},!1)))}(window,document);\n\/\/# sourceURL=https:\/\/blogs.diariovasco.com\/ekonomiaren-plaza\/wp-includes\/js\/wp-embed.min.js\n<\/script>\n","description":"@jonmizabala Como todos los a\u00f1os por estas fechas, la fundaci\u00f3n COTEC para la innovaci\u00f3n ha hecho p\u00fablicos los resultados de su encuesta sobre la percepci\u00f3n social de la innovaci\u00f3n. El objetivo de esta encuesta, que COTEC viene realizando de manera anual desde 2017, es el de capturar la opini\u00f3n de la ciudadan\u00eda sobre diferentes asuntos [&hellip;]"}

Innovación y cambio tecnológico: ¿estamos viendo la paja en el ojo ajeno, y no la viga en el propio? - Ekonomiaren plaza

<blockquote class="wp-embedded-content" data-secret="LBKTudGK5g"><a href="https://blogs.diariovasco.com/ekonomiaren-plaza/2024/06/10/encuestacotec/">Innovación y cambio tecnológico: ¿estamos viendo la paja en el ojo ajeno, y no la viga en el propio?</a></blockquote><iframe sandbox="allow-scripts" security="restricted" src="https://blogs.diariovasco.com/ekonomiaren-plaza/2024/06/10/encuestacotec/embed/#?secret=LBKTudGK5g" width="600" height="338" title="&#8220;Innovación y cambio tecnológico: ¿estamos viendo la paja en el ojo ajeno, y no la viga en el propio?&#8221; &#8212; Ekonomiaren plaza" data-secret="LBKTudGK5g" frameborder="0" marginwidth="0" marginheight="0" scrolling="no" class="wp-embedded-content"></iframe><script>
/*! This file is auto-generated */
!function(d,l){"use strict";l.querySelector&&d.addEventListener&&"undefined"!=typeof URL&&(d.wp=d.wp||{},d.wp.receiveEmbedMessage||(d.wp.receiveEmbedMessage=function(e){var t=e.data;if((t||t.secret||t.message||t.value)&&!/[^a-zA-Z0-9]/.test(t.secret)){for(var s,r,n,a=l.querySelectorAll('iframe[data-secret="'+t.secret+'"]'),o=l.querySelectorAll('blockquote[data-secret="'+t.secret+'"]'),c=new RegExp("^https?:$","i"),i=0;i<o.length;i++)o[i].style.display="none";for(i=0;i<a.length;i++)s=a[i],e.source===s.contentWindow&&(s.removeAttribute("style"),"height"===t.message?(1e3<(r=parseInt(t.value,10))?r=1e3:~~r<200&&(r=200),s.height=r):"link"===t.message&&(r=new URL(s.getAttribute("src")),n=new URL(t.value),c.test(n.protocol))&&n.host===r.host&&l.activeElement===s&&(d.top.location.href=t.value))}},d.addEventListener("message",d.wp.receiveEmbedMessage,!1),l.addEventListener("DOMContentLoaded",function(){for(var e,t,s=l.querySelectorAll("iframe.wp-embedded-content"),r=0;r<s.length;r++)(t=(e=s[r]).getAttribute("data-secret"))||(t=Math.random().toString(36).substring(2,12),e.src+="#?secret="+t,e.setAttribute("data-secret",t)),e.contentWindow.postMessage({message:"ready",secret:t},"*")},!1)))}(window,document);
//# sourceURL=https://blogs.diariovasco.com/ekonomiaren-plaza/wp-includes/js/wp-embed.min.js
</script>

@jonmizabala Como todos los años por estas fechas, la fundación COTEC para la innovación ha hecho públicos los resultados de su encuesta sobre la percepción social de la innovación. El objetivo de esta encuesta, que COTEC viene realizando de manera anual desde 2017, es el de capturar la opinión de la ciudadanía sobre diferentes asuntos [&hellip;]
