{"version":"1.0","provider_name":"El jukebox","provider_url":"https:\/\/blogs.diariovasco.com\/eljukebox","author_name":"Alberto Moyano","author_url":"https:\/\/blogs.diariovasco.com\/eljukebox\/author\/ocioculturadiariovasco-com\/","title":"As\u00ed fue la legislatura que ahora empieza - El jukebox","type":"rich","width":600,"height":338,"html":"<blockquote class=\"wp-embedded-content\" data-secret=\"HCRsnbXQ6k\"><a href=\"https:\/\/blogs.diariovasco.com\/eljukebox\/2008\/04\/09\/asi_fue_la_legislatura_que_ahora_empieza\/\">As\u00ed fue la legislatura que ahora empieza<\/a><\/blockquote><iframe sandbox=\"allow-scripts\" security=\"restricted\" src=\"https:\/\/blogs.diariovasco.com\/eljukebox\/2008\/04\/09\/asi_fue_la_legislatura_que_ahora_empieza\/embed\/#?secret=HCRsnbXQ6k\" width=\"600\" height=\"338\" title=\"&#8220;As\u00ed fue la legislatura que ahora empieza&#8221; &#8212; El jukebox\" data-secret=\"HCRsnbXQ6k\" frameborder=\"0\" marginwidth=\"0\" marginheight=\"0\" scrolling=\"no\" class=\"wp-embedded-content\"><\/iframe><script>\n\/*! This file is auto-generated *\/\n!function(d,l){\"use strict\";l.querySelector&&d.addEventListener&&\"undefined\"!=typeof URL&&(d.wp=d.wp||{},d.wp.receiveEmbedMessage||(d.wp.receiveEmbedMessage=function(e){var t=e.data;if((t||t.secret||t.message||t.value)&&!\/[^a-zA-Z0-9]\/.test(t.secret)){for(var s,r,n,a=l.querySelectorAll('iframe[data-secret=\"'+t.secret+'\"]'),o=l.querySelectorAll('blockquote[data-secret=\"'+t.secret+'\"]'),c=new RegExp(\"^https?:$\",\"i\"),i=0;i<o.length;i++)o[i].style.display=\"none\";for(i=0;i<a.length;i++)s=a[i],e.source===s.contentWindow&&(s.removeAttribute(\"style\"),\"height\"===t.message?(1e3<(r=parseInt(t.value,10))?r=1e3:~~r<200&&(r=200),s.height=r):\"link\"===t.message&&(r=new URL(s.getAttribute(\"src\")),n=new URL(t.value),c.test(n.protocol))&&n.host===r.host&&l.activeElement===s&&(d.top.location.href=t.value))}},d.addEventListener(\"message\",d.wp.receiveEmbedMessage,!1),l.addEventListener(\"DOMContentLoaded\",function(){for(var e,t,s=l.querySelectorAll(\"iframe.wp-embedded-content\"),r=0;r<s.length;r++)(t=(e=s[r]).getAttribute(\"data-secret\"))||(t=Math.random().toString(36).substring(2,12),e.src+=\"#?secret=\"+t,e.setAttribute(\"data-secret\",t)),e.contentWindow.postMessage({message:\"ready\",secret:t},\"*\")},!1)))}(window,document);\n\/\/# sourceURL=https:\/\/blogs.diariovasco.com\/eljukebox\/wp-includes\/js\/wp-embed.min.js\n<\/script>\n","description":"Alberto Moyano 1) Agotado el programa electoral socialista, Zapatero puso todo su empe\u00f1o en demostrar id\u00e9ntica habilidad en aplicar el del PP. Firm\u00f3 los acuerdos hist\u00f3ricamente propuestos por Rajoy sobre las bases determinadas por Rajoy. L\u00f3gicamente, los ataques contra su gesti\u00f3n se redoblaron por parte de la derecha medi\u00e1tica. 2) Rajoy lider\u00f3 una segunda transici\u00f3n, [&hellip;]"}

Así fue la legislatura que ahora empieza - El jukebox

<blockquote class="wp-embedded-content" data-secret="HCRsnbXQ6k"><a href="https://blogs.diariovasco.com/eljukebox/2008/04/09/asi_fue_la_legislatura_que_ahora_empieza/">Así fue la legislatura que ahora empieza</a></blockquote><iframe sandbox="allow-scripts" security="restricted" src="https://blogs.diariovasco.com/eljukebox/2008/04/09/asi_fue_la_legislatura_que_ahora_empieza/embed/#?secret=HCRsnbXQ6k" width="600" height="338" title="&#8220;Así fue la legislatura que ahora empieza&#8221; &#8212; El jukebox" data-secret="HCRsnbXQ6k" frameborder="0" marginwidth="0" marginheight="0" scrolling="no" class="wp-embedded-content"></iframe><script>
/*! This file is auto-generated */
!function(d,l){"use strict";l.querySelector&&d.addEventListener&&"undefined"!=typeof URL&&(d.wp=d.wp||{},d.wp.receiveEmbedMessage||(d.wp.receiveEmbedMessage=function(e){var t=e.data;if((t||t.secret||t.message||t.value)&&!/[^a-zA-Z0-9]/.test(t.secret)){for(var s,r,n,a=l.querySelectorAll('iframe[data-secret="'+t.secret+'"]'),o=l.querySelectorAll('blockquote[data-secret="'+t.secret+'"]'),c=new RegExp("^https?:$","i"),i=0;i<o.length;i++)o[i].style.display="none";for(i=0;i<a.length;i++)s=a[i],e.source===s.contentWindow&&(s.removeAttribute("style"),"height"===t.message?(1e3<(r=parseInt(t.value,10))?r=1e3:~~r<200&&(r=200),s.height=r):"link"===t.message&&(r=new URL(s.getAttribute("src")),n=new URL(t.value),c.test(n.protocol))&&n.host===r.host&&l.activeElement===s&&(d.top.location.href=t.value))}},d.addEventListener("message",d.wp.receiveEmbedMessage,!1),l.addEventListener("DOMContentLoaded",function(){for(var e,t,s=l.querySelectorAll("iframe.wp-embedded-content"),r=0;r<s.length;r++)(t=(e=s[r]).getAttribute("data-secret"))||(t=Math.random().toString(36).substring(2,12),e.src+="#?secret="+t,e.setAttribute("data-secret",t)),e.contentWindow.postMessage({message:"ready",secret:t},"*")},!1)))}(window,document);
//# sourceURL=https://blogs.diariovasco.com/eljukebox/wp-includes/js/wp-embed.min.js
</script>

Alberto Moyano 1) Agotado el programa electoral socialista, Zapatero puso todo su empeño en demostrar idéntica habilidad en aplicar el del PP. Firmó los acuerdos históricamente propuestos por Rajoy sobre las bases determinadas por Rajoy. Lógicamente, los ataques contra su gestión se redoblaron por parte de la derecha mediática. 2) Rajoy lideró una segunda transición, [&hellip;]
