{"version":"1.0","provider_name":"El jukebox","provider_url":"https:\/\/blogs.diariovasco.com\/eljukebox","author_name":"Alberto Moyano","author_url":"https:\/\/blogs.diariovasco.com\/eljukebox\/author\/ocioculturadiariovasco-com\/","title":"&#039;La ciudad&#039;, de Karmelo C. Iribarren - El jukebox","type":"rich","width":600,"height":338,"html":"<blockquote class=\"wp-embedded-content\" data-secret=\"KqPpDBjjDl\"><a href=\"https:\/\/blogs.diariovasco.com\/eljukebox\/2008\/05\/26\/la_ciudad_de_karmelo_c_iribarren\/\">&#039;La ciudad&#039;, de Karmelo C. Iribarren<\/a><\/blockquote><iframe sandbox=\"allow-scripts\" security=\"restricted\" src=\"https:\/\/blogs.diariovasco.com\/eljukebox\/2008\/05\/26\/la_ciudad_de_karmelo_c_iribarren\/embed\/#?secret=KqPpDBjjDl\" width=\"600\" height=\"338\" title=\"&#8220;&#039;La ciudad&#039;, de Karmelo C. Iribarren&#8221; &#8212; El jukebox\" data-secret=\"KqPpDBjjDl\" frameborder=\"0\" marginwidth=\"0\" marginheight=\"0\" scrolling=\"no\" class=\"wp-embedded-content\"><\/iframe><script>\n\/*! This file is auto-generated *\/\n!function(d,l){\"use strict\";l.querySelector&&d.addEventListener&&\"undefined\"!=typeof URL&&(d.wp=d.wp||{},d.wp.receiveEmbedMessage||(d.wp.receiveEmbedMessage=function(e){var t=e.data;if((t||t.secret||t.message||t.value)&&!\/[^a-zA-Z0-9]\/.test(t.secret)){for(var s,r,n,a=l.querySelectorAll('iframe[data-secret=\"'+t.secret+'\"]'),o=l.querySelectorAll('blockquote[data-secret=\"'+t.secret+'\"]'),c=new RegExp(\"^https?:$\",\"i\"),i=0;i<o.length;i++)o[i].style.display=\"none\";for(i=0;i<a.length;i++)s=a[i],e.source===s.contentWindow&&(s.removeAttribute(\"style\"),\"height\"===t.message?(1e3<(r=parseInt(t.value,10))?r=1e3:~~r<200&&(r=200),s.height=r):\"link\"===t.message&&(r=new URL(s.getAttribute(\"src\")),n=new URL(t.value),c.test(n.protocol))&&n.host===r.host&&l.activeElement===s&&(d.top.location.href=t.value))}},d.addEventListener(\"message\",d.wp.receiveEmbedMessage,!1),l.addEventListener(\"DOMContentLoaded\",function(){for(var e,t,s=l.querySelectorAll(\"iframe.wp-embedded-content\"),r=0;r<s.length;r++)(t=(e=s[r]).getAttribute(\"data-secret\"))||(t=Math.random().toString(36).substring(2,12),e.src+=\"#?secret=\"+t,e.setAttribute(\"data-secret\",t)),e.contentWindow.postMessage({message:\"ready\",secret:t},\"*\")},!1)))}(window,document);\n\/\/# sourceURL=https:\/\/blogs.diariovasco.com\/eljukebox\/wp-includes\/js\/wp-embed.min.js\n<\/script>\n","description":"Alberto Moyano La \u00faltima vez que se coment\u00f3 aqu\u00ed un poemario del escritor donostiarra Karmelo C. Iribarren la charla desemboc\u00f3 en una fenomenal pol\u00e9mica que se sald\u00f3 con acusaciones de misoginia -al escritor-, amiguismo -a un servidor- y corporativismo -a buena parte de los participantes-, as\u00ed como con la baja definitiva de la \u00fanica interlocutora [&hellip;]"}

Alberto Moyano La última vez que se comentó aquí un poemario del escritor donostiarra Karmelo C. Iribarren la charla desembocó en una fenomenal polémica que se saldó con acusaciones de misoginia -al escritor-, amiguismo -a un servidor- y corporativismo -a buena parte de los participantes-, así como con la baja definitiva de la única interlocutora [&hellip;]
