{"version":"1.0","provider_name":"El jukebox","provider_url":"https:\/\/blogs.diariovasco.com\/eljukebox","author_name":"Alberto Moyano","author_url":"https:\/\/blogs.diariovasco.com\/eljukebox\/author\/ocioculturadiariovasco-com\/","title":"Bienvenidos a la UCI de bajo coste - El jukebox","type":"rich","width":600,"height":338,"html":"<blockquote class=\"wp-embedded-content\" data-secret=\"lLO1I2eoCF\"><a href=\"https:\/\/blogs.diariovasco.com\/eljukebox\/2009\/07\/15\/bienvenidos_a_la_uci_de_bajo_coste\/\">Bienvenidos a la UCI de bajo coste<\/a><\/blockquote><iframe sandbox=\"allow-scripts\" security=\"restricted\" src=\"https:\/\/blogs.diariovasco.com\/eljukebox\/2009\/07\/15\/bienvenidos_a_la_uci_de_bajo_coste\/embed\/#?secret=lLO1I2eoCF\" width=\"600\" height=\"338\" title=\"&#8220;Bienvenidos a la UCI de bajo coste&#8221; &#8212; El jukebox\" data-secret=\"lLO1I2eoCF\" frameborder=\"0\" marginwidth=\"0\" marginheight=\"0\" scrolling=\"no\" class=\"wp-embedded-content\"><\/iframe><script>\n\/*! This file is auto-generated *\/\n!function(d,l){\"use strict\";l.querySelector&&d.addEventListener&&\"undefined\"!=typeof URL&&(d.wp=d.wp||{},d.wp.receiveEmbedMessage||(d.wp.receiveEmbedMessage=function(e){var t=e.data;if((t||t.secret||t.message||t.value)&&!\/[^a-zA-Z0-9]\/.test(t.secret)){for(var s,r,n,a=l.querySelectorAll('iframe[data-secret=\"'+t.secret+'\"]'),o=l.querySelectorAll('blockquote[data-secret=\"'+t.secret+'\"]'),c=new RegExp(\"^https?:$\",\"i\"),i=0;i<o.length;i++)o[i].style.display=\"none\";for(i=0;i<a.length;i++)s=a[i],e.source===s.contentWindow&&(s.removeAttribute(\"style\"),\"height\"===t.message?(1e3<(r=parseInt(t.value,10))?r=1e3:~~r<200&&(r=200),s.height=r):\"link\"===t.message&&(r=new URL(s.getAttribute(\"src\")),n=new URL(t.value),c.test(n.protocol))&&n.host===r.host&&l.activeElement===s&&(d.top.location.href=t.value))}},d.addEventListener(\"message\",d.wp.receiveEmbedMessage,!1),l.addEventListener(\"DOMContentLoaded\",function(){for(var e,t,s=l.querySelectorAll(\"iframe.wp-embedded-content\"),r=0;r<s.length;r++)(t=(e=s[r]).getAttribute(\"data-secret\"))||(t=Math.random().toString(36).substring(2,12),e.src+=\"#?secret=\"+t,e.setAttribute(\"data-secret\",t)),e.contentWindow.postMessage({message:\"ready\",secret:t},\"*\")},!1)))}(window,document);\n\/\/# sourceURL=https:\/\/blogs.diariovasco.com\/eljukebox\/wp-includes\/js\/wp-embed.min.js\n<\/script>\n","description":"El liberalismo -\u00fanica doctrina econ\u00f3mica que, en diversos grados de pureza, se mantiene a\u00fan en pie- considera los gastos sociales un mal necesario que, si bien es imposible eliminar de momento, conviene limar. El motor de este sistema es la duda permanente sobre el coste exacto de las cosas y la zozobra que provoca la [&hellip;]"}

El liberalismo -única doctrina económica que, en diversos grados de pureza, se mantiene aún en pie- considera los gastos sociales un mal necesario que, si bien es imposible eliminar de momento, conviene limar. El motor de este sistema es la duda permanente sobre el coste exacto de las cosas y la zozobra que provoca la [&hellip;]
