{"version":"1.0","provider_name":"El jukebox","provider_url":"https:\/\/blogs.diariovasco.com\/eljukebox","author_name":"Alberto Moyano","author_url":"https:\/\/blogs.diariovasco.com\/eljukebox\/author\/ocioculturadiariovasco-com\/","title":"Bailar pegados o c\u00f3mo Revilla encontr\u00f3 a L\u00f3pez - El jukebox","type":"rich","width":600,"height":338,"html":"<blockquote class=\"wp-embedded-content\" data-secret=\"ZbBsDOrKAP\"><a href=\"https:\/\/blogs.diariovasco.com\/eljukebox\/2009\/07\/26\/bailar_pegados_o_como_revilla_encontro_a\/\">Bailar pegados o c\u00f3mo Revilla encontr\u00f3 a L\u00f3pez<\/a><\/blockquote><iframe sandbox=\"allow-scripts\" security=\"restricted\" src=\"https:\/\/blogs.diariovasco.com\/eljukebox\/2009\/07\/26\/bailar_pegados_o_como_revilla_encontro_a\/embed\/#?secret=ZbBsDOrKAP\" width=\"600\" height=\"338\" title=\"&#8220;Bailar pegados o c\u00f3mo Revilla encontr\u00f3 a L\u00f3pez&#8221; &#8212; El jukebox\" data-secret=\"ZbBsDOrKAP\" frameborder=\"0\" marginwidth=\"0\" marginheight=\"0\" scrolling=\"no\" class=\"wp-embedded-content\"><\/iframe><script>\n\/*! This file is auto-generated *\/\n!function(d,l){\"use strict\";l.querySelector&&d.addEventListener&&\"undefined\"!=typeof URL&&(d.wp=d.wp||{},d.wp.receiveEmbedMessage||(d.wp.receiveEmbedMessage=function(e){var t=e.data;if((t||t.secret||t.message||t.value)&&!\/[^a-zA-Z0-9]\/.test(t.secret)){for(var s,r,n,a=l.querySelectorAll('iframe[data-secret=\"'+t.secret+'\"]'),o=l.querySelectorAll('blockquote[data-secret=\"'+t.secret+'\"]'),c=new RegExp(\"^https?:$\",\"i\"),i=0;i<o.length;i++)o[i].style.display=\"none\";for(i=0;i<a.length;i++)s=a[i],e.source===s.contentWindow&&(s.removeAttribute(\"style\"),\"height\"===t.message?(1e3<(r=parseInt(t.value,10))?r=1e3:~~r<200&&(r=200),s.height=r):\"link\"===t.message&&(r=new URL(s.getAttribute(\"src\")),n=new URL(t.value),c.test(n.protocol))&&n.host===r.host&&l.activeElement===s&&(d.top.location.href=t.value))}},d.addEventListener(\"message\",d.wp.receiveEmbedMessage,!1),l.addEventListener(\"DOMContentLoaded\",function(){for(var e,t,s=l.querySelectorAll(\"iframe.wp-embedded-content\"),r=0;r<s.length;r++)(t=(e=s[r]).getAttribute(\"data-secret\"))||(t=Math.random().toString(36).substring(2,12),e.src+=\"#?secret=\"+t,e.setAttribute(\"data-secret\",t)),e.contentWindow.postMessage({message:\"ready\",secret:t},\"*\")},!1)))}(window,document);\n\/\/# sourceURL=https:\/\/blogs.diariovasco.com\/eljukebox\/wp-includes\/js\/wp-embed.min.js\n<\/script>\n","description":"Los encuentros que el lehendakari L\u00f3pez ha comenzado a mantener con sus hom\u00f3logos auton\u00f3micos amenazan con derivar hacia una especie de Kamasutra de los afectos bilaterales. Si hace unas semanas, su entrevista con el presidente navarro, Miguel Sanz, se saldaba con un intercambio de caricias en el terreno de la yema de los dedos y [&hellip;]"}

Bailar pegados o cómo Revilla encontró a López - El jukebox

<blockquote class="wp-embedded-content" data-secret="ZbBsDOrKAP"><a href="https://blogs.diariovasco.com/eljukebox/2009/07/26/bailar_pegados_o_como_revilla_encontro_a/">Bailar pegados o cómo Revilla encontró a López</a></blockquote><iframe sandbox="allow-scripts" security="restricted" src="https://blogs.diariovasco.com/eljukebox/2009/07/26/bailar_pegados_o_como_revilla_encontro_a/embed/#?secret=ZbBsDOrKAP" width="600" height="338" title="&#8220;Bailar pegados o cómo Revilla encontró a López&#8221; &#8212; El jukebox" data-secret="ZbBsDOrKAP" frameborder="0" marginwidth="0" marginheight="0" scrolling="no" class="wp-embedded-content"></iframe><script>
/*! This file is auto-generated */
!function(d,l){"use strict";l.querySelector&&d.addEventListener&&"undefined"!=typeof URL&&(d.wp=d.wp||{},d.wp.receiveEmbedMessage||(d.wp.receiveEmbedMessage=function(e){var t=e.data;if((t||t.secret||t.message||t.value)&&!/[^a-zA-Z0-9]/.test(t.secret)){for(var s,r,n,a=l.querySelectorAll('iframe[data-secret="'+t.secret+'"]'),o=l.querySelectorAll('blockquote[data-secret="'+t.secret+'"]'),c=new RegExp("^https?:$","i"),i=0;i<o.length;i++)o[i].style.display="none";for(i=0;i<a.length;i++)s=a[i],e.source===s.contentWindow&&(s.removeAttribute("style"),"height"===t.message?(1e3<(r=parseInt(t.value,10))?r=1e3:~~r<200&&(r=200),s.height=r):"link"===t.message&&(r=new URL(s.getAttribute("src")),n=new URL(t.value),c.test(n.protocol))&&n.host===r.host&&l.activeElement===s&&(d.top.location.href=t.value))}},d.addEventListener("message",d.wp.receiveEmbedMessage,!1),l.addEventListener("DOMContentLoaded",function(){for(var e,t,s=l.querySelectorAll("iframe.wp-embedded-content"),r=0;r<s.length;r++)(t=(e=s[r]).getAttribute("data-secret"))||(t=Math.random().toString(36).substring(2,12),e.src+="#?secret="+t,e.setAttribute("data-secret",t)),e.contentWindow.postMessage({message:"ready",secret:t},"*")},!1)))}(window,document);
//# sourceURL=https://blogs.diariovasco.com/eljukebox/wp-includes/js/wp-embed.min.js
</script>

Los encuentros que el lehendakari López ha comenzado a mantener con sus homólogos autonómicos amenazan con derivar hacia una especie de Kamasutra de los afectos bilaterales. Si hace unas semanas, su entrevista con el presidente navarro, Miguel Sanz, se saldaba con un intercambio de caricias en el terreno de la yema de los dedos y [&hellip;]
