{"version":"1.0","provider_name":"El jukebox","provider_url":"https:\/\/blogs.diariovasco.com\/eljukebox","author_name":"Alberto Moyano","author_url":"https:\/\/blogs.diariovasco.com\/eljukebox\/author\/ocioculturadiariovasco-com\/","title":"Semana Grande: un cuento de verano - El jukebox","type":"rich","width":600,"height":338,"html":"<blockquote class=\"wp-embedded-content\" data-secret=\"Mdyv0iE6e9\"><a href=\"https:\/\/blogs.diariovasco.com\/eljukebox\/2009\/08\/10\/semana_grande_un_cuento_de_verano\/\">Semana Grande: un cuento de verano<\/a><\/blockquote><iframe sandbox=\"allow-scripts\" security=\"restricted\" src=\"https:\/\/blogs.diariovasco.com\/eljukebox\/2009\/08\/10\/semana_grande_un_cuento_de_verano\/embed\/#?secret=Mdyv0iE6e9\" width=\"600\" height=\"338\" title=\"&#8220;Semana Grande: un cuento de verano&#8221; &#8212; El jukebox\" data-secret=\"Mdyv0iE6e9\" frameborder=\"0\" marginwidth=\"0\" marginheight=\"0\" scrolling=\"no\" class=\"wp-embedded-content\"><\/iframe><script>\n\/*! This file is auto-generated *\/\n!function(d,l){\"use strict\";l.querySelector&&d.addEventListener&&\"undefined\"!=typeof URL&&(d.wp=d.wp||{},d.wp.receiveEmbedMessage||(d.wp.receiveEmbedMessage=function(e){var t=e.data;if((t||t.secret||t.message||t.value)&&!\/[^a-zA-Z0-9]\/.test(t.secret)){for(var s,r,n,a=l.querySelectorAll('iframe[data-secret=\"'+t.secret+'\"]'),o=l.querySelectorAll('blockquote[data-secret=\"'+t.secret+'\"]'),c=new RegExp(\"^https?:$\",\"i\"),i=0;i<o.length;i++)o[i].style.display=\"none\";for(i=0;i<a.length;i++)s=a[i],e.source===s.contentWindow&&(s.removeAttribute(\"style\"),\"height\"===t.message?(1e3<(r=parseInt(t.value,10))?r=1e3:~~r<200&&(r=200),s.height=r):\"link\"===t.message&&(r=new URL(s.getAttribute(\"src\")),n=new URL(t.value),c.test(n.protocol))&&n.host===r.host&&l.activeElement===s&&(d.top.location.href=t.value))}},d.addEventListener(\"message\",d.wp.receiveEmbedMessage,!1),l.addEventListener(\"DOMContentLoaded\",function(){for(var e,t,s=l.querySelectorAll(\"iframe.wp-embedded-content\"),r=0;r<s.length;r++)(t=(e=s[r]).getAttribute(\"data-secret\"))||(t=Math.random().toString(36).substring(2,12),e.src+=\"#?secret=\"+t,e.setAttribute(\"data-secret\",t)),e.contentWindow.postMessage({message:\"ready\",secret:t},\"*\")},!1)))}(window,document);\n\/\/# sourceURL=https:\/\/blogs.diariovasco.com\/eljukebox\/wp-includes\/js\/wp-embed.min.js\n<\/script>\n","description":"&#8220;El hecho de que un frente de lluvias barriera San Sebasti\u00e1n durante el inicio de aquella Semana Grande de 2009 no anunciaba nada bueno, pero nadie imagin\u00f3 que una serie de incidentes convertir\u00eda esa contingencia en una mera an\u00e9cdota sin importancia. A\u00fan hoy, quienes vivieron aquellos d\u00edas se preguntan qu\u00e9 pas\u00f3 realmente, aunque las autoridades [&hellip;]"}

&#8220;El hecho de que un frente de lluvias barriera San Sebastián durante el inicio de aquella Semana Grande de 2009 no anunciaba nada bueno, pero nadie imaginó que una serie de incidentes convertiría esa contingencia en una mera anécdota sin importancia. Aún hoy, quienes vivieron aquellos días se preguntan qué pasó realmente, aunque las autoridades [&hellip;]
