{"version":"1.0","provider_name":"El jukebox","provider_url":"https:\/\/blogs.diariovasco.com\/eljukebox","author_name":"Alberto Moyano","author_url":"https:\/\/blogs.diariovasco.com\/eljukebox\/author\/ocioculturadiariovasco-com\/","title":"Empotrados en el Zinemaldia (XI): la protesta - El jukebox","type":"rich","width":600,"height":338,"html":"<blockquote class=\"wp-embedded-content\" data-secret=\"AONnnNZ9Q5\"><a href=\"https:\/\/blogs.diariovasco.com\/eljukebox\/2009\/09\/25\/empotrados_en_el_zinemaldia_xi_la_protes\/\">Empotrados en el Zinemaldia (XI): la protesta<\/a><\/blockquote><iframe sandbox=\"allow-scripts\" security=\"restricted\" src=\"https:\/\/blogs.diariovasco.com\/eljukebox\/2009\/09\/25\/empotrados_en_el_zinemaldia_xi_la_protes\/embed\/#?secret=AONnnNZ9Q5\" width=\"600\" height=\"338\" title=\"&#8220;Empotrados en el Zinemaldia (XI): la protesta&#8221; &#8212; El jukebox\" data-secret=\"AONnnNZ9Q5\" frameborder=\"0\" marginwidth=\"0\" marginheight=\"0\" scrolling=\"no\" class=\"wp-embedded-content\"><\/iframe><script>\n\/*! This file is auto-generated *\/\n!function(d,l){\"use strict\";l.querySelector&&d.addEventListener&&\"undefined\"!=typeof URL&&(d.wp=d.wp||{},d.wp.receiveEmbedMessage||(d.wp.receiveEmbedMessage=function(e){var t=e.data;if((t||t.secret||t.message||t.value)&&!\/[^a-zA-Z0-9]\/.test(t.secret)){for(var s,r,n,a=l.querySelectorAll('iframe[data-secret=\"'+t.secret+'\"]'),o=l.querySelectorAll('blockquote[data-secret=\"'+t.secret+'\"]'),c=new RegExp(\"^https?:$\",\"i\"),i=0;i<o.length;i++)o[i].style.display=\"none\";for(i=0;i<a.length;i++)s=a[i],e.source===s.contentWindow&&(s.removeAttribute(\"style\"),\"height\"===t.message?(1e3<(r=parseInt(t.value,10))?r=1e3:~~r<200&&(r=200),s.height=r):\"link\"===t.message&&(r=new URL(s.getAttribute(\"src\")),n=new URL(t.value),c.test(n.protocol))&&n.host===r.host&&l.activeElement===s&&(d.top.location.href=t.value))}},d.addEventListener(\"message\",d.wp.receiveEmbedMessage,!1),l.addEventListener(\"DOMContentLoaded\",function(){for(var e,t,s=l.querySelectorAll(\"iframe.wp-embedded-content\"),r=0;r<s.length;r++)(t=(e=s[r]).getAttribute(\"data-secret\"))||(t=Math.random().toString(36).substring(2,12),e.src+=\"#?secret=\"+t,e.setAttribute(\"data-secret\",t)),e.contentWindow.postMessage({message:\"ready\",secret:t},\"*\")},!1)))}(window,document);\n\/\/# sourceURL=https:\/\/blogs.diariovasco.com\/eljukebox\/wp-includes\/js\/wp-embed.min.js\n<\/script>\n","description":"1) La comunidad festivalera iran\u00ed, junto con el jurado de la Secci\u00f3n Oficial y el director del Zinemaldia, se concentr\u00f3 ayer de verde frente al Kursaal para protestar contra la pol\u00edtica del presidente de la rep\u00fablica isl\u00e1mica, Mahmud Ahmadineyad, un hombre que si ha cometido fraude electoral, ha sido exclusivamente&nbsp;cumpliendo las \u00f3rdenes&nbsp;que Al\u00e1 le transmiti\u00f3 [&hellip;]"}

1) La comunidad festivalera iraní, junto con el jurado de la Sección Oficial y el director del Zinemaldia, se concentró ayer de verde frente al Kursaal para protestar contra la política del presidente de la república islámica, Mahmud Ahmadineyad, un hombre que si ha cometido fraude electoral, ha sido exclusivamente&nbsp;cumpliendo las órdenes&nbsp;que Alá le transmitió [&hellip;]
