{"version":"1.0","provider_name":"El jukebox","provider_url":"https:\/\/blogs.diariovasco.com\/eljukebox","author_name":"Alberto Moyano","author_url":"https:\/\/blogs.diariovasco.com\/eljukebox\/author\/ocioculturadiariovasco-com\/","title":"Ruta 67 - El jukebox","type":"rich","width":600,"height":338,"html":"<blockquote class=\"wp-embedded-content\" data-secret=\"enLPAOxsd6\"><a href=\"https:\/\/blogs.diariovasco.com\/eljukebox\/2010\/01\/29\/ruta_67\/\">Ruta 67<\/a><\/blockquote><iframe sandbox=\"allow-scripts\" security=\"restricted\" src=\"https:\/\/blogs.diariovasco.com\/eljukebox\/2010\/01\/29\/ruta_67\/embed\/#?secret=enLPAOxsd6\" width=\"600\" height=\"338\" title=\"&#8220;Ruta 67&#8221; &#8212; El jukebox\" data-secret=\"enLPAOxsd6\" frameborder=\"0\" marginwidth=\"0\" marginheight=\"0\" scrolling=\"no\" class=\"wp-embedded-content\"><\/iframe><script>\n\/*! This file is auto-generated *\/\n!function(d,l){\"use strict\";l.querySelector&&d.addEventListener&&\"undefined\"!=typeof URL&&(d.wp=d.wp||{},d.wp.receiveEmbedMessage||(d.wp.receiveEmbedMessage=function(e){var t=e.data;if((t||t.secret||t.message||t.value)&&!\/[^a-zA-Z0-9]\/.test(t.secret)){for(var s,r,n,a=l.querySelectorAll('iframe[data-secret=\"'+t.secret+'\"]'),o=l.querySelectorAll('blockquote[data-secret=\"'+t.secret+'\"]'),c=new RegExp(\"^https?:$\",\"i\"),i=0;i<o.length;i++)o[i].style.display=\"none\";for(i=0;i<a.length;i++)s=a[i],e.source===s.contentWindow&&(s.removeAttribute(\"style\"),\"height\"===t.message?(1e3<(r=parseInt(t.value,10))?r=1e3:~~r<200&&(r=200),s.height=r):\"link\"===t.message&&(r=new URL(s.getAttribute(\"src\")),n=new URL(t.value),c.test(n.protocol))&&n.host===r.host&&l.activeElement===s&&(d.top.location.href=t.value))}},d.addEventListener(\"message\",d.wp.receiveEmbedMessage,!1),l.addEventListener(\"DOMContentLoaded\",function(){for(var e,t,s=l.querySelectorAll(\"iframe.wp-embedded-content\"),r=0;r<s.length;r++)(t=(e=s[r]).getAttribute(\"data-secret\"))||(t=Math.random().toString(36).substring(2,12),e.src+=\"#?secret=\"+t,e.setAttribute(\"data-secret\",t)),e.contentWindow.postMessage({message:\"ready\",secret:t},\"*\")},!1)))}(window,document);\n\/\/# sourceURL=https:\/\/blogs.diariovasco.com\/eljukebox\/wp-includes\/js\/wp-embed.min.js\n<\/script>\n","description":"Llegados finales de enero y una vez descartada la hip\u00f3tesis de&nbsp;que la gripe A acometiera una profunda&nbsp;sesi\u00f3n de reforma e interiorismo en la pir\u00e1mide demogr\u00e1fica, el Gobierno no ha tenido m\u00e1s remedio que anunciar que la edad de jubilaci\u00f3n se retrasar\u00e1 hasta los 67 a\u00f1os. Se ve\u00eda venir desde hace al menos un par de [&hellip;]"}

Llegados finales de enero y una vez descartada la hipótesis de&nbsp;que la gripe A acometiera una profunda&nbsp;sesión de reforma e interiorismo en la pirámide demográfica, el Gobierno no ha tenido más remedio que anunciar que la edad de jubilación se retrasará hasta los 67 años. Se veía venir desde hace al menos un par de [&hellip;]
