{"version":"1.0","provider_name":"El jukebox","provider_url":"https:\/\/blogs.diariovasco.com\/eljukebox","author_name":"Alberto Moyano","author_url":"https:\/\/blogs.diariovasco.com\/eljukebox\/author\/ocioculturadiariovasco-com\/","title":"La cultura no sirve para eso - El jukebox","type":"rich","width":600,"height":338,"html":"<blockquote class=\"wp-embedded-content\" data-secret=\"PDBfbubZPp\"><a href=\"https:\/\/blogs.diariovasco.com\/eljukebox\/2010\/03\/11\/la_cultura_no_sirve_para_eso\/\">La cultura no sirve para eso<\/a><\/blockquote><iframe sandbox=\"allow-scripts\" security=\"restricted\" src=\"https:\/\/blogs.diariovasco.com\/eljukebox\/2010\/03\/11\/la_cultura_no_sirve_para_eso\/embed\/#?secret=PDBfbubZPp\" width=\"600\" height=\"338\" title=\"&#8220;La cultura no sirve para eso&#8221; &#8212; El jukebox\" data-secret=\"PDBfbubZPp\" frameborder=\"0\" marginwidth=\"0\" marginheight=\"0\" scrolling=\"no\" class=\"wp-embedded-content\"><\/iframe><script>\n\/*! This file is auto-generated *\/\n!function(d,l){\"use strict\";l.querySelector&&d.addEventListener&&\"undefined\"!=typeof URL&&(d.wp=d.wp||{},d.wp.receiveEmbedMessage||(d.wp.receiveEmbedMessage=function(e){var t=e.data;if((t||t.secret||t.message||t.value)&&!\/[^a-zA-Z0-9]\/.test(t.secret)){for(var s,r,n,a=l.querySelectorAll('iframe[data-secret=\"'+t.secret+'\"]'),o=l.querySelectorAll('blockquote[data-secret=\"'+t.secret+'\"]'),c=new RegExp(\"^https?:$\",\"i\"),i=0;i<o.length;i++)o[i].style.display=\"none\";for(i=0;i<a.length;i++)s=a[i],e.source===s.contentWindow&&(s.removeAttribute(\"style\"),\"height\"===t.message?(1e3<(r=parseInt(t.value,10))?r=1e3:~~r<200&&(r=200),s.height=r):\"link\"===t.message&&(r=new URL(s.getAttribute(\"src\")),n=new URL(t.value),c.test(n.protocol))&&n.host===r.host&&l.activeElement===s&&(d.top.location.href=t.value))}},d.addEventListener(\"message\",d.wp.receiveEmbedMessage,!1),l.addEventListener(\"DOMContentLoaded\",function(){for(var e,t,s=l.querySelectorAll(\"iframe.wp-embedded-content\"),r=0;r<s.length;r++)(t=(e=s[r]).getAttribute(\"data-secret\"))||(t=Math.random().toString(36).substring(2,12),e.src+=\"#?secret=\"+t,e.setAttribute(\"data-secret\",t)),e.contentWindow.postMessage({message:\"ready\",secret:t},\"*\")},!1)))}(window,document);\n\/\/# sourceURL=https:\/\/blogs.diariovasco.com\/eljukebox\/wp-includes\/js\/wp-embed.min.js\n<\/script>\n","description":"Precisamente el d\u00eda de San Sebasti\u00e1n de 1942, un grupo de hombres se reuni\u00f3 en Wansee y decidi\u00f3 exterminar a los judios europeos mediante m\u00e9todos industriales. La mitad de esos hombres eran brutos sin cultivar, pero la otra mitad eran refinad\u00edsimos licenciados universitarios que sollozaban con la m\u00fasica de Wagner. Sin embargo, al hilo de [&hellip;]"}

Precisamente el día de San Sebastián de 1942, un grupo de hombres se reunió en Wansee y decidió exterminar a los judios europeos mediante métodos industriales. La mitad de esos hombres eran brutos sin cultivar, pero la otra mitad eran refinadísimos licenciados universitarios que sollozaban con la música de Wagner. Sin embargo, al hilo de [&hellip;]
