{"version":"1.0","provider_name":"El jukebox","provider_url":"https:\/\/blogs.diariovasco.com\/eljukebox","author_name":"Alberto Moyano","author_url":"https:\/\/blogs.diariovasco.com\/eljukebox\/author\/amoyano_1462406400\/","title":"San Ignacio Politono - El jukebox","type":"rich","width":600,"height":338,"html":"<blockquote class=\"wp-embedded-content\" data-secret=\"Cur3Qyw1un\"><a href=\"https:\/\/blogs.diariovasco.com\/eljukebox\/2012\/07\/31\/san-ignacio-politono\/\">San Ignacio Politono<\/a><\/blockquote><iframe sandbox=\"allow-scripts\" security=\"restricted\" src=\"https:\/\/blogs.diariovasco.com\/eljukebox\/2012\/07\/31\/san-ignacio-politono\/embed\/#?secret=Cur3Qyw1un\" width=\"600\" height=\"338\" title=\"&#8220;San Ignacio Politono&#8221; &#8212; El jukebox\" data-secret=\"Cur3Qyw1un\" frameborder=\"0\" marginwidth=\"0\" marginheight=\"0\" scrolling=\"no\" class=\"wp-embedded-content\"><\/iframe><script>\n\/*! This file is auto-generated *\/\n!function(d,l){\"use strict\";l.querySelector&&d.addEventListener&&\"undefined\"!=typeof URL&&(d.wp=d.wp||{},d.wp.receiveEmbedMessage||(d.wp.receiveEmbedMessage=function(e){var t=e.data;if((t||t.secret||t.message||t.value)&&!\/[^a-zA-Z0-9]\/.test(t.secret)){for(var s,r,n,a=l.querySelectorAll('iframe[data-secret=\"'+t.secret+'\"]'),o=l.querySelectorAll('blockquote[data-secret=\"'+t.secret+'\"]'),c=new RegExp(\"^https?:$\",\"i\"),i=0;i<o.length;i++)o[i].style.display=\"none\";for(i=0;i<a.length;i++)s=a[i],e.source===s.contentWindow&&(s.removeAttribute(\"style\"),\"height\"===t.message?(1e3<(r=parseInt(t.value,10))?r=1e3:~~r<200&&(r=200),s.height=r):\"link\"===t.message&&(r=new URL(s.getAttribute(\"src\")),n=new URL(t.value),c.test(n.protocol))&&n.host===r.host&&l.activeElement===s&&(d.top.location.href=t.value))}},d.addEventListener(\"message\",d.wp.receiveEmbedMessage,!1),l.addEventListener(\"DOMContentLoaded\",function(){for(var e,t,s=l.querySelectorAll(\"iframe.wp-embedded-content\"),r=0;r<s.length;r++)(t=(e=s[r]).getAttribute(\"data-secret\"))||(t=Math.random().toString(36).substring(2,12),e.src+=\"#?secret=\"+t,e.setAttribute(\"data-secret\",t)),e.contentWindow.postMessage({message:\"ready\",secret:t},\"*\")},!1)))}(window,document);\n\/\/# sourceURL=https:\/\/blogs.diariovasco.com\/eljukebox\/wp-includes\/js\/wp-embed.min.js\n<\/script>\n","description":"La vida es un cuento relatado por un comentarista deportivo de Telecinco lleno de ruido y de furia.\u00a0 Hay d\u00edas en los que ninguna conversaci\u00f3n alcanza\u00a0 la categor\u00eda de una buena charla de ascensor, todas las canciones parecen extra\u00eddas de un musical de Nacho Cano con arreglos de Jos\u00e9 Luis Cobos y es como si [&hellip;]"}

La vida es un cuento relatado por un comentarista deportivo de Telecinco lleno de ruido y de furia.  Hay días en los que ninguna conversación alcanza  la categoría de una buena charla de ascensor, todas las canciones parecen extraídas de un musical de Nacho Cano con arreglos de José Luis Cobos y es como si [&hellip;]
