{"version":"1.0","provider_name":"El jukebox","provider_url":"https:\/\/blogs.diariovasco.com\/eljukebox","author_name":"Alberto Moyano","author_url":"https:\/\/blogs.diariovasco.com\/eljukebox\/author\/amoyano_1462406400\/","title":"Forzando indecisos: hoy, I\u00f1igo Urkullu - El jukebox","type":"rich","width":600,"height":338,"html":"<blockquote class=\"wp-embedded-content\" data-secret=\"zwZT0SVjbG\"><a href=\"https:\/\/blogs.diariovasco.com\/eljukebox\/2012\/12\/13\/forzando-indecisos-hoy-inigo-urkullu\/\">Forzando indecisos: hoy, I\u00f1igo Urkullu<\/a><\/blockquote><iframe sandbox=\"allow-scripts\" security=\"restricted\" src=\"https:\/\/blogs.diariovasco.com\/eljukebox\/2012\/12\/13\/forzando-indecisos-hoy-inigo-urkullu\/embed\/#?secret=zwZT0SVjbG\" width=\"600\" height=\"338\" title=\"&#8220;Forzando indecisos: hoy, I\u00f1igo Urkullu&#8221; &#8212; El jukebox\" data-secret=\"zwZT0SVjbG\" frameborder=\"0\" marginwidth=\"0\" marginheight=\"0\" scrolling=\"no\" class=\"wp-embedded-content\"><\/iframe><script>\n\/*! This file is auto-generated *\/\n!function(d,l){\"use strict\";l.querySelector&&d.addEventListener&&\"undefined\"!=typeof URL&&(d.wp=d.wp||{},d.wp.receiveEmbedMessage||(d.wp.receiveEmbedMessage=function(e){var t=e.data;if((t||t.secret||t.message||t.value)&&!\/[^a-zA-Z0-9]\/.test(t.secret)){for(var s,r,n,a=l.querySelectorAll('iframe[data-secret=\"'+t.secret+'\"]'),o=l.querySelectorAll('blockquote[data-secret=\"'+t.secret+'\"]'),c=new RegExp(\"^https?:$\",\"i\"),i=0;i<o.length;i++)o[i].style.display=\"none\";for(i=0;i<a.length;i++)s=a[i],e.source===s.contentWindow&&(s.removeAttribute(\"style\"),\"height\"===t.message?(1e3<(r=parseInt(t.value,10))?r=1e3:~~r<200&&(r=200),s.height=r):\"link\"===t.message&&(r=new URL(s.getAttribute(\"src\")),n=new URL(t.value),c.test(n.protocol))&&n.host===r.host&&l.activeElement===s&&(d.top.location.href=t.value))}},d.addEventListener(\"message\",d.wp.receiveEmbedMessage,!1),l.addEventListener(\"DOMContentLoaded\",function(){for(var e,t,s=l.querySelectorAll(\"iframe.wp-embedded-content\"),r=0;r<s.length;r++)(t=(e=s[r]).getAttribute(\"data-secret\"))||(t=Math.random().toString(36).substring(2,12),e.src+=\"#?secret=\"+t,e.setAttribute(\"data-secret\",t)),e.contentWindow.postMessage({message:\"ready\",secret:t},\"*\")},!1)))}(window,document);\n\/\/# sourceURL=https:\/\/blogs.diariovasco.com\/eljukebox\/wp-includes\/js\/wp-embed.min.js\n<\/script>\n","description":"Consciente de la trascendencia hist\u00f3rica del momento, intent\u00e9 vibrar con el discurso de I\u00f1igo Urkullu pero todo lo que consegu\u00ed fue averiguar c\u00f3mo se sienten los jugadores de la Real cuando les anima la grada desde el otro lado de las pistas de atletismo. Los partidos de la oposici\u00f3n hicieron hincapi\u00e9 en lo inconcreto de [&hellip;]"}

Forzando indecisos: hoy, Iñigo Urkullu - El jukebox

<blockquote class="wp-embedded-content" data-secret="zwZT0SVjbG"><a href="https://blogs.diariovasco.com/eljukebox/2012/12/13/forzando-indecisos-hoy-inigo-urkullu/">Forzando indecisos: hoy, Iñigo Urkullu</a></blockquote><iframe sandbox="allow-scripts" security="restricted" src="https://blogs.diariovasco.com/eljukebox/2012/12/13/forzando-indecisos-hoy-inigo-urkullu/embed/#?secret=zwZT0SVjbG" width="600" height="338" title="&#8220;Forzando indecisos: hoy, Iñigo Urkullu&#8221; &#8212; El jukebox" data-secret="zwZT0SVjbG" frameborder="0" marginwidth="0" marginheight="0" scrolling="no" class="wp-embedded-content"></iframe><script>
/*! This file is auto-generated */
!function(d,l){"use strict";l.querySelector&&d.addEventListener&&"undefined"!=typeof URL&&(d.wp=d.wp||{},d.wp.receiveEmbedMessage||(d.wp.receiveEmbedMessage=function(e){var t=e.data;if((t||t.secret||t.message||t.value)&&!/[^a-zA-Z0-9]/.test(t.secret)){for(var s,r,n,a=l.querySelectorAll('iframe[data-secret="'+t.secret+'"]'),o=l.querySelectorAll('blockquote[data-secret="'+t.secret+'"]'),c=new RegExp("^https?:$","i"),i=0;i<o.length;i++)o[i].style.display="none";for(i=0;i<a.length;i++)s=a[i],e.source===s.contentWindow&&(s.removeAttribute("style"),"height"===t.message?(1e3<(r=parseInt(t.value,10))?r=1e3:~~r<200&&(r=200),s.height=r):"link"===t.message&&(r=new URL(s.getAttribute("src")),n=new URL(t.value),c.test(n.protocol))&&n.host===r.host&&l.activeElement===s&&(d.top.location.href=t.value))}},d.addEventListener("message",d.wp.receiveEmbedMessage,!1),l.addEventListener("DOMContentLoaded",function(){for(var e,t,s=l.querySelectorAll("iframe.wp-embedded-content"),r=0;r<s.length;r++)(t=(e=s[r]).getAttribute("data-secret"))||(t=Math.random().toString(36).substring(2,12),e.src+="#?secret="+t,e.setAttribute("data-secret",t)),e.contentWindow.postMessage({message:"ready",secret:t},"*")},!1)))}(window,document);
//# sourceURL=https://blogs.diariovasco.com/eljukebox/wp-includes/js/wp-embed.min.js
</script>

Consciente de la trascendencia histórica del momento, intenté vibrar con el discurso de Iñigo Urkullu pero todo lo que conseguí fue averiguar cómo se sienten los jugadores de la Real cuando les anima la grada desde el otro lado de las pistas de atletismo. Los partidos de la oposición hicieron hincapié en lo inconcreto de [&hellip;]
