{"version":"1.0","provider_name":"El jukebox","provider_url":"https:\/\/blogs.diariovasco.com\/eljukebox","author_name":"Alberto Moyano","author_url":"https:\/\/blogs.diariovasco.com\/eljukebox\/author\/amoyano_1462406400\/","title":"Mi s\u00edndrome de tus postvacaciones - El jukebox","type":"rich","width":600,"height":338,"html":"<blockquote class=\"wp-embedded-content\" data-secret=\"7qm3Jwskxq\"><a href=\"https:\/\/blogs.diariovasco.com\/eljukebox\/2013\/09\/02\/mi-sindrome-de-tus-postvacaciones\/\">Mi s\u00edndrome de tus postvacaciones<\/a><\/blockquote><iframe sandbox=\"allow-scripts\" security=\"restricted\" src=\"https:\/\/blogs.diariovasco.com\/eljukebox\/2013\/09\/02\/mi-sindrome-de-tus-postvacaciones\/embed\/#?secret=7qm3Jwskxq\" width=\"600\" height=\"338\" title=\"&#8220;Mi s\u00edndrome de tus postvacaciones&#8221; &#8212; El jukebox\" data-secret=\"7qm3Jwskxq\" frameborder=\"0\" marginwidth=\"0\" marginheight=\"0\" scrolling=\"no\" class=\"wp-embedded-content\"><\/iframe><script>\n\/*! This file is auto-generated *\/\n!function(d,l){\"use strict\";l.querySelector&&d.addEventListener&&\"undefined\"!=typeof URL&&(d.wp=d.wp||{},d.wp.receiveEmbedMessage||(d.wp.receiveEmbedMessage=function(e){var t=e.data;if((t||t.secret||t.message||t.value)&&!\/[^a-zA-Z0-9]\/.test(t.secret)){for(var s,r,n,a=l.querySelectorAll('iframe[data-secret=\"'+t.secret+'\"]'),o=l.querySelectorAll('blockquote[data-secret=\"'+t.secret+'\"]'),c=new RegExp(\"^https?:$\",\"i\"),i=0;i<o.length;i++)o[i].style.display=\"none\";for(i=0;i<a.length;i++)s=a[i],e.source===s.contentWindow&&(s.removeAttribute(\"style\"),\"height\"===t.message?(1e3<(r=parseInt(t.value,10))?r=1e3:~~r<200&&(r=200),s.height=r):\"link\"===t.message&&(r=new URL(s.getAttribute(\"src\")),n=new URL(t.value),c.test(n.protocol))&&n.host===r.host&&l.activeElement===s&&(d.top.location.href=t.value))}},d.addEventListener(\"message\",d.wp.receiveEmbedMessage,!1),l.addEventListener(\"DOMContentLoaded\",function(){for(var e,t,s=l.querySelectorAll(\"iframe.wp-embedded-content\"),r=0;r<s.length;r++)(t=(e=s[r]).getAttribute(\"data-secret\"))||(t=Math.random().toString(36).substring(2,12),e.src+=\"#?secret=\"+t,e.setAttribute(\"data-secret\",t)),e.contentWindow.postMessage({message:\"ready\",secret:t},\"*\")},!1)))}(window,document);\n\/\/# sourceURL=https:\/\/blogs.diariovasco.com\/eljukebox\/wp-includes\/js\/wp-embed.min.js\n<\/script>\n","description":"El s\u00edndrome postvacacional est\u00e1 considerado una falsa enfermedad fruto de la psiquiatrizaci\u00f3n de la sociedad, pero tan s\u00f3lo porque est\u00e1 mal formulado en sus t\u00e9rminos. La patolog\u00eda no la padece quien regresa de vacaciones, sino quien lleva todo el verano trabajando y con mirada bovina contempla la operaci\u00f3n retorno. Nunca el cartel de &#8216;Don&#8217;t disturb&#8217; [&hellip;]"}

Mi síndrome de tus postvacaciones - El jukebox

<blockquote class="wp-embedded-content" data-secret="7qm3Jwskxq"><a href="https://blogs.diariovasco.com/eljukebox/2013/09/02/mi-sindrome-de-tus-postvacaciones/">Mi síndrome de tus postvacaciones</a></blockquote><iframe sandbox="allow-scripts" security="restricted" src="https://blogs.diariovasco.com/eljukebox/2013/09/02/mi-sindrome-de-tus-postvacaciones/embed/#?secret=7qm3Jwskxq" width="600" height="338" title="&#8220;Mi síndrome de tus postvacaciones&#8221; &#8212; El jukebox" data-secret="7qm3Jwskxq" frameborder="0" marginwidth="0" marginheight="0" scrolling="no" class="wp-embedded-content"></iframe><script>
/*! This file is auto-generated */
!function(d,l){"use strict";l.querySelector&&d.addEventListener&&"undefined"!=typeof URL&&(d.wp=d.wp||{},d.wp.receiveEmbedMessage||(d.wp.receiveEmbedMessage=function(e){var t=e.data;if((t||t.secret||t.message||t.value)&&!/[^a-zA-Z0-9]/.test(t.secret)){for(var s,r,n,a=l.querySelectorAll('iframe[data-secret="'+t.secret+'"]'),o=l.querySelectorAll('blockquote[data-secret="'+t.secret+'"]'),c=new RegExp("^https?:$","i"),i=0;i<o.length;i++)o[i].style.display="none";for(i=0;i<a.length;i++)s=a[i],e.source===s.contentWindow&&(s.removeAttribute("style"),"height"===t.message?(1e3<(r=parseInt(t.value,10))?r=1e3:~~r<200&&(r=200),s.height=r):"link"===t.message&&(r=new URL(s.getAttribute("src")),n=new URL(t.value),c.test(n.protocol))&&n.host===r.host&&l.activeElement===s&&(d.top.location.href=t.value))}},d.addEventListener("message",d.wp.receiveEmbedMessage,!1),l.addEventListener("DOMContentLoaded",function(){for(var e,t,s=l.querySelectorAll("iframe.wp-embedded-content"),r=0;r<s.length;r++)(t=(e=s[r]).getAttribute("data-secret"))||(t=Math.random().toString(36).substring(2,12),e.src+="#?secret="+t,e.setAttribute("data-secret",t)),e.contentWindow.postMessage({message:"ready",secret:t},"*")},!1)))}(window,document);
//# sourceURL=https://blogs.diariovasco.com/eljukebox/wp-includes/js/wp-embed.min.js
</script>

El síndrome postvacacional está considerado una falsa enfermedad fruto de la psiquiatrización de la sociedad, pero tan sólo porque está mal formulado en sus términos. La patología no la padece quien regresa de vacaciones, sino quien lleva todo el verano trabajando y con mirada bovina contempla la operación retorno. Nunca el cartel de &#8216;Don&#8217;t disturb&#8217; [&hellip;]
